{"id":9,"date":"2021-04-16T12:14:07","date_gmt":"2021-04-16T15:14:07","guid":{"rendered":"https:\/\/wp.ufpel.edu.br\/privacidade\/?page_id=9"},"modified":"2021-08-18T09:05:20","modified_gmt":"2021-08-18T12:05:20","slug":"contato-do-encarregado","status":"publish","type":"page","link":"https:\/\/wp.ufpel.edu.br\/privacidade\/contato-do-encarregado\/","title":{"rendered":"Contato do Encarregado"},"content":{"rendered":"<p>A Universidade Federal de Pelotas designou o servidor <strong>MARCO AUR\u00c9LIO ROMEU FERNANDES\u00a0<\/strong>como <strong>Encarregado pelo Tratamento de Dados Pessoais<\/strong> atrav\u00e9s da <a href=\"https:\/\/sei.ufpel.edu.br\/sei\/publicacoes\/controlador_publicacoes.php?acao=publicacao_visualizar&amp;id_documento=1406174&amp;id_orgao_publicacao=0\">PORTARIA N\u00ba 430, DE 17 DE MAR\u00c7O DE 2021<\/a>.<\/p>\n<p>A LGPD prev\u00ea que todas as institui\u00e7\u00f5es tenham um Encarregado, cujas atribui\u00e7\u00f5es s\u00e3o mencionadas no par\u00e1grafo 2\u00ba do artigo 41 da <a href=\"http:\/\/www.planalto.gov.br\/ccivil_03\/_ato2015-2018\/2018\/lei\/L13709compilado.htm\">Lei n.\u00ba 13.709\/2018.<\/a><\/p>\n<p>O contato com o Encarregado poder\u00e1 ser realizado por meio do e-mail <a href=\"mailto:encarregado.lgpd@ufpel.edu.br\">encarregado.lgpd@ufpel.edu.br<\/a>.<\/p>\n","protected":false},"excerpt":{"rendered":"<p>A Universidade Federal de Pelotas designou o servidor MARCO AUR\u00c9LIO ROMEU FERNANDES\u00a0como Encarregado pelo Tratamento de Dados Pessoais atrav\u00e9s da PORTARIA N\u00ba 430, DE 17 DE MAR\u00c7O DE 2021. A LGPD prev\u00ea que todas as institui\u00e7\u00f5es tenham um Encarregado, cujas atribui\u00e7\u00f5es s\u00e3o mencionadas no par\u00e1grafo 2\u00ba do artigo 41 da Lei n.\u00ba 13.709\/2018. O contato [&hellip;]<\/p>\n","protected":false},"author":1132,"featured_media":0,"parent":0,"menu_order":0,"comment_status":"closed","ping_status":"closed","template":"","meta":{"footnotes":""},"class_list":["post-9","page","type-page","status-publish","hentry"],"_links":{"self":[{"href":"https:\/\/wp.ufpel.edu.br\/privacidade\/wp-json\/wp\/v2\/pages\/9","targetHints":{"allow":["GET"]}}],"collection":[{"href":"https:\/\/wp.ufpel.edu.br\/privacidade\/wp-json\/wp\/v2\/pages"}],"about":[{"href":"https:\/\/wp.ufpel.edu.br\/privacidade\/wp-json\/wp\/v2\/types\/page"}],"author":[{"embeddable":true,"href":"https:\/\/wp.ufpel.edu.br\/privacidade\/wp-json\/wp\/v2\/users\/1132"}],"replies":[{"embeddable":true,"href":"https:\/\/wp.ufpel.edu.br\/privacidade\/wp-json\/wp\/v2\/comments?post=9"}],"version-history":[{"count":6,"href":"https:\/\/wp.ufpel.edu.br\/privacidade\/wp-json\/wp\/v2\/pages\/9\/revisions"}],"predecessor-version":[{"id":54,"href":"https:\/\/wp.ufpel.edu.br\/privacidade\/wp-json\/wp\/v2\/pages\/9\/revisions\/54"}],"wp:attachment":[{"href":"https:\/\/wp.ufpel.edu.br\/privacidade\/wp-json\/wp\/v2\/media?parent=9"}],"curies":[{"name":"wp","href":"https:\/\/api.w.org\/{rel}","templated":true}]}}