{"id":56,"date":"2021-11-30T10:49:29","date_gmt":"2021-11-30T13:49:29","guid":{"rendered":"https:\/\/wp.ufpel.edu.br\/privacidade\/?page_id=56"},"modified":"2021-12-01T18:27:59","modified_gmt":"2021-12-01T21:27:59","slug":"avisos-de-privacidade","status":"publish","type":"page","link":"https:\/\/wp.ufpel.edu.br\/privacidade\/avisos-de-privacidade\/","title":{"rendered":"Avisos de Privacidade"},"content":{"rendered":"<p>Nesta p\u00e1gina s\u00e3o apresentados os avisos de privacidade utilizados na UFPel:<\/p>\n<p><b>1. <a href=\"https:\/\/wp.ufpel.edu.br\/privacidade\/aviso-de-privacidade-certificado-de-vacinacao-covid-19\/\">AVISO DE PRIVACIDADE &#8211;<\/b><b>UFPEL &#8211; CERTIFICADO NACIONAL DE VACINA\u00c7\u00c3O COVID-19 <\/a><a href=\"https:\/\/wp.ufpel.edu.br\/privacidade\/files\/2021\/12\/AvisoPrivacidadeUFPel-ComprovanteVacinacao.pdf\">[PDF]<\/a><br \/>\n<\/b>Este aviso de privacidade \u00e9 utilizado para comprova\u00e7\u00e3o de vacina\u00e7\u00e3o contra a COVID-19 para pessoas que circularem e ingressarem nas depend\u00eancias da Universidade Federal de Pelotas e tamb\u00e9m para controle epidemiol\u00f3gico da COVID-19 na UFPel..<\/p>\n<p><b>2. <a href=\"https:\/\/wp.ufpel.edu.br\/privacidade\/aviso-de-privacidade-questionario-para-triagem-covid-19-da-ufpel\/\">AVISO DE PRIVACIDADE <\/b><b> &#8211; UFPEL &#8211; QUESTION\u00c1RIO PARA TRIAGEM COVID-19 da UFPel <\/a><a href=\"https:\/\/wp.ufpel.edu.br\/privacidade\/files\/2021\/11\/AvisoPrivacidade-QuestionarioTriagem.pdf\">[PDF]<\/a><br \/>\n<\/b>Este aviso de privacidade \u00e9 utilizado para embasar a recomenda\u00e7\u00e3o de entrada ou n\u00e3o nas depend\u00eancias da universidade reduzindo o risco de transmiss\u00e3o do Conorav\u00edrus na UFPel.<\/p>\n<p><b>\u00a0<\/b><\/p>\n","protected":false},"excerpt":{"rendered":"<p>Nesta p\u00e1gina s\u00e3o apresentados os avisos de privacidade utilizados na UFPel: 1. AVISO DE PRIVACIDADE &#8211;UFPEL &#8211; CERTIFICADO NACIONAL DE VACINA\u00c7\u00c3O COVID-19 [PDF] Este aviso de privacidade \u00e9 utilizado para comprova\u00e7\u00e3o de vacina\u00e7\u00e3o contra a COVID-19 para pessoas que circularem e ingressarem nas depend\u00eancias da Universidade Federal de Pelotas e tamb\u00e9m para controle epidemiol\u00f3gico da [&hellip;]<\/p>\n","protected":false},"author":1132,"featured_media":0,"parent":0,"menu_order":0,"comment_status":"closed","ping_status":"closed","template":"","meta":{"footnotes":""},"class_list":["post-56","page","type-page","status-publish","hentry"],"_links":{"self":[{"href":"https:\/\/wp.ufpel.edu.br\/privacidade\/wp-json\/wp\/v2\/pages\/56","targetHints":{"allow":["GET"]}}],"collection":[{"href":"https:\/\/wp.ufpel.edu.br\/privacidade\/wp-json\/wp\/v2\/pages"}],"about":[{"href":"https:\/\/wp.ufpel.edu.br\/privacidade\/wp-json\/wp\/v2\/types\/page"}],"author":[{"embeddable":true,"href":"https:\/\/wp.ufpel.edu.br\/privacidade\/wp-json\/wp\/v2\/users\/1132"}],"replies":[{"embeddable":true,"href":"https:\/\/wp.ufpel.edu.br\/privacidade\/wp-json\/wp\/v2\/comments?post=56"}],"version-history":[{"count":9,"href":"https:\/\/wp.ufpel.edu.br\/privacidade\/wp-json\/wp\/v2\/pages\/56\/revisions"}],"predecessor-version":[{"id":61,"href":"https:\/\/wp.ufpel.edu.br\/privacidade\/wp-json\/wp\/v2\/pages\/56\/revisions\/61"}],"wp:attachment":[{"href":"https:\/\/wp.ufpel.edu.br\/privacidade\/wp-json\/wp\/v2\/media?parent=56"}],"curies":[{"name":"wp","href":"https:\/\/api.w.org\/{rel}","templated":true}]}}