{"id":613,"date":"2020-04-13T19:16:27","date_gmt":"2020-04-13T22:16:27","guid":{"rendered":"https:\/\/wp.ufpel.edu.br\/prectaolongetaoperto\/?page_id=613"},"modified":"2020-07-16T19:21:23","modified_gmt":"2020-07-16T22:21:23","slug":"sala-2-desempenho-ocupacional-em-tempos-de-isolamento-social","status":"publish","type":"page","link":"https:\/\/wp.ufpel.edu.br\/prectaolongetaoperto\/sala-2-desempenho-ocupacional-em-tempos-de-isolamento-social\/","title":{"rendered":"Sala 2 \u2013 Desempenho Ocupacional em tempos de isolamento social"},"content":{"rendered":"<p style=\"text-align: justify\"><b><i>Mediadora: <\/i><\/b><i>Prof<\/i><i>\u00aa<\/i><i>. Desir\u00e9e Nobre Salasar \u2013 Curso de Terapia Ocupacional FAMED\/ UFPel<\/i><\/p>\n<p><strong>Acesso livre<\/strong> <span style=\"font-size: 10pt\">(Dados para certifica\u00e7\u00e3o devem ser informados durante a confer\u00eancia)<\/span><\/p>\n<p style=\"text-align: justify\">Acesse a sala<strong> <a href=\"https:\/\/webconf2.ufpel.edu.br\/b\/des-6v3-vt2\">aqui<\/a><\/strong><\/p>\n<p style=\"text-align: justify\"><b>Conte\u00fado das conversas\u00a0<\/b><\/p>\n<p style=\"text-align: justify\">Somos todos seres ocupacionais, ou seja, ao longo de nossas vidas desempenhamos diversos pap\u00e9is ocupacionais no nosso dia-a-dia, tais como ser aluno, professor, m\u00e3e, pai, filho, etc. Com o isolamento social, em decorr\u00eancia da pandemia do Coronav\u00edrus, sem avisos pr\u00e9vios, tivemos uma ruptura muito forte na nossa rotina. Assim, esta sala busca proporcionar \u00e0 comunidade um espa\u00e7o para discuss\u00e3o e reflex\u00e3o acerca da import\u00e2ncia de reorganiza\u00e7\u00e3o das rotinas para que possamos minimizar as nossas perdas ocupacionais, bem como um espa\u00e7o para debatermos sobre a nossa sa\u00fade mental.<\/p>\n<p style=\"text-align: justify\"><strong>AGENDA<\/strong><\/p>\n<p>PR\u00d3XIMAS CONFER\u00caNCIAS<\/p>\n<table style=\"border-collapse: collapse;width: 100%\" border=\"1\">\n<tbody>\n<tr>\n<td style=\"width: 47.3333%\"><\/td>\n<td style=\"width: 19.3333%;text-align: center\"><\/td>\n<td style=\"width: 33.3333%\"><\/td>\n<\/tr>\n<\/tbody>\n<\/table>\n<p>CONFER\u00caNCIAS PASSADAS<\/p>\n<table style=\"height: 1680px;width: 749px\" border=\"1\">\n<tbody>\n<tr style=\"height: 156px\">\n<td style=\"width: 366px;height: 156px\"><b>Reorganizando a rotina em tempos de isolamento social<\/b><\/td>\n<td style=\"width: 147px;text-align: center;height: 156px\">\n<p>Sexta feira, 03 de abril, 15h<\/p>\n<p><span style=\"font-size: 10pt\">Conte\u00fado gravado n\u00e3o dispon\u00edvel<\/span><\/td>\n<td style=\"width: 236px;height: 156px\">Apresentadora<\/p>\n<ul>\n<li>Profa. Desir\u00e9e Nobre Salasar<\/li>\n<\/ul>\n<\/td>\n<\/tr>\n<tr style=\"height: 156px\">\n<td style=\"width: 366px;height: 156px\"><b>Sa\u00fade do trabalhador e o rompimento no desempenho ocupacional frente \u00e0 pandemia do Covid-19<\/b><\/td>\n<td style=\"width: 147px;text-align: center;height: 156px\">\n<p>Quarta feira, 08 de abril, 15h<\/p>\n<p><a href=\"https:\/\/webconf.ufpel.edu.br\/playback\/presentation\/2.0\/playback.html?meetingId=cd09abf4716736a1eace3da7e874f2eabd4c5b3d-1586366929062\"><span style=\"font-size: 10pt\">Acesse aqui o conte\u00fado da sala<\/span><\/a><\/td>\n<td style=\"width: 236px;height: 156px\">Apresentadora<\/p>\n<ul>\n<li>Profa. Franciele Bern\u00ed<\/li>\n<\/ul>\n<\/td>\n<\/tr>\n<tr style=\"height: 156px\">\n<td style=\"width: 366px;height: 156px\">\u00a0<b>O uso de m\u00eddia e obras culturais durante o processo de isolamento social<\/b><\/td>\n<td style=\"width: 147px;text-align: center;height: 156px\">\n<p>Sexta feira, 10 de abril, 15h<\/p>\n<p><a href=\"https:\/\/webconf.ufpel.edu.br\/playback\/presentation\/2.0\/playback.html?meetingId=cd09abf4716736a1eace3da7e874f2eabd4c5b3d-1586540074859\"><span style=\"font-size: 10pt\">Acesse aqui o conte\u00fado da sala<\/span><\/a><\/td>\n<td style=\"width: 236px;height: 156px\">Apresentador<\/p>\n<ul>\n<li>Prof. Julio Costa<\/li>\n<\/ul>\n<\/td>\n<\/tr>\n<tr style=\"height: 156px\">\n<td style=\"width: 366px;height: 156px\"><b>Orienta\u00e7\u00f5es para idosos e cuidadores em isolamento social<\/b><\/td>\n<td style=\"width: 147px;text-align: center;height: 156px\">\n<p>Quarta feira, 15 de abril, 15h<\/p>\n<p><a href=\"https:\/\/webconf.ufpel.edu.br\/playback\/presentation\/2.0\/playback.html?meetingId=cd09abf4716736a1eace3da7e874f2eabd4c5b3d-1586971551986\"><span style=\"font-size: 10pt\">Acesse aqui o conte\u00fado da sala<\/span><\/a><\/td>\n<td style=\"width: 236px;height: 156px\">Apresentadora<\/p>\n<ul>\n<li>Profa. Zayanna Lindoso<\/li>\n<\/ul>\n<\/td>\n<\/tr>\n<tr style=\"height: 156px\">\n<td style=\"width: 366px;height: 156px\">\u00a0<b>Filmes que debatem a teoria sist\u00eamica e processos coletivos em tempos de pandemia<\/b><\/td>\n<td style=\"width: 147px;text-align: center;height: 156px\">\n<p>Sexta feira, 17 de abril, 15h<\/p>\n<p><a href=\"https:\/\/webconf2.ufpel.edu.br\/playback\/presentation\/2.0\/playback.html?meetingId=246884d7d2776e4fb266d18fc87c5afa434ed564-1587146487992\"><span style=\"font-size: 10pt\">Acesse aqui o conte\u00fado da sala<\/span><\/a><\/td>\n<td style=\"width: 236px;height: 156px\">Apresentadora<\/p>\n<ul>\n<li>Profa. Ellen Ricci<\/li>\n<\/ul>\n<\/td>\n<\/tr>\n<tr style=\"height: 156px\">\n<td style=\"width: 366px;height: 156px\"><b>Autocuidado e servi\u00e7os oferecidos pela UBS Cap\u00e3o do Le\u00e3o<\/b><\/td>\n<td style=\"width: 147px;text-align: center;height: 156px\">\n<p>Quarta feira, 22 de abril, 15h<\/p>\n<p><a href=\"https:\/\/webconf2.ufpel.edu.br\/playback\/presentation\/2.0\/playback.html?meetingId=246884d7d2776e4fb266d18fc87c5afa434ed564-1587576484913\"><span style=\"font-size: 10pt\">Acesse aqui o conte\u00fado da sala<\/span><\/a><\/td>\n<td style=\"width: 236px;height: 156px\">Apresentadora<\/p>\n<ul>\n<li>Terapeuta Ocupacional Andr\u00e9a Brand\u00e3o<\/li>\n<\/ul>\n<\/td>\n<\/tr>\n<tr style=\"height: 156px\">\n<td style=\"width: 366px;height: 156px\"><b>M\u00e3e, professora, mulher: <\/b><strong>os diferentes pap\u00e9is ocupacionais e as confus\u00f5es entre eles em tempos de pandemia.<\/strong><\/td>\n<td style=\"width: 147px;text-align: center;height: 156px\">\n<p>Quinta feira, 23 de abril, 15h<\/p>\n<p><span style=\"font-size: 10pt\"><a href=\"https:\/\/webconf2.ufpel.edu.br\/playback\/presentation\/2.0\/playback.html?meetingId=246884d7d2776e4fb266d18fc87c5afa434ed564-1587663211672\">Acesse aqui o conte\u00fado da sala<\/a><\/span><\/td>\n<td style=\"width: 236px;height: 156px\">Apresentadora<\/p>\n<ul>\n<li>Prof\u00aa Tatiane Lebedeff<\/li>\n<\/ul>\n<\/td>\n<\/tr>\n<tr style=\"height: 156px\">\n<td style=\"width: 366px;height: 156px\"><b>Grupo de Escuta \u2013 Voc\u00ea j\u00e1 escutou algu\u00e9m hoje?<\/b><\/td>\n<td style=\"width: 147px;text-align: center;height: 156px\">\n<p>Sexta feira, 24 de abril, 15h<\/p>\n<p><span style=\"font-size: 10pt\"><a href=\"https:\/\/webconf2.ufpel.edu.br\/playback\/presentation\/2.0\/playback.html?meetingId=246884d7d2776e4fb266d18fc87c5afa434ed564-1587749766273\">Acesse aqui o conte\u00fado da sala<\/a><\/span><\/td>\n<td style=\"width: 236px;height: 156px\">Apresentadora<\/p>\n<ul>\n<li>Discente de Terapia Ocupacional Tatiane Cassais<\/li>\n<\/ul>\n<\/td>\n<\/tr>\n<tr style=\"height: 93px\">\n<td style=\"width: 366px;height: 95px\">\u00a0<b>O covid-19 e a subleva\u00e7\u00e3o do cotidiano: pistas para o agir (des)ocupado<\/b><\/td>\n<td style=\"width: 147px;text-align: center;height: 95px\">\n<p>Quarta feira, 29 de abril, 15h<\/p>\n<p><a href=\"https:\/\/webconf2.ufpel.edu.br\/playback\/presentation\/2.0\/playback.html?meetingId=246884d7d2776e4fb266d18fc87c5afa434ed564-1588182072427\"><span style=\"font-size: 10pt\">Acesse aqui o conte\u00fado da sala<\/span><\/a><\/td>\n<td style=\"width: 236px;height: 95px\">Apresentador<\/p>\n<ul>\n<li>Prof. Diego Almeida<\/li>\n<\/ul>\n<\/td>\n<\/tr>\n<tr style=\"height: 139px\">\n<td style=\"width: 366px;height: 139px\"><b>A ajuda e o suporte m\u00fatuo em sa\u00fade mental, atrav\u00e9s de Grupos Online durante o isolamento social e enfrentamento da pandemia do novo coronav\u00edrus.<\/b><\/td>\n<td style=\"width: 147px;text-align: center;height: 139px\">\n<p>Quinta feira, 30 de abril, 15h<\/p>\n<p><a href=\"https:\/\/webconf2.ufpel.edu.br\/playback\/presentation\/2.0\/playback.html?meetingId=246884d7d2776e4fb266d18fc87c5afa434ed564-1588269302763\"><span style=\"font-size: 10pt\">Acesse aqui o conte\u00fado da sala<\/span><\/a><\/td>\n<td style=\"width: 236px;height: 139px\">Apresentadoras<\/p>\n<ul>\n<li>Profa. Larissa Dall\u2019Agnol<\/li>\n<li>Psic\u00f3loga Judete Ferrari \u2013 NASF Alegrete<\/li>\n<\/ul>\n<\/td>\n<\/tr>\n<tr>\n<td style=\"width: 366px\"><b>Sendo rede<\/b><\/td>\n<td style=\"width: 147px;text-align: center\">\n<p>Quarta feira, 06 de maio, 15h<\/p>\n<p><a href=\"https:\/\/webconf2.ufpel.edu.br\/playback\/presentation\/2.0\/playback.html?meetingId=246884d7d2776e4fb266d18fc87c5afa434ed564-1588787139617\"><span style=\"font-size: 10pt\">Acesse aqui o conte\u00fado da sala<\/span><\/a><\/td>\n<td style=\"width: 236px\">Apresentadora<\/p>\n<ul>\n<li>Raillane Marques &#8211; Discente de Terapia Ocupacional<\/li>\n<\/ul>\n<\/td>\n<\/tr>\n<tr>\n<td style=\"width: 366px\"><b>Comportamento Ocupacional em tempo de isolamento social<\/b><\/td>\n<td style=\"width: 147px\">\n<p dir=\"ltr\" style=\"text-align: center\">Sexta feira, 08 de maio, 14h<\/p>\n<p dir=\"ltr\" style=\"text-align: center\"><a href=\"https:\/\/webconf2.ufpel.edu.br\/playback\/presentation\/2.0\/playback.html?meetingId=fede6420e2021fb3f0c8c2871d248e89dc9d3feb-1588956929154\"><span style=\"font-size: 10pt\">Acesse aqui o conte\u00fado da sala<\/span><\/a><\/p>\n<\/td>\n<td style=\"width: 236px\">\n<p dir=\"ltr\">Apresentadora:<\/p>\n<ul>\n<li>Prof\u00aa. Renata Rocha<\/li>\n<\/ul>\n<\/td>\n<\/tr>\n<tr>\n<td style=\"width: 366px\"><strong>Economia Solid\u00e1ria: Desafios para um processo autogestion\u00e1rio<\/strong><\/td>\n<td style=\"width: 147px\">\n<p dir=\"ltr\" style=\"text-align: center\">Sexta-feira , 3 de julho<\/p>\n<p dir=\"ltr\" style=\"text-align: center\">15h<\/p>\n<\/td>\n<td style=\"width: 236px\">\n<p dir=\"ltr\">Convidada:<\/p>\n<ul>\n<li>Prof\u00aa Larissa Dall\u2019Agnol da Silva &#8211; Professora do Curso de Terapia Ocupacional da UFPel<\/li>\n<\/ul>\n<\/td>\n<\/tr>\n<tr>\n<td style=\"width: 366px\"><strong>A arte como dispositivo de cuidado em sa\u00fade<\/strong><\/td>\n<td style=\"width: 147px\">\n<p style=\"text-align: center\">Quarta-feira, 8 de julho<\/p>\n<p style=\"text-align: center\">15h<\/p>\n<\/td>\n<td style=\"width: 236px\">\n<p dir=\"ltr\">Convidada:<\/p>\n<ul>\n<li>Helisleide Bonfim dos Santos &#8211; Coordenadora do Papo de Mulheres<\/li>\n<\/ul>\n<\/td>\n<\/tr>\n<\/tbody>\n<\/table>\n<p style=\"text-align: justify\">\n","protected":false},"excerpt":{"rendered":"<p>Mediadora: Prof\u00aa. Desir\u00e9e Nobre Salasar \u2013 Curso de Terapia Ocupacional FAMED\/ UFPel Acesso livre (Dados para certifica\u00e7\u00e3o devem ser informados durante a confer\u00eancia) Acesse a sala aqui Conte\u00fado das conversas\u00a0 Somos todos seres ocupacionais, ou seja, ao longo de nossas vidas desempenhamos diversos pap\u00e9is ocupacionais no nosso dia-a-dia, tais como ser aluno, professor, m\u00e3e, pai, &hellip; <\/p>\n<p><a class=\"more-link btn\" href=\"https:\/\/wp.ufpel.edu.br\/prectaolongetaoperto\/sala-2-desempenho-ocupacional-em-tempos-de-isolamento-social\/\">Continue lendo<\/a><\/p>\n","protected":false},"author":990,"featured_media":408,"parent":0,"menu_order":0,"comment_status":"closed","ping_status":"closed","template":"","meta":{"footnotes":""},"class_list":["post-613","page","type-page","status-publish","has-post-thumbnail","hentry","nodate","item-wrap"],"jetpack_sharing_enabled":true,"jetpack-related-posts":[],"_links":{"self":[{"href":"https:\/\/wp.ufpel.edu.br\/prectaolongetaoperto\/wp-json\/wp\/v2\/pages\/613","targetHints":{"allow":["GET"]}}],"collection":[{"href":"https:\/\/wp.ufpel.edu.br\/prectaolongetaoperto\/wp-json\/wp\/v2\/pages"}],"about":[{"href":"https:\/\/wp.ufpel.edu.br\/prectaolongetaoperto\/wp-json\/wp\/v2\/types\/page"}],"author":[{"embeddable":true,"href":"https:\/\/wp.ufpel.edu.br\/prectaolongetaoperto\/wp-json\/wp\/v2\/users\/990"}],"replies":[{"embeddable":true,"href":"https:\/\/wp.ufpel.edu.br\/prectaolongetaoperto\/wp-json\/wp\/v2\/comments?post=613"}],"version-history":[{"count":29,"href":"https:\/\/wp.ufpel.edu.br\/prectaolongetaoperto\/wp-json\/wp\/v2\/pages\/613\/revisions"}],"predecessor-version":[{"id":1453,"href":"https:\/\/wp.ufpel.edu.br\/prectaolongetaoperto\/wp-json\/wp\/v2\/pages\/613\/revisions\/1453"}],"wp:featuredmedia":[{"embeddable":true,"href":"https:\/\/wp.ufpel.edu.br\/prectaolongetaoperto\/wp-json\/wp\/v2\/media\/408"}],"wp:attachment":[{"href":"https:\/\/wp.ufpel.edu.br\/prectaolongetaoperto\/wp-json\/wp\/v2\/media?parent=613"}],"curies":[{"name":"wp","href":"https:\/\/api.w.org\/{rel}","templated":true}]}}