{"id":1056,"date":"2020-05-12T15:11:46","date_gmt":"2020-05-12T18:11:46","guid":{"rendered":"https:\/\/wp.ufpel.edu.br\/prectaolongetaoperto\/?page_id=1056"},"modified":"2020-05-12T19:14:15","modified_gmt":"2020-05-12T22:14:15","slug":"desafio-on-line","status":"publish","type":"page","link":"https:\/\/wp.ufpel.edu.br\/prectaolongetaoperto\/desafio-on-line\/","title":{"rendered":"Desafio On-Line"},"content":{"rendered":"<p style=\"text-align: justify\">O Desafio como um projeto estrat\u00e9gico de extens\u00e3o organizou\u00a0 uma nova a\u00e7\u00e3o denominada Desafio On-Line, onde ser\u00e3o usadas diferentes ferramentas como <em>Lives<\/em>,\u00a0<em>Cards<\/em>,\u00a0<em>Podcasts\u00a0<\/em>e aulas em v\u00eddeo abertas a toda a comunidade.<\/p>\n<p style=\"text-align: justify\">Estas atividades est\u00e3o \u00e0 disposi\u00e7\u00e3o principalmente das pessoas que est\u00e3o se preparando para\u00a0\u00a0as provas para a entrada na universidade ENEM e PAVE.<\/p>\n<p style=\"text-align: justify\">As atividades acontecer\u00e3o de segunda a sexta-feira, cada dia com duas disciplinas espec\u00edficas elaborada pelos educadores do projeto.<\/p>\n<p style=\"text-align: justify\">Al\u00e9m disso, os educadores v\u00e3o disponibilizar chats para sanar d\u00favidas e conversar com os alunos.<\/p>\n<p><span style=\"font-size: 18pt\"><strong>Como participar:<\/strong><\/span><\/p>\n<p>Acessando a<span class=\"text_exposed_show\"> sala de aula pelos links: <\/span><\/p>\n<p><span class=\"text_exposed_show\"><a href=\"https:\/\/bit.ly\/DesafioOnline1?fbclid=IwAR0YuCbsqok1YO8p2o6Q8SR_OdkyGanLbanQzt1ZAZCraL0nNGvcx9YNpZ8\" target=\"_blank\" rel=\"noopener nofollow noreferrer\" data-ft=\"{&quot;tn&quot;:&quot;-U&quot;}\" data-lynx-mode=\"async\" data-lynx-uri=\"https:\/\/l.facebook.com\/l.php?u=https%3A%2F%2Fbit.ly%2FDesafioOnline1%3Ffbclid%3DIwAR0YuCbsqok1YO8p2o6Q8SR_OdkyGanLbanQzt1ZAZCraL0nNGvcx9YNpZ8&amp;h=AT3DI4BhEfpg6K8HIPUo98vO5GRD7owGKczFxb6dbgMTonsBvfOwrkIQTIPLzQCvnXKGQ99o4RQFx-eSCXj-kNcka5-umd3hT5yh-oBgm6qcFallappEjvHdTzJGwOjV58azH8Quw_y09rg5bIAavb3ATlUKWwOs2TAKM_ASlB4zOA-pR5zyG_D-86Rp_zTKiMe31t7s2t23pcCfTmOAvHTJ5pO6Q_HwqsuM0KpugXSf7e7wILX5kSwD1OPS0xJjZ0YhMl16RWz9Ah1nBf9krIXq03MXbzk0pQkeww1yrLx_tdrASP98lhrHJgBK6kAU3TExc8MePgYfW3NJ4LXIkb3oc8HW9ODaQtg4nyAmK2-N4v46fdu29d0HiWeyPLKawze0zL7el2OUPZcbp6At0bLHhzWyU991yuo7u3FwA7li6gwBdwyz84FTsMLxVj3wR2HrELQ0ZOdZvJzZLWZ1rvBBNAx-X5qmwtWsk1Om71JAjwyqg2m2OmQdfNZHhM8a8twZvyzcHND65jdEJEMY1dWz8QuTOhO1yMmR4FIEErbwrRD1_pGX7pDRuVNUzot1vq1MBLBcX68qau2zgtbC-9x8hM6KNblx7-aieke9X_p7wpkDv1TD2ebjylqsJ3GXCOw3ukWO\">DesafioOnline1<\/a><\/span><\/p>\n<p><a href=\"https:\/\/webconf.ufpel.edu.br\/b\/luc-te9-ant\">DesafioOnline2<\/a><\/p>\n<div class=\"text_exposed_show\">\n<p><span style=\"font-size: 18pt\"><strong><span class=\"_5mfr\"><span class=\"_6qdm\">Hor\u00e1rio d<\/span><\/span>as aulas:<\/strong><\/span><\/p>\n<p>Das 18h at\u00e9 \u00e0s 19h, depois das 19h30 at\u00e9 20h30.<\/p>\n<p>As aulas ocorrer\u00e3o de segunda a sexta-feira, com duas disciplinas diferentes por dia.<\/p>\n<p><span style=\"font-size: 18pt\"><strong>Agenda das Aulas:<\/strong><\/span><\/p>\n<\/div>\n<div class=\"text_exposed_show\">\n<p><img data-recalc-dims=\"1\" loading=\"lazy\" decoding=\"async\" data-attachment-id=\"1058\" data-permalink=\"https:\/\/wp.ufpel.edu.br\/prectaolongetaoperto\/desafio-on-line\/96711726_2609291099390248_3644021416963080192_o\/\" data-orig-file=\"https:\/\/i0.wp.com\/wp.ufpel.edu.br\/prectaolongetaoperto\/files\/2020\/05\/96711726_2609291099390248_3644021416963080192_o.jpg?fit=1839%2C1280&amp;ssl=1\" data-orig-size=\"1839,1280\" data-comments-opened=\"0\" data-image-meta=\"{&quot;aperture&quot;:&quot;0&quot;,&quot;credit&quot;:&quot;PC TRABALHO&quot;,&quot;camera&quot;:&quot;&quot;,&quot;caption&quot;:&quot;&quot;,&quot;created_timestamp&quot;:&quot;0&quot;,&quot;copyright&quot;:&quot;&quot;,&quot;focal_length&quot;:&quot;0&quot;,&quot;iso&quot;:&quot;0&quot;,&quot;shutter_speed&quot;:&quot;0&quot;,&quot;title&quot;:&quot;&quot;,&quot;orientation&quot;:&quot;0&quot;}\" data-image-title=\"96711726_2609291099390248_3644021416963080192_o\" data-image-description=\"\" data-image-caption=\"\" data-medium-file=\"https:\/\/i0.wp.com\/wp.ufpel.edu.br\/prectaolongetaoperto\/files\/2020\/05\/96711726_2609291099390248_3644021416963080192_o.jpg?fit=400%2C278&amp;ssl=1\" data-large-file=\"https:\/\/i0.wp.com\/wp.ufpel.edu.br\/prectaolongetaoperto\/files\/2020\/05\/96711726_2609291099390248_3644021416963080192_o.jpg?fit=750%2C522&amp;ssl=1\" class=\"alignleft wp-image-1058 size-full\" src=\"https:\/\/i0.wp.com\/wp.ufpel.edu.br\/prectaolongetaoperto\/files\/2020\/05\/96711726_2609291099390248_3644021416963080192_o.jpg?resize=750%2C522&#038;ssl=1\" alt=\"\" width=\"750\" height=\"522\" srcset=\"https:\/\/i0.wp.com\/wp.ufpel.edu.br\/prectaolongetaoperto\/files\/2020\/05\/96711726_2609291099390248_3644021416963080192_o.jpg?w=1839&amp;ssl=1 1839w, https:\/\/i0.wp.com\/wp.ufpel.edu.br\/prectaolongetaoperto\/files\/2020\/05\/96711726_2609291099390248_3644021416963080192_o.jpg?resize=400%2C278&amp;ssl=1 400w, https:\/\/i0.wp.com\/wp.ufpel.edu.br\/prectaolongetaoperto\/files\/2020\/05\/96711726_2609291099390248_3644021416963080192_o.jpg?resize=1024%2C713&amp;ssl=1 1024w, https:\/\/i0.wp.com\/wp.ufpel.edu.br\/prectaolongetaoperto\/files\/2020\/05\/96711726_2609291099390248_3644021416963080192_o.jpg?resize=768%2C535&amp;ssl=1 768w, https:\/\/i0.wp.com\/wp.ufpel.edu.br\/prectaolongetaoperto\/files\/2020\/05\/96711726_2609291099390248_3644021416963080192_o.jpg?resize=1536%2C1069&amp;ssl=1 1536w\" sizes=\"auto, (max-width: 750px) 100vw, 750px\" \/>* Os hor\u00e1rios e disciplinas est\u00e3o sujeitos a altera\u00e7\u00f5es.<\/p>\n<\/div>\n<p>Mais informa\u00e7\u00f5es atrav\u00e9s da rede social do projeto: <a href=\"https:\/\/www.facebook.com\/DesafioPreUniversitario\" data-saferedirecturl=\"https:\/\/www.google.com\/url?q=https:\/\/www.facebook.com\/DesafioPreUniversitario&amp;source=gmail&amp;ust=1589391023342000&amp;usg=AFQjCNHqoQNx23By7AEJo0uQxXG5nsDKug\">https:\/\/www.facebook.com\/DesafioPreUniversitario<\/a><\/p>\n<p><strong>Desejamos a todos bons estudos!<\/strong><\/p>\n","protected":false},"excerpt":{"rendered":"<p>O Desafio como um projeto estrat\u00e9gico de extens\u00e3o organizou\u00a0 uma nova a\u00e7\u00e3o denominada Desafio On-Line, onde ser\u00e3o usadas diferentes ferramentas como Lives,\u00a0Cards,\u00a0Podcasts\u00a0e aulas em v\u00eddeo abertas a toda a comunidade. Estas atividades est\u00e3o \u00e0 disposi\u00e7\u00e3o principalmente das pessoas que est\u00e3o se preparando para\u00a0\u00a0as provas para a entrada na universidade ENEM e PAVE. As atividades acontecer\u00e3o &hellip; <\/p>\n<p><a class=\"more-link btn\" href=\"https:\/\/wp.ufpel.edu.br\/prectaolongetaoperto\/desafio-on-line\/\">Continue lendo<\/a><\/p>\n","protected":false},"author":990,"featured_media":1061,"parent":0,"menu_order":0,"comment_status":"closed","ping_status":"closed","template":"","meta":{"footnotes":""},"class_list":["post-1056","page","type-page","status-publish","has-post-thumbnail","hentry","nodate","item-wrap"],"jetpack_sharing_enabled":true,"jetpack-related-posts":[],"_links":{"self":[{"href":"https:\/\/wp.ufpel.edu.br\/prectaolongetaoperto\/wp-json\/wp\/v2\/pages\/1056","targetHints":{"allow":["GET"]}}],"collection":[{"href":"https:\/\/wp.ufpel.edu.br\/prectaolongetaoperto\/wp-json\/wp\/v2\/pages"}],"about":[{"href":"https:\/\/wp.ufpel.edu.br\/prectaolongetaoperto\/wp-json\/wp\/v2\/types\/page"}],"author":[{"embeddable":true,"href":"https:\/\/wp.ufpel.edu.br\/prectaolongetaoperto\/wp-json\/wp\/v2\/users\/990"}],"replies":[{"embeddable":true,"href":"https:\/\/wp.ufpel.edu.br\/prectaolongetaoperto\/wp-json\/wp\/v2\/comments?post=1056"}],"version-history":[{"count":6,"href":"https:\/\/wp.ufpel.edu.br\/prectaolongetaoperto\/wp-json\/wp\/v2\/pages\/1056\/revisions"}],"predecessor-version":[{"id":1069,"href":"https:\/\/wp.ufpel.edu.br\/prectaolongetaoperto\/wp-json\/wp\/v2\/pages\/1056\/revisions\/1069"}],"wp:featuredmedia":[{"embeddable":true,"href":"https:\/\/wp.ufpel.edu.br\/prectaolongetaoperto\/wp-json\/wp\/v2\/media\/1061"}],"wp:attachment":[{"href":"https:\/\/wp.ufpel.edu.br\/prectaolongetaoperto\/wp-json\/wp\/v2\/media?parent=1056"}],"curies":[{"name":"wp","href":"https:\/\/api.w.org\/{rel}","templated":true}]}}