{"id":5971,"date":"2017-01-24T09:36:21","date_gmt":"2017-01-24T11:36:21","guid":{"rendered":"https:\/\/wp.ufpel.edu.br\/prec\/?page_id=5971"},"modified":"2024-03-11T14:46:28","modified_gmt":"2024-03-11T17:46:28","slug":"programas-estrategicos","status":"publish","type":"page","link":"https:\/\/wp.ufpel.edu.br\/prec\/programas-estrategicos\/","title":{"rendered":"Programas Estrat\u00e9gicos"},"content":{"rendered":"<p style=\"text-align: justify\">S\u00e3o os conjuntos de atividades destinadas prioritariamente \u00e0 comunidade externa e em conson\u00e2ncia com o conceito de extens\u00e3o do Plano Nacional de Extens\u00e3o Universit\u00e1ria. Caracterizam-se por j\u00e1 estarem vinculados \u00e0 PREC h\u00e1 algum tempo, por cumprirem com os temas e objetivos estrat\u00e9gicos do Plano de desenvolvimento Institucional, com as miss\u00e3o e diretrizes da PREC e com as pol\u00edticas de extens\u00e3o da Universidade.<\/p>\n<p>&nbsp;<\/p>\n<p><span style=\"font-size: 14pt\"><b>Cine UFPel &#8211; sala universit\u00e1ria de cinema<\/b><\/span><\/p>\n<p style=\"text-align: justify\">O Cine UFPEL \u00e9 uma Sala de cinema da Universidade Federal de Pelotas que foi constitu\u00eddo por iniciativa dos docentes do Colegiado dos Cursos de Cinema do Centro de Artes (Cinema e Audiovisual e Cinema de Anima\u00e7\u00e3o) atrav\u00e9s de Projeto de Extens\u00e3o. A sala de cinema \u00e9 sediada no Audit\u00f3rio Lu\u00eds Sim\u00f5es Lopes da Ag\u00eancia de Desenvolvimento da Lagoa Mirim e articula com os projetos Cine UFPel em rede \u2013 curadoria criativa, Cine UFPel &#8211; Forma\u00e7\u00e3o continuada em distribui\u00e7\u00e3o e exibi\u00e7\u00e3o e Cine UFPel para escolas e asilos. A sala se encontra aberta de segunda a s\u00e1bado e as se\u00e7\u00f5es podem ser conferidas na agenda do site (<a href=\"https:\/\/wp.ufpel.edu.br\/cinema\/cineufpel\/\">https:\/\/wp.ufpel.edu.br\/cinema\/cineufpel\/<\/a>) e nas redes sociais do projeto.<\/p>\n<p style=\"text-align: justify\">Entre os objetivos do projeto est\u00e3o Estimular a universaliza\u00e7\u00e3o do acesso e voca\u00e7\u00f5es para as obras cinematogr\u00e1ficas e audiovisuais, em especial as nacionais e latino-americana; Promover o conhecimento das e pelas artes cinematogr\u00e1ficas e audiovisuais; Garantir a participa\u00e7\u00e3o diversificada de obras cinematogr\u00e1ficas e audiovisuais estrangeiras no mercado brasileiro; Incentivar a reflex\u00e3o e a discuss\u00e3o de ideias atrav\u00e9s do cinema e de suas in\u00fameras interfaces culturais e sociais; Oportunizar atividades de ensino, pesquisa e extens\u00e3o relacionadas a obras cinematogr\u00e1ficas e audiovisuais; Formar p\u00fablico (comunidade interna e externa) para as artes cinematogr\u00e1ficas e audiovisuais.<\/p>\n<p>Contato: <a href=\"https:\/\/wp.ufpel.edu.br\/cineufpel\/\">https:\/\/wp.ufpel.edu.br\/cineufpel\/<\/a><\/p>\n<p>&nbsp;<\/p>\n<p><span style=\"font-size: 14pt\"><b>Coral UFPel<\/b><\/span><\/p>\n<p style=\"text-align: justify\">Coro com reg\u00eancia de um professor do Centro de Artes que re\u00fane pessoas da universidade e da comunidade com ensaios semanais. \u00c9 o mais antigo projeto de extens\u00e3o da universidade, um dos projetos estrat\u00e9gicos da PREC e conta, atualmente, com aproximadamente 30 integrantes.<\/p>\n<p>Contato: <a href=\"https:\/\/www.facebook.com\/coralufpel\/\">https:\/\/www.facebook.com\/coralufpel\/<\/a><\/p>\n<p>&nbsp;<\/p>\n<p><span style=\"font-size: 14pt\"><b>Desafio Pr\u00e9-Universit\u00e1rio Popular<\/b><\/span><\/p>\n<p style=\"text-align: justify\">O projeto Desafio Pr\u00e9-Universit\u00e1rio Popular vem a 28 anos atendendo a comunidade de baixa renda de Pelotas, auxiliando na prepara\u00e7\u00e3o para a entrada no ensino superior, nos 4 \u00faltimos anos atendeu de 200 a 300 educandos que foram selecionados para participar das aulas. As atividades educativas s\u00e3o ministradas por alunos de gradua\u00e7\u00e3o e p\u00f3s-gradua\u00e7\u00e3o da UFPel.<\/p>\n<p>Contato: <a href=\"https:\/\/www.facebook.com\/DesafioPreUniversitario\">https:\/\/www.facebook.com\/DesafioPreUniversitario<\/a><\/p>\n<p>&nbsp;<\/p>\n<p><span style=\"font-size: 14pt\"><b>Divulga\u00e7\u00e3o e Registro em Extens\u00e3o<\/b><\/span><\/p>\n<p style=\"text-align: justify\">Programa que objetiva a gera\u00e7\u00e3o de publica\u00e7\u00f5es e outros produtos com a finalidade de gerar registro sobre as a\u00e7\u00f5es de extens\u00e3o da Universidade, bem como ve\u00edculos de divulga\u00e7\u00e3o e debate da produ\u00e7\u00e3o extensionista. Insere-se neste programa a manuten\u00e7\u00e3o dos peri\u00f3dicos da PREC.<\/p>\n<p>Contato: <a href=\"https:\/\/linktr.ee\/prec.ufpel\">https:\/\/linktr.ee\/prec.ufpel<\/a><\/p>\n<p>&nbsp;<\/p>\n<p><span style=\"font-size: 14pt\"><b>F\u00f3rum Social: Difus\u00e3o e Acompanhamento das Comunidades<\/b><\/span><\/p>\n<p style=\"text-align: justify\">O F\u00f3rum Social iniciou as suas atividades em 2017 como um \u00f3rg\u00e3o suplementar da PREC, com a finalidade de aproximar a comunidade externa e a universidade atrav\u00e9s de um espa\u00e7o de discuss\u00e3o e proposi\u00e7\u00e3o de pol\u00edticas de extens\u00e3o, assim como de promo\u00e7\u00e3o de a\u00e7\u00f5es conjuntas entre ambas.<\/p>\n<p style=\"text-align: justify\">Este projeto objetiva organizar as atividades do F\u00f3rum Social, dando continuidade ao projeto anterior, promovendo e registrando as iniciativas oriundas da constru\u00e7\u00e3o coletiva entre os representantes dos movimentos sociais organizados e a UFPel, para o atendimento e encaminhamento de demandas da cidade de Pelotas, bem como para a compreens\u00e3o do papel social da universidade enquanto institui\u00e7\u00e3o p\u00fablica, comprometida com a forma\u00e7\u00e3o de cidad\u00e3os conscientes, com a realidade social na qual est\u00e1 inserida e com a promo\u00e7\u00e3o de mudan\u00e7as desta realidade visando a melhoria na qualidade de vida das pessoas e os avan\u00e7os da sociedade.<\/p>\n<p>Contato: <a href=\"https:\/\/www.facebook.com\/forumsocial.ufpel\">https:\/\/www.facebook.com\/forumsocial.ufpel<\/a><\/p>\n<p>&nbsp;<\/p>\n<p><span style=\"font-size: 14pt\"><b>Hortas Urbanas: Um projeto de sustentabilidade urbana para comunidade pelotense<\/b><\/span><\/p>\n<p style=\"text-align: justify\">Este projeto passou a integrar o rol dos projetos estrat\u00e9gicos da PREC em 2022 e tem por objetivo propiciar \u00e0 popula\u00e7\u00e3o a reflex\u00e3o sobre a sustentabilidade urbana do ponto de vista ambiental, da sa\u00fade, econ\u00f4mico e social, incentivando a mudan\u00e7a da paisagem urbana e fortalecendo o caminho para o direito \u00e0 cidade, a partir de a\u00e7\u00f5es efetivas nos bairros da cidade de Pelotas. Para isso s\u00e3o organizadas hortas com a comunidade e s\u00e3o realizadas oficinas e cursos sobre o tema para que a popula\u00e7\u00e3o possa aprender a utilizar as ervas medicinais, plantar sem agrot\u00f3xicos e tamb\u00e9m possam aprender a utilizar os alimentos.<\/p>\n<p>Contato: <a href=\"https:\/\/wp.ufpel.edu.br\/hortasurbanas\/\">https:\/\/wp.ufpel.edu.br\/hortasurbanas\/<\/a><\/p>\n<p>&nbsp;<\/p>\n<p><span style=\"font-size: 14pt\"><b>Mais Juntas<\/b><\/span><\/p>\n<p style=\"text-align: justify\">Este projeto tem o objetivo geral de promover suporte a mulheres e meninas em situa\u00e7\u00e3o de vulnerabilidade para o empoderamento dessas, al\u00e9m de sensibilizar a comunidade (em especial a comunidade universit\u00e1ria da UFPel) sobre o assunto.<\/p>\n<p style=\"text-align: justify\">A situa\u00e7\u00e3o de vulnerabilidade sobre a qual se planejam as a\u00e7\u00f5es deste projeto \u00e9 a viol\u00eancia contra mulheres e meninas. A escolha pode ser justificada pela defesa da ONU Mulheres de que uma mulher empoderada, empodera pelo menos quatro futuras gera\u00e7\u00f5es. Sob a lente empresarial, a ONU Mulheres (2017) afirma que o empoderamento de mulheres \u00e9 um mecanismo de promo\u00e7\u00e3o de avan\u00e7o econ\u00f4mico para toda a sociedade.<\/p>\n<p>Contato: <a href=\"https:\/\/linktr.ee\/programaenfrente\">https:\/\/linktr.ee\/programaenfrente<\/a><\/p>\n<p>&nbsp;<\/p>\n<p><span style=\"font-size: 14pt\"><b>N\u00facleo de Teatro da UFPel &#8211; Teatro Universit\u00e1rio<\/b><\/span><\/p>\n<p style=\"text-align: justify\">Coordenado atualmente por uma professora do Centro de Artes. Iniciou em 1995 e \u00e9 um dos projetos estrat\u00e9gicos da PREC. Promove a\u00e7\u00f5es s\u00f3cio-culturais na Universidade, cidade e regi\u00e3o dentro do campo das artes c\u00eanicas.<\/p>\n<p>Contato: <a href=\"http:\/\/nucleoteatroufpel.blogspot.com\/\">http:\/\/nucleoteatroufpel.blogspot.com\/<\/a><\/p>\n<p>&nbsp;<\/p>\n<p><span style=\"font-size: 14pt\"><b>Rede de Museus da UFPel: a\u00e7\u00f5es e divulga\u00e7\u00e3o<\/b><\/span><\/p>\n<p style=\"text-align: justify\">O projeto visa apoiar as atividades da Rede de Museus da UFPel, que tem como miss\u00e3o unir os museus, processos e projetos museol\u00f3gicos existentes na Universidade, promovendo a valoriza\u00e7\u00e3o e divulga\u00e7\u00e3o do patrim\u00f4nio museol\u00f3gico, assim como uma aproxima\u00e7\u00e3o efetiva com a comunidade, tanto a acad\u00eamica como o p\u00fablico em geral.<\/p>\n<p>Contato: <a href=\"https:\/\/wp.ufpel.edu.br\/rededemuseusdaufpel\/\">https:\/\/wp.ufpel.edu.br\/rededemuseusdaufpel\/<\/a><\/p>\n<p>&nbsp;<\/p>\n<p><span style=\"font-size: 14pt\"><b>Universidade Aberta Para Idosos &#8211; UNAPI<\/b><\/span><\/p>\n<p style=\"text-align: justify\">A Universidade Aberta Para Idosos &#8211; UNAPI \u00e9 um projeto de extens\u00e3o estrat\u00e9gico da Pr\u00f3-Reitoria de Extens\u00e3o e Cultura da Universidade Federal de Pelotas (UFPel). Tendo iniciado suas atividades em 2016, conta com a colabora\u00e7\u00e3o de professores de diversas unidades da UFPel que ministram aulas em cursos n\u00e3o regulares, os quais s\u00e3o chamados de disciplinas. Nesta modalidade s\u00e3o realizados encontros semanais com, no m\u00e1ximo, duas horas de dura\u00e7\u00e3o, totalizando 15 aulas por semestre. A sele\u00e7\u00e3o dos idosos \u00e9 feita atrav\u00e9s dos editais lan\u00e7ados semestralmente. Na outra modalidade s\u00e3o realizadas palestras e oficinas abertas \u00e0 comunidade, cujas tem\u00e1ticas envolvem a promo\u00e7\u00e3o da sa\u00fade, a inclus\u00e3o social, autonomia, o processo de envelhecimento e reflex\u00f5es sobre cidadania. No geral as oficinas e palestras duram em torno de duas a tr\u00eas horas e s\u00e3o realizadas no per\u00edodo da tarde em diversos espa\u00e7os da UFPel, conforme a demanda pr\u00f3pria da atividade.<\/p>\n<p>Contato: <a href=\"https:\/\/www.facebook.com\/unapiufpel\/\">https:\/\/www.facebook.com\/unapiufpel\/<\/a><\/p>\n<p>&nbsp;<\/p>\n<p><span style=\"font-size: 14pt\"><b>Vem Ser Pelotas<\/b><\/span><\/p>\n<p>O Projeto Vem Ser Pelotas est\u00e1 em funcionamento desde 2017 e passou a ser um dos projetos estrat\u00e9gicos da PREC em 2021. O projeto tem por objetivos: Avaliar os n\u00edveis de aptid\u00e3o f\u00edsica de escolares do quinto ano do ensino fundamental ao terceiro ano do ensino m\u00e9dio; constituir um banco de dados de refer\u00eancia para identificar escolares com altos e baixos n\u00edveis de aptid\u00e3o f\u00edsica relacionada \u00e0 sa\u00fade e ao desempenho motor e entregar relat\u00f3rios individuais dos escolares para a escola utilizar como refer\u00eancia.<\/p>\n<p>Atualmente o projeto tem uma consolidada parceria com a Secretaria Municipal de Educa\u00e7\u00e3o e Desporto. At\u00e9 o momento, foram avaliados 8000 escolares do primeiro ano do ensino fundamental ao terceiro ano do ensino m\u00e9dio de 14 escolas municipais de Pelotas\/RS. J\u00e1 foram identificados, selecionados e indicados 637 escolares para projetos de esporte performance e esporte sa\u00fade.<\/p>\n<p>Contato: <a href=\"https:\/\/www.facebook.com\/vemserpelotas\">https:\/\/www.facebook.com\/vemserpelotas<\/a><\/p>\n","protected":false},"excerpt":{"rendered":"<p>S\u00e3o os conjuntos de atividades destinadas prioritariamente \u00e0 comunidade externa e em conson\u00e2ncia com o conceito de extens\u00e3o do Plano Nacional de Extens\u00e3o Universit\u00e1ria. Caracterizam-se por j\u00e1 estarem vinculados \u00e0 PREC h\u00e1 algum tempo, por cumprirem com os temas e objetivos estrat\u00e9gicos do Plano de desenvolvimento Institucional, com as miss\u00e3o e diretrizes da PREC e [&hellip;]<\/p>\n","protected":false},"author":34,"featured_media":0,"parent":0,"menu_order":0,"comment_status":"closed","ping_status":"closed","template":"","meta":{"footnotes":""},"class_list":["post-5971","page","type-page","status-publish","hentry"],"jetpack_sharing_enabled":true,"jetpack_shortlink":"https:\/\/wp.me\/P70d9s-1yj","_links":{"self":[{"href":"https:\/\/wp.ufpel.edu.br\/prec\/wp-json\/wp\/v2\/pages\/5971","targetHints":{"allow":["GET"]}}],"collection":[{"href":"https:\/\/wp.ufpel.edu.br\/prec\/wp-json\/wp\/v2\/pages"}],"about":[{"href":"https:\/\/wp.ufpel.edu.br\/prec\/wp-json\/wp\/v2\/types\/page"}],"author":[{"embeddable":true,"href":"https:\/\/wp.ufpel.edu.br\/prec\/wp-json\/wp\/v2\/users\/34"}],"replies":[{"embeddable":true,"href":"https:\/\/wp.ufpel.edu.br\/prec\/wp-json\/wp\/v2\/comments?post=5971"}],"version-history":[{"count":8,"href":"https:\/\/wp.ufpel.edu.br\/prec\/wp-json\/wp\/v2\/pages\/5971\/revisions"}],"predecessor-version":[{"id":19112,"href":"https:\/\/wp.ufpel.edu.br\/prec\/wp-json\/wp\/v2\/pages\/5971\/revisions\/19112"}],"wp:attachment":[{"href":"https:\/\/wp.ufpel.edu.br\/prec\/wp-json\/wp\/v2\/media?parent=5971"}],"curies":[{"name":"wp","href":"https:\/\/api.w.org\/{rel}","templated":true}]}}