{"id":2112,"date":"2014-01-07T17:51:20","date_gmt":"2014-01-07T19:51:20","guid":{"rendered":"https:\/\/wp.ufpel.edu.br\/prec\/?page_id=2112"},"modified":"2017-06-09T13:46:44","modified_gmt":"2017-06-09T16:46:44","slug":"bolsas","status":"publish","type":"page","link":"https:\/\/wp.ufpel.edu.br\/prec\/bolsas\/","title":{"rendered":"Bolsas"},"content":{"rendered":"<p><a href=\"https:\/\/wp.ufpel.edu.br\/prec\/files\/2014\/01\/PLANILHA-PARA-PAGAMENTO-DOS-BOLSISTAS-PROEXT-2016.doc\">Planilha para Pagamento dos Bolsistas PROEXT 2016<\/a><\/p>\n<p><a href=\"https:\/\/wp.ufpel.edu.br\/prec\/files\/2014\/01\/formul\u00e1rio-candidato-a-bolsista.doc\">Formul\u00e1rio para Candidato a Bolsista<\/a><\/p>\n<p><a href=\"https:\/\/wp.ufpel.edu.br\/prec\/files\/2014\/01\/Modelo-de-Edital.doc\">Modelo de Edital para Sele\u00e7\u00e3o de Bolsista<\/a><\/p>\n<p>Modelo de Plano de Trabalho do Bolsista<\/p>\n<p><a href=\"https:\/\/wp.ufpel.edu.br\/prec\/files\/2014\/01\/Solicita\u00e7\u00e3o-apra-pagamento-de-bolsistas-1.doc\">Demonstrativo para Pagamento de Bolsistas<\/a><\/p>\n","protected":false},"excerpt":{"rendered":"<p>Planilha para Pagamento dos Bolsistas PROEXT 2016 Formul\u00e1rio para Candidato a Bolsista Modelo de Edital para Sele\u00e7\u00e3o de Bolsista Modelo de Plano de Trabalho do Bolsista Demonstrativo para Pagamento de Bolsistas<\/p>\n","protected":false},"author":34,"featured_media":0,"parent":0,"menu_order":0,"comment_status":"closed","ping_status":"closed","template":"","meta":{"footnotes":""},"class_list":["post-2112","page","type-page","status-publish","hentry"],"jetpack_sharing_enabled":true,"jetpack_shortlink":"https:\/\/wp.me\/P70d9s-y4","_links":{"self":[{"href":"https:\/\/wp.ufpel.edu.br\/prec\/wp-json\/wp\/v2\/pages\/2112","targetHints":{"allow":["GET"]}}],"collection":[{"href":"https:\/\/wp.ufpel.edu.br\/prec\/wp-json\/wp\/v2\/pages"}],"about":[{"href":"https:\/\/wp.ufpel.edu.br\/prec\/wp-json\/wp\/v2\/types\/page"}],"author":[{"embeddable":true,"href":"https:\/\/wp.ufpel.edu.br\/prec\/wp-json\/wp\/v2\/users\/34"}],"replies":[{"embeddable":true,"href":"https:\/\/wp.ufpel.edu.br\/prec\/wp-json\/wp\/v2\/comments?post=2112"}],"version-history":[{"count":24,"href":"https:\/\/wp.ufpel.edu.br\/prec\/wp-json\/wp\/v2\/pages\/2112\/revisions"}],"predecessor-version":[{"id":7052,"href":"https:\/\/wp.ufpel.edu.br\/prec\/wp-json\/wp\/v2\/pages\/2112\/revisions\/7052"}],"wp:attachment":[{"href":"https:\/\/wp.ufpel.edu.br\/prec\/wp-json\/wp\/v2\/media?parent=2112"}],"curies":[{"name":"wp","href":"https:\/\/api.w.org\/{rel}","templated":true}]}}