{"id":174,"date":"2011-08-29T15:02:37","date_gmt":"2011-08-29T18:02:37","guid":{"rendered":"https:\/\/wp.ufpel.edu.br\/prec\/"},"modified":"2019-09-16T18:14:36","modified_gmt":"2019-09-16T21:14:36","slug":"bolsas-de-extensao","status":"publish","type":"page","link":"https:\/\/wp.ufpel.edu.br\/prec\/bolsas-de-extensao\/","title":{"rendered":"Bolsas de Extens\u00e3o"},"content":{"rendered":"<p><strong>Programa de Bolsas Acad\u00eamicas &#8211; PBA:<\/strong><\/p>\n<p>O programa de bolsas acad\u00eamicas (PBA) da Universidade Federal de Pelotas UFPel, destinado aos discentes de gradua\u00e7\u00e3o, objetiva qualificar as pr\u00e1ticas acad\u00eamicas vinculadas aos projetos pedag\u00f3gicos dos Cursos de Gradua\u00e7\u00e3o, tendo por finalidade, dentre outras, promover:<\/p>\n<ol>\n<li>A inicia\u00e7\u00e3o discente em atividades de ensino, extens\u00e3o e pesquisa, por meio de experi\u00eancias que fortale\u00e7am a articula\u00e7\u00e3o entre teoria e pr\u00e1tica;<\/li>\n<li>A\u00e7\u00f5es afirmativas para melhorias das condi\u00e7\u00f5es de estudo e de perman\u00eancia dos discentes de gradua\u00e7\u00e3o;<\/li>\n<li>A qualifica\u00e7\u00e3o das atividades de ensino, de pesquisa e de extens\u00e3o desenvolvidas na UFPel.<\/li>\n<\/ol>\n<p>&nbsp;<\/p>\n<p><strong>Bolsas Aux\u00edlio Viagem &#8211; BAV:<\/strong><\/p>\n<p>O programa Bolsas Aux\u00edlio Viagem destina-se aos acad\u00eamicos de gradua\u00e7\u00e3o da UFPel, regularmente matriculados e com assiduidade comprovada, que queiram participar de eventos no Pa\u00eds e ser\u00e1 desenvolvido pela Pr\u00f3-Reitoria de Extens\u00e3o. A concess\u00e3o da BAV visa exclusivamente \u00e0 cobertura das despesas do acad\u00eamico, n\u00e3o podendo, em hip\u00f3tese alguma, ser utilizada para pagamento de taxas de inscri\u00e7\u00e3o ou similares.<\/p>\n","protected":false},"excerpt":{"rendered":"<p>Programa de Bolsas Acad\u00eamicas &#8211; PBA: O programa de bolsas acad\u00eamicas (PBA) da Universidade Federal de Pelotas UFPel, destinado aos discentes de gradua\u00e7\u00e3o, objetiva qualificar as pr\u00e1ticas acad\u00eamicas vinculadas aos projetos pedag\u00f3gicos dos Cursos de Gradua\u00e7\u00e3o, tendo por finalidade, dentre outras, promover: A inicia\u00e7\u00e3o discente em atividades de ensino, extens\u00e3o e pesquisa, por meio de [&hellip;]<\/p>\n","protected":false},"author":34,"featured_media":0,"parent":0,"menu_order":3,"comment_status":"closed","ping_status":"closed","template":"","meta":{"footnotes":""},"class_list":["post-174","page","type-page","status-publish","hentry"],"jetpack_sharing_enabled":true,"jetpack_shortlink":"https:\/\/wp.me\/P70d9s-2O","_links":{"self":[{"href":"https:\/\/wp.ufpel.edu.br\/prec\/wp-json\/wp\/v2\/pages\/174","targetHints":{"allow":["GET"]}}],"collection":[{"href":"https:\/\/wp.ufpel.edu.br\/prec\/wp-json\/wp\/v2\/pages"}],"about":[{"href":"https:\/\/wp.ufpel.edu.br\/prec\/wp-json\/wp\/v2\/types\/page"}],"author":[{"embeddable":true,"href":"https:\/\/wp.ufpel.edu.br\/prec\/wp-json\/wp\/v2\/users\/34"}],"replies":[{"embeddable":true,"href":"https:\/\/wp.ufpel.edu.br\/prec\/wp-json\/wp\/v2\/comments?post=174"}],"version-history":[{"count":18,"href":"https:\/\/wp.ufpel.edu.br\/prec\/wp-json\/wp\/v2\/pages\/174\/revisions"}],"predecessor-version":[{"id":12565,"href":"https:\/\/wp.ufpel.edu.br\/prec\/wp-json\/wp\/v2\/pages\/174\/revisions\/12565"}],"wp:attachment":[{"href":"https:\/\/wp.ufpel.edu.br\/prec\/wp-json\/wp\/v2\/media?parent=174"}],"curies":[{"name":"wp","href":"https:\/\/api.w.org\/{rel}","templated":true}]}}