{"id":651,"date":"2013-05-07T14:27:40","date_gmt":"2013-05-07T17:27:40","guid":{"rendered":"https:\/\/wp.ufpel.edu.br\/prg\/?page_id=651"},"modified":"2013-05-08T12:19:07","modified_gmt":"2013-05-08T15:19:07","slug":"prodocencia","status":"publish","type":"page","link":"https:\/\/wp.ufpel.edu.br\/pre\/programas\/prodocencia\/","title":{"rendered":"Prodoc\u00eancia"},"content":{"rendered":"<p style=\"text-align: justify\">O Programa de Consolida\u00e7\u00e3o das Licenciaturas (Prodoc\u00eancia)\u00a0\u00e9 uma a\u00e7\u00e3o da Capes cuja finalidade \u00e9 o fomento \u00e0 inova\u00e7\u00e3o e \u00e0 eleva\u00e7\u00e3o da qualidade dos cursos de forma\u00e7\u00e3o para o magist\u00e9rio \u00a0da Educa\u00e7\u00e3o B\u00e1sica, na perspectiva de valoriza\u00e7\u00e3o da carreira docente.<\/p>\n<h2>Editais<\/h2>\n<p><a href=\"https:\/\/wp.ufpel.edu.br\/prg\/files\/2013\/04\/Edital_019_2013_Prodocencia.pdf\">Edital CAPES 019 2013 &#8211; Prodoc\u00eancia<\/a><\/p>\n","protected":false},"excerpt":{"rendered":"<p>O Programa de Consolida\u00e7\u00e3o das Licenciaturas (Prodoc\u00eancia)\u00a0\u00e9 uma a\u00e7\u00e3o da Capes cuja finalidade \u00e9 o fomento \u00e0 inova\u00e7\u00e3o e \u00e0 eleva\u00e7\u00e3o da qualidade dos cursos de forma\u00e7\u00e3o para o magist\u00e9rio \u00a0da Educa\u00e7\u00e3o B\u00e1sica, na perspectiva de valoriza\u00e7\u00e3o da carreira docente. Editais Edital CAPES 019 2013 &#8211; Prodoc\u00eancia<\/p>\n","protected":false},"author":174,"featured_media":0,"parent":51,"menu_order":0,"comment_status":"closed","ping_status":"closed","template":"","meta":{"jetpack_post_was_ever_published":false,"footnotes":"","_links_to":"","_links_to_target":""},"class_list":["post-651","page","type-page","status-publish","hentry"],"jetpack_sharing_enabled":true,"_links":{"self":[{"href":"https:\/\/wp.ufpel.edu.br\/pre\/wp-json\/wp\/v2\/pages\/651","targetHints":{"allow":["GET"]}}],"collection":[{"href":"https:\/\/wp.ufpel.edu.br\/pre\/wp-json\/wp\/v2\/pages"}],"about":[{"href":"https:\/\/wp.ufpel.edu.br\/pre\/wp-json\/wp\/v2\/types\/page"}],"author":[{"embeddable":true,"href":"https:\/\/wp.ufpel.edu.br\/pre\/wp-json\/wp\/v2\/users\/174"}],"replies":[{"embeddable":true,"href":"https:\/\/wp.ufpel.edu.br\/pre\/wp-json\/wp\/v2\/comments?post=651"}],"version-history":[{"count":8,"href":"https:\/\/wp.ufpel.edu.br\/pre\/wp-json\/wp\/v2\/pages\/651\/revisions"}],"predecessor-version":[{"id":659,"href":"https:\/\/wp.ufpel.edu.br\/pre\/wp-json\/wp\/v2\/pages\/651\/revisions\/659"}],"up":[{"embeddable":true,"href":"https:\/\/wp.ufpel.edu.br\/pre\/wp-json\/wp\/v2\/pages\/51"}],"wp:attachment":[{"href":"https:\/\/wp.ufpel.edu.br\/pre\/wp-json\/wp\/v2\/media?parent=651"}],"curies":[{"name":"wp","href":"https:\/\/api.w.org\/{rel}","templated":true}]}}

Prodocência

<p style="text-align: justify">O Programa de Consolidação das Licenciaturas (Prodocência) é uma ação da Capes cuja finalidade é o fomento à inovação e à elevação da qualidade dos cursos de formação para o magistério  da Educação Básica, na perspectiva de valorização da carreira docente.</p>
<h2>Editais</h2>
<p><a href="https://wp.ufpel.edu.br/prg/files/2013/04/Edital_019_2013_Prodocencia.pdf">Edital CAPES 019 2013 &#8211; Prodocência</a></p>

<p>O Programa de Consolidação das Licenciaturas (Prodocência) é uma ação da Capes cuja finalidade é o fomento à inovação e à elevação da qualidade dos cursos de formação para o magistério  da Educação Básica, na perspectiva de valorização da carreira docente. Editais Edital CAPES 019 2013 &#8211; Prodocência</p>
