{"id":1594,"date":"2014-06-12T09:59:11","date_gmt":"2014-06-12T12:59:11","guid":{"rendered":"https:\/\/wp.ufpel.edu.br\/prg\/?page_id=1594"},"modified":"2014-06-12T09:59:11","modified_gmt":"2014-06-12T12:59:11","slug":"programa-jovens-talentos-para-ciencia","status":"publish","type":"page","link":"https:\/\/wp.ufpel.edu.br\/pre\/programas\/programa-jovens-talentos-para-ciencia\/","title":{"rendered":"Programa Jovens Talentos para Ci\u00eancia"},"content":{"rendered":"<h1 style=\"color: #00ccff\">Programa Jovens Talentos para Ci\u00eancia abre inscri\u00e7\u00f5es<\/h1>\n<p style=\"color: #666666\">A Pr\u00f3-Reitoria de Gradua\u00e7\u00e3o(PRG) est\u00e1 informando que est\u00e3o abertas aos estudantes de gradua\u00e7\u00e3o at\u00e9 as 23h59min do dia 20 de junho (sexta-feira), as inscri\u00e7\u00f5es para o Edital N\u00ba 26\/2014 da CAPES, referente ao Programa Jovens Talentos para Ci\u00eancia. Recentemente, este Programa passou a ser gerido pela Coordena\u00e7\u00e3o de Programas e Projetos da PRG.<\/p>\n<p style=\"color: #666666\">Segundo a Capes, \u201co programa de incentivo \u00e0 inicia\u00e7\u00e3o cient\u00edfica Jovens Talentos para a Ci\u00eancia \u00e9 destinado a estudantes de gradua\u00e7\u00e3o de todas as \u00e1reas do conhecimento e tem o objetivo de inserir precocemente os estudantes no meio cient\u00edfico\u201d. Em todo o Brasil, ser\u00e3o concedidas at\u00e9 onze mil bolsas de inicia\u00e7\u00e3o cient\u00edfica aos melhores colocados, pelo per\u00edodo de at\u00e9 12 meses, a serem implementadas a partir de 2 de janeiro de 2015.<\/p>\n<p style=\"color: #666666\">Os estudantes interessados dever\u00e3o se inscrever exclusivamente atrav\u00e9s do endere\u00e7o eletr\u00f4nico<a style=\"font-weight: inherit;font-style: inherit;color: #666666\" href=\"http:\/\/jovenstalentos.capes.gov.br\/\" target=\"_blank\">http:\/\/jovenstalentos.capes.gov.br\/<\/a>. A sele\u00e7\u00e3o ocorrer\u00e1 mediante prova de conhecimentos gerais (exatas e humanas) aplicada pela UFPel, no dia 14 de setembro, a partir das 13h, mediante orienta\u00e7\u00f5es disponibilizadas posteriormente.<\/p>\n<p style=\"color: #666666\">Todas as orienta\u00e7\u00f5es sobre o programa est\u00e3o dispon\u00edveis no endere\u00e7o eletr\u00f4nico<a style=\"font-weight: inherit;font-style: inherit;color: #666666\" href=\"http:\/\/www.capes.gov.br\/bolsas\/programas-especiais\/jovens-talentos-para-a-ciencia\" target=\"_blank\">http:\/\/www.capes.gov.br\/bolsas\/programas-especiais\/jovens-talentos-para-a-ciencia<\/a><\/p>\n<p style=\"color: #666666\"><strong style=\"font-style: inherit\">Os requisitos para a candidatura de estudantes s\u00e3o:<\/strong><br style=\"font-weight: inherit;font-style: inherit\" \/>&#8211; Estar regulamente matriculado em curso de gradua\u00e7\u00e3o na modalidade presencial na UFPel;<br style=\"font-weight: inherit;font-style: inherit\" \/>&#8211; Ter conclu\u00eddo o ensino m\u00e9dio no final de 2012 ou 2013 e ter ingressado na primeira gradua\u00e7\u00e3o no segundo semestre de 2013 ou no primeiro semestre de 2014;<br style=\"font-weight: inherit;font-style: inherit\" \/>&#8211; N\u00e3o possuir v\u00ednculo empregat\u00edcio;<br style=\"font-weight: inherit;font-style: inherit\" \/>&#8211; N\u00e3o acumular a Bolsa do Programa Jovens Talentos para a Ci\u00eancia com bolsas de estudos de outros Programas da CAPES ou do CNPq ou de outras institui\u00e7\u00f5es Nacionais ou Internacionais;<br style=\"font-weight: inherit;font-style: inherit\" \/>&#8211; N\u00e3o estar em d\u00e9bito, de qualquer natureza, com a CAPES, CNPq ou outras ag\u00eancias ou institui\u00e7\u00f5es de fomento \u00e0 pesquisa;<br style=\"font-weight: inherit;font-style: inherit\" \/>&#8211; N\u00e3o ter sido bolsista da CAPES, CNPq ou outras ag\u00eancias p\u00fablicas, na mesma modalidade de bolsa.<\/p>\n<p style=\"color: #666666\">O referido Edital da CAPES atribui ao Coordenador de curso a compet\u00eancia de orientar a inscri\u00e7\u00e3o dos estudantes no Programa e validar sua inscri\u00e7\u00e3o atrav\u00e9s do sistema. H\u00e1 tamb\u00e9m a necessidade de designar um orientador para cada bolsista aprovado.<\/p>\n<p style=\"color: #666666\">Confira as regras gerais no Edital dispon\u00edvel em<a style=\"font-weight: inherit;font-style: inherit;color: #666666\" href=\"http:\/\/capes.gov.br\/images\/stories\/download\/editais\/262014-Edital-2014-JOVENS-TALENTOS-final.pdf\" target=\"_blank\">http:\/\/capes.gov.br\/images\/stories\/download\/editais\/262014-Edital-2014-JOVENS-TALENTOS-final.pdf<\/a><\/p>\n","protected":false},"excerpt":{"rendered":"<p>Programa Jovens Talentos para Ci\u00eancia abre inscri\u00e7\u00f5es A Pr\u00f3-Reitoria de Gradua\u00e7\u00e3o(PRG) est\u00e1 informando que est\u00e3o abertas aos estudantes de gradua\u00e7\u00e3o at\u00e9 as 23h59min do dia 20 de junho (sexta-feira), as inscri\u00e7\u00f5es para o Edital N\u00ba 26\/2014 da CAPES, referente ao Programa Jovens Talentos para Ci\u00eancia. Recentemente, este Programa passou a ser gerido pela Coordena\u00e7\u00e3o de [&hellip;]<\/p>\n","protected":false},"author":174,"featured_media":0,"parent":51,"menu_order":1,"comment_status":"closed","ping_status":"closed","template":"","meta":{"jetpack_post_was_ever_published":false,"footnotes":"","_links_to":"","_links_to_target":""},"class_list":["post-1594","page","type-page","status-publish","hentry"],"jetpack_sharing_enabled":true,"_links":{"self":[{"href":"https:\/\/wp.ufpel.edu.br\/pre\/wp-json\/wp\/v2\/pages\/1594","targetHints":{"allow":["GET"]}}],"collection":[{"href":"https:\/\/wp.ufpel.edu.br\/pre\/wp-json\/wp\/v2\/pages"}],"about":[{"href":"https:\/\/wp.ufpel.edu.br\/pre\/wp-json\/wp\/v2\/types\/page"}],"author":[{"embeddable":true,"href":"https:\/\/wp.ufpel.edu.br\/pre\/wp-json\/wp\/v2\/users\/174"}],"replies":[{"embeddable":true,"href":"https:\/\/wp.ufpel.edu.br\/pre\/wp-json\/wp\/v2\/comments?post=1594"}],"version-history":[{"count":1,"href":"https:\/\/wp.ufpel.edu.br\/pre\/wp-json\/wp\/v2\/pages\/1594\/revisions"}],"predecessor-version":[{"id":1595,"href":"https:\/\/wp.ufpel.edu.br\/pre\/wp-json\/wp\/v2\/pages\/1594\/revisions\/1595"}],"up":[{"embeddable":true,"href":"https:\/\/wp.ufpel.edu.br\/pre\/wp-json\/wp\/v2\/pages\/51"}],"wp:attachment":[{"href":"https:\/\/wp.ufpel.edu.br\/pre\/wp-json\/wp\/v2\/media?parent=1594"}],"curies":[{"name":"wp","href":"https:\/\/api.w.org\/{rel}","templated":true}]}}