{"id":18,"date":"2016-04-10T21:21:51","date_gmt":"2016-04-11T00:21:51","guid":{"rendered":"https:\/\/wp.ufpel.edu.br\/praxis\/?page_id=18"},"modified":"2016-08-16T12:58:02","modified_gmt":"2016-08-16T15:58:02","slug":"equipe","status":"publish","type":"page","link":"https:\/\/wp.ufpel.edu.br\/praxis\/equipe\/","title":{"rendered":"Equipe"},"content":{"rendered":"<p><b><\/b><strong>Coordena\u00e7\u00e3o Geral:<\/strong><\/p>\n<ul>\n<li><em>Evandro Barbosa (Filosofia &#8211; UFPel)<\/em><\/li>\n<li>Fl\u00e1via Carvalho Chagas <span class=\"Apple-style-span\"><em>(Filosofia &#8211; UFPel)<\/em><\/span><\/li>\n<li>Kelin Valeir\u00e3o\u00a0<span class=\"Apple-style-span\"><em>(Filosofia &#8211; UFPel)<\/em><\/span><\/li>\n<\/ul>\n<p><strong>Casa das Meninas:<\/strong><\/p>\n<ul>\n<li><em>Coordenadora geral: <\/em>Adriana Silveira<span class=\"Apple-style-span\" style=\"color: #000000\"><b>\u00a0<\/b><\/span><\/li>\n<li><em>Coordenadora pedag\u00f3gica: <\/em>Daiane Gomes<\/li>\n<\/ul>\n<p><strong>Grupos de Trabalho:<\/strong><\/p>\n<p><strong>&#8211;\u00a0 GT Filosofia e Cultura\u00a0<\/strong><\/p>\n<ul>\n<li><span class=\"Apple-style-span\">Fl\u00e1via Carvalho Chagas\u00a0(Filosofia &#8211; UFPel)<em> &#8211;\u00a0Coordenadora<\/em><\/span><\/li>\n<li>M\u00e1rcio Mariot (IFSUL &#8211; <em>Campus<\/em> CAVG)<\/li>\n<li>William Barros (Matem\u00e1tica &#8211; UFPel)<\/li>\n<\/ul>\n<p><strong>&#8211; GT Cidadania\u00a0<\/strong><\/p>\n<ul>\n<li><span class=\"Apple-style-span\">Tha\u00eds Alves Costa\u00a0(Direito &#8211; UCPel) &#8211;\u00a0<em>Coordenadora<\/em><\/span><\/li>\n<li>Keberson Bresolin (Filosofia &#8211; UFPel)<\/li>\n<li>Madelon Palmeira (Direito &#8211; UCPel)<\/li>\n<\/ul>\n<p><b><\/b><strong>&#8211; GT Forma\u00e7\u00e3o Individual\u00a0<\/strong><\/p>\n<ul>\n<li><span class=\"Apple-style-span\">Kelin Valeir\u00e3o\u00a0(Filosofia &#8211; UFPel) <em>&#8211;\u00a0Coordenadora<\/em><\/span><\/li>\n<li>Nicolle Lemos (Hist\u00f3ria &#8211; UFPel)<\/li>\n<\/ul>\n<p><strong>&#8211; GT Forma\u00e7\u00e3o Liter\u00e1ria<\/strong><\/p>\n<ul>\n<li><span class=\"Apple-style-span\">Ta\u00eds Bopp\u00a0(Letras &#8211; UFPel) &#8211;<em>\u00a0Coordenadora<\/em><\/span><\/li>\n<\/ul>\n<p><strong>&#8211; GT Sa\u00fade<\/strong><\/p>\n<ul>\n<li>Renato Waldemarin\u00a0<span class=\"Apple-style-span\">(Odontologia &#8211; UFPel)<em> &#8211;\u00a0Coordenador<\/em><\/span><\/li>\n<li>Zulce Motta (M\u00e9dica Pediatra)<\/li>\n<li>Jessika Gruendemann\u00a0<span class=\"Apple-style-span\">(Odontologia &#8211; UFPel)<\/span><\/li>\n<li>Beatriz Rabello\u00a0<span class=\"Apple-style-span\">(Odontologia &#8211; UFPel)<\/span><\/li>\n<li>Manuela Gomes\u00a0<span class=\"Apple-style-span\">(Odontologia &#8211; UFPel)<\/span><\/li>\n<li>Mariana Silveira\u00a0<span class=\"Apple-style-span\">(Odontologia &#8211; UFPel)<\/span><\/li>\n<li>Maria Carolina Corral\u00a0<span class=\"Apple-style-span\">(Odontologia &#8211; UFPel)<\/span><\/li>\n<\/ul>\n<p><span class=\"Apple-style-span\" style=\"color: #000000\"><b><br \/>\n<\/b><\/span><b><\/b><\/p>\n","protected":false},"excerpt":{"rendered":"<p>Coordena\u00e7\u00e3o Geral: Evandro Barbosa (Filosofia &#8211; UFPel) Fl\u00e1via Carvalho Chagas (Filosofia &#8211; UFPel) Kelin Valeir\u00e3o\u00a0(Filosofia &#8211; UFPel) Casa das Meninas: Coordenadora geral: Adriana Silveira\u00a0 Coordenadora pedag\u00f3gica: Daiane Gomes Grupos de Trabalho: &#8211;\u00a0 GT Filosofia e Cultura\u00a0 Fl\u00e1via Carvalho Chagas\u00a0(Filosofia &#8211; &hellip; <a href=\"https:\/\/wp.ufpel.edu.br\/praxis\/equipe\/\">Continue lendo <span class=\"meta-nav\">&rarr;<\/span><\/a><\/p>\n","protected":false},"author":559,"featured_media":0,"parent":0,"menu_order":0,"comment_status":"closed","ping_status":"closed","template":"","meta":{"footnotes":""},"class_list":["post-18","page","type-page","status-publish","hentry"],"_links":{"self":[{"href":"https:\/\/wp.ufpel.edu.br\/praxis\/wp-json\/wp\/v2\/pages\/18","targetHints":{"allow":["GET"]}}],"collection":[{"href":"https:\/\/wp.ufpel.edu.br\/praxis\/wp-json\/wp\/v2\/pages"}],"about":[{"href":"https:\/\/wp.ufpel.edu.br\/praxis\/wp-json\/wp\/v2\/types\/page"}],"author":[{"embeddable":true,"href":"https:\/\/wp.ufpel.edu.br\/praxis\/wp-json\/wp\/v2\/users\/559"}],"replies":[{"embeddable":true,"href":"https:\/\/wp.ufpel.edu.br\/praxis\/wp-json\/wp\/v2\/comments?post=18"}],"version-history":[{"count":7,"href":"https:\/\/wp.ufpel.edu.br\/praxis\/wp-json\/wp\/v2\/pages\/18\/revisions"}],"predecessor-version":[{"id":88,"href":"https:\/\/wp.ufpel.edu.br\/praxis\/wp-json\/wp\/v2\/pages\/18\/revisions\/88"}],"wp:attachment":[{"href":"https:\/\/wp.ufpel.edu.br\/praxis\/wp-json\/wp\/v2\/media?parent=18"}],"curies":[{"name":"wp","href":"https:\/\/api.w.org\/{rel}","templated":true}]}}