{"id":8045,"date":"2019-05-06T10:53:57","date_gmt":"2019-05-06T13:53:57","guid":{"rendered":"https:\/\/wp.ufpel.edu.br\/prae\/?page_id=8045"},"modified":"2025-08-21T11:46:45","modified_gmt":"2025-08-21T14:46:45","slug":"autorizacao-restaurante-universitario","status":"publish","type":"page","link":"https:\/\/wp.ufpel.edu.br\/prae\/coordenacao-de-politicas-estudantis\/politicas-para-maes-e-pais\/autorizacao-restaurante-universitario\/","title":{"rendered":"Autoriza\u00e7\u00e3o Restaurante Universit\u00e1rio"},"content":{"rendered":"<p>Em vista de facilitar a autoriza\u00e7\u00e3o para acessar <span style=\"font-size: 1rem\">os Restaurantes Universit\u00e1rios e Transporte de Apoio, necess\u00e1ria para m\u00e3es ou pais que fazem uso dos mesmos acompanhadas(os) de seus(as) filhos(as), a Coordena\u00e7\u00e3o de Pol\u00edticas Estudantis (CPE) disponibiliza o formul\u00e1rio dispon\u00edvel aqui:<\/span><\/p>\n<p><a href=\"https:\/\/forms.gle\/NGXGqZNiEatC7B5X8\" target=\"_blank\" rel=\"noopener\">Solicita\u00e7\u00e3o de autoriza\u00e7\u00e3o para RU e Transporte \u2013 Pol\u00edtica para M\u00e3es (e Pais) da UFPel<\/a><\/p>\n<p><strong>Podem usufruir:<\/strong> Filho(a)(s) com at\u00e9 12 anos incompletos, na mesma modalidade de acesso que a m\u00e3e ou pai.\u00a0 O acesso aos RUs poder\u00e1 ser estendido ap\u00f3s os 12 anos da crian\u00e7a e at\u00e9 seus 14 anos incompletos, passando para o valor integral da refei\u00e7\u00e3o. Ainda, para estudantes m\u00e3es e pais de pessoas com defici\u00eancia, \u00e9 garantido o acesso aos RUs a estes filhos, independentemente de sua idade.<\/p>\n<p><strong>Contato:<\/strong><\/p>\n<p>Coordena\u00e7\u00e3o de Pol\u00edticas Estudantis (CPE): cpe.prae.ufpel@gmail.com<\/p>\n<p><a href=\"https:\/\/wp.ufpel.edu.br\/prae\/files\/2022\/02\/CPE_PRAE.png\"><img loading=\"lazy\" decoding=\"async\" class=\"size-medium wp-image-13063 aligncenter\" src=\"https:\/\/wp.ufpel.edu.br\/prae\/files\/2022\/02\/CPE_PRAE-400x127.png\" alt=\"\" width=\"400\" height=\"127\" srcset=\"https:\/\/wp.ufpel.edu.br\/prae\/files\/2022\/02\/CPE_PRAE-400x127.png 400w, https:\/\/wp.ufpel.edu.br\/prae\/files\/2022\/02\/CPE_PRAE-768x243.png 768w, https:\/\/wp.ufpel.edu.br\/prae\/files\/2022\/02\/CPE_PRAE.png 940w\" sizes=\"auto, (max-width: 400px) 100vw, 400px\" \/><\/a><\/p>\n","protected":false},"excerpt":{"rendered":"<p>Em vista de facilitar a autoriza\u00e7\u00e3o para acessar os Restaurantes Universit\u00e1rios e Transporte de Apoio, necess\u00e1ria para m\u00e3es ou pais que fazem uso dos mesmos acompanhadas(os) de seus(as) filhos(as), a Coordena\u00e7\u00e3o de Pol\u00edticas Estudantis (CPE) disponibiliza o formul\u00e1rio dispon\u00edvel aqui: Solicita\u00e7\u00e3o de autoriza\u00e7\u00e3o para RU e Transporte \u2013 Pol\u00edtica para M\u00e3es (e Pais) da UFPel &hellip; <\/p>\n<p class=\"link-more\"><a href=\"https:\/\/wp.ufpel.edu.br\/prae\/coordenacao-de-politicas-estudantis\/politicas-para-maes-e-pais\/autorizacao-restaurante-universitario\/\" class=\"more-link\">Continue lendo<span class=\"screen-reader-text\"> &#8220;Autoriza\u00e7\u00e3o Restaurante Universit\u00e1rio&#8221;<\/span><\/a><\/p>\n","protected":false},"author":229,"featured_media":0,"parent":8042,"menu_order":0,"comment_status":"closed","ping_status":"closed","template":"","meta":{"footnotes":""},"class_list":["post-8045","page","type-page","status-publish","hentry"],"_links":{"self":[{"href":"https:\/\/wp.ufpel.edu.br\/prae\/wp-json\/wp\/v2\/pages\/8045","targetHints":{"allow":["GET"]}}],"collection":[{"href":"https:\/\/wp.ufpel.edu.br\/prae\/wp-json\/wp\/v2\/pages"}],"about":[{"href":"https:\/\/wp.ufpel.edu.br\/prae\/wp-json\/wp\/v2\/types\/page"}],"author":[{"embeddable":true,"href":"https:\/\/wp.ufpel.edu.br\/prae\/wp-json\/wp\/v2\/users\/229"}],"replies":[{"embeddable":true,"href":"https:\/\/wp.ufpel.edu.br\/prae\/wp-json\/wp\/v2\/comments?post=8045"}],"version-history":[{"count":3,"href":"https:\/\/wp.ufpel.edu.br\/prae\/wp-json\/wp\/v2\/pages\/8045\/revisions"}],"predecessor-version":[{"id":18298,"href":"https:\/\/wp.ufpel.edu.br\/prae\/wp-json\/wp\/v2\/pages\/8045\/revisions\/18298"}],"up":[{"embeddable":true,"href":"https:\/\/wp.ufpel.edu.br\/prae\/wp-json\/wp\/v2\/pages\/8042"}],"wp:attachment":[{"href":"https:\/\/wp.ufpel.edu.br\/prae\/wp-json\/wp\/v2\/media?parent=8045"}],"curies":[{"name":"wp","href":"https:\/\/api.w.org\/{rel}","templated":true}]}}