{"id":7958,"date":"2019-04-18T11:41:36","date_gmt":"2019-04-18T14:41:36","guid":{"rendered":"https:\/\/wp.ufpel.edu.br\/prae\/?page_id=7958"},"modified":"2023-01-13T15:49:36","modified_gmt":"2023-01-13T18:49:36","slug":"programa-de-acompanhamento-pedagogico","status":"publish","type":"page","link":"https:\/\/wp.ufpel.edu.br\/prae\/programa-de-acompanhamento-pedagogico\/","title":{"rendered":"A\u00e7\u00f5es de Perman\u00eancia"},"content":{"rendered":"<p><span style=\"font-weight: 400\">As a\u00e7\u00f5es da Coordena\u00e7\u00e3o de Perman\u00eancia est\u00e3o voltadas ao acolhimento, ao acompanhamento e ao apoio psicopedag\u00f3gico. Elas se d\u00e3o por meio de atendimentos individuais e coletivos.<\/span><\/p>\n<p><span style=\"font-weight: 400\">A equipe dessa coordena\u00e7\u00e3o \u00e9 composta por pedagogas, psic\u00f3logas, uma psiquiatra e uma enfermeira que t\u00eam como objetivo principal a aproxima\u00e7\u00e3o junto aos estudantes, prioritariamente, voltada aos benefici\u00e1rios da PRAE, a fim de colocar-se \u00e0 disposi\u00e7\u00e3o para a busca de solu\u00e7\u00f5es em rela\u00e7\u00e3o ao baixo aproveitamento acad\u00eamico.<\/span><\/p>\n<p><span style=\"font-weight: 400\">Atualmente nosso trabalho \u00e9 guiado pela <\/span><span style=\"font-weight: 400\">Resolu\u00e7\u00e3o <a href=\"https:\/\/wp.ufpel.edu.br\/scs\/files\/2022\/02\/Resolucao-25.2021-COCEPE.pdf\">COCEPE 25\/2021 <\/a><\/span><span style=\"font-weight: 400\">\u00a0que regulamenta as a\u00e7\u00f5es de acompanhamento de rendimento acad\u00eamico e perman\u00eancia nos Programas Aux\u00edlio Estudantil da PRAE e institui o Programa Institucional de Acompanhamento Sociopsicopedag\u00f3gico.\u00a0<\/span><\/p>\n<p>&nbsp;<\/p>\n<p><span style=\"font-weight: 400\">Saiba como participar dessas a\u00e7\u00f5es acessando:<\/span><\/p>\n<p>&nbsp;<\/p>\n<p><strong>Grupos de preven\u00e7\u00e3o em sa\u00fade <\/strong><span style=\"font-weight: 400\">(<\/span><a href=\"https:\/\/wp.ufpel.edu.br\/prae\/atendimento-psicologico-online\/grupos-de-prevencao-em-saude\/\"><span style=\"font-weight: 400\">https:\/\/wp.ufpel.edu.br\/prae\/atendimento-psicologico-online\/grupos-de-prevencao-em-saude\/<\/span><\/a><span style=\"font-weight: 400\">)<\/span><\/p>\n<p>&nbsp;<\/p>\n<p><strong>Salas de acompanhamento pedag\u00f3gico <\/strong><span style=\"font-weight: 400\">(<\/span><a href=\"https:\/\/wp.ufpel.edu.br\/prae\/programa-de-acompanhamento-pedagogico\/programa-de-acompanhamento-pedagogico-apresentacao\/\"><span style=\"font-weight: 400\">https:\/\/wp.ufpel.edu.br\/prae\/programa-de-acompanhamento-pedagogico\/programa-de-acompanhamento-pedagogico-apresentacao\/<\/span><\/a><span style=\"font-weight: 400\">)<\/span><\/p>\n<p>&nbsp;<\/p>\n<p><strong>Acolhimento em sa\u00fade mental<\/strong><span style=\"font-weight: 400\"> (<\/span><a href=\"https:\/\/wp.ufpel.edu.br\/prae\/atendimento-psicologico-online\/\"><span style=\"font-weight: 400\">https:\/\/wp.ufpel.edu.br\/prae\/atendimento-psicologico-online\/<\/span><\/a><span style=\"font-weight: 400\">)<\/span><\/p>\n<p>&nbsp;<\/p>\n","protected":false},"excerpt":{"rendered":"<p>As a\u00e7\u00f5es da Coordena\u00e7\u00e3o de Perman\u00eancia est\u00e3o voltadas ao acolhimento, ao acompanhamento e ao apoio psicopedag\u00f3gico. Elas se d\u00e3o por meio de atendimentos individuais e coletivos. A equipe dessa coordena\u00e7\u00e3o \u00e9 composta por pedagogas, psic\u00f3logas, uma psiquiatra e uma enfermeira que t\u00eam como objetivo principal a aproxima\u00e7\u00e3o junto aos estudantes, prioritariamente, voltada aos benefici\u00e1rios da &hellip; <\/p>\n<p class=\"link-more\"><a href=\"https:\/\/wp.ufpel.edu.br\/prae\/programa-de-acompanhamento-pedagogico\/\" class=\"more-link\">Continue lendo<span class=\"screen-reader-text\"> &#8220;A\u00e7\u00f5es de Perman\u00eancia&#8221;<\/span><\/a><\/p>\n","protected":false},"author":229,"featured_media":0,"parent":0,"menu_order":0,"comment_status":"closed","ping_status":"closed","template":"","meta":{"footnotes":""},"class_list":["post-7958","page","type-page","status-publish","hentry"],"_links":{"self":[{"href":"https:\/\/wp.ufpel.edu.br\/prae\/wp-json\/wp\/v2\/pages\/7958","targetHints":{"allow":["GET"]}}],"collection":[{"href":"https:\/\/wp.ufpel.edu.br\/prae\/wp-json\/wp\/v2\/pages"}],"about":[{"href":"https:\/\/wp.ufpel.edu.br\/prae\/wp-json\/wp\/v2\/types\/page"}],"author":[{"embeddable":true,"href":"https:\/\/wp.ufpel.edu.br\/prae\/wp-json\/wp\/v2\/users\/229"}],"replies":[{"embeddable":true,"href":"https:\/\/wp.ufpel.edu.br\/prae\/wp-json\/wp\/v2\/comments?post=7958"}],"version-history":[{"count":19,"href":"https:\/\/wp.ufpel.edu.br\/prae\/wp-json\/wp\/v2\/pages\/7958\/revisions"}],"predecessor-version":[{"id":14420,"href":"https:\/\/wp.ufpel.edu.br\/prae\/wp-json\/wp\/v2\/pages\/7958\/revisions\/14420"}],"wp:attachment":[{"href":"https:\/\/wp.ufpel.edu.br\/prae\/wp-json\/wp\/v2\/media?parent=7958"}],"curies":[{"name":"wp","href":"https:\/\/api.w.org\/{rel}","templated":true}]}}