{"id":7549,"date":"2019-01-22T11:50:25","date_gmt":"2019-01-22T13:50:25","guid":{"rendered":"https:\/\/wp.ufpel.edu.br\/prae\/?page_id=7549"},"modified":"2024-03-11T09:06:39","modified_gmt":"2024-03-11T12:06:39","slug":"moradia-estudantil","status":"publish","type":"page","link":"https:\/\/wp.ufpel.edu.br\/prae\/coordenacao-de-politicas-estudantis\/programa-de-moradia-estudantil\/moradia-estudantil\/","title":{"rendered":"Casa do Estudante Universit\u00e1rio (CEU)"},"content":{"rendered":"<p>&nbsp;<\/p>\n<p><a href=\"https:\/\/wp.ufpel.edu.br\/prae\/files\/2022\/02\/2-1.jpg\"><img loading=\"lazy\" decoding=\"async\" class=\"size-medium wp-image-13067 aligncenter\" src=\"https:\/\/wp.ufpel.edu.br\/prae\/files\/2022\/02\/2-1-400x265.jpg\" alt=\"\" width=\"400\" height=\"265\" srcset=\"https:\/\/wp.ufpel.edu.br\/prae\/files\/2022\/02\/2-1-400x265.jpg 400w, https:\/\/wp.ufpel.edu.br\/prae\/files\/2022\/02\/2-1-1024x678.jpg 1024w, https:\/\/wp.ufpel.edu.br\/prae\/files\/2022\/02\/2-1-768x509.jpg 768w, https:\/\/wp.ufpel.edu.br\/prae\/files\/2022\/02\/2-1-1536x1017.jpg 1536w, https:\/\/wp.ufpel.edu.br\/prae\/files\/2022\/02\/2-1.jpg 1643w\" sizes=\"auto, (max-width: 400px) 100vw, 400px\" \/><\/a><\/p>\n<p style=\"text-align: justify\"><strong>A Casa do Estudante Universit\u00e1rio (CEU) \u00e9 a moradia estudantil referente ao Programa de Moradia Estudantil (PME).\u00a0<\/strong><\/p>\n<p style=\"text-align: justify\">A CEU fica hoje localizada na Rua 3 de maio, 1212, Centro &#8211; Pelotas. Com capacidade para acolher at\u00e9 240 pessoas, conta com 60 apartamentos, dos quais 40 s\u00e3o de 2 quartos para at\u00e9 4 pessoas, e o restante de 1 quarto, para at\u00e9 3 pessoas. As vagas s\u00e3o majoritariamente destinadas a estudantes de gradua\u00e7\u00e3o e ainda h\u00e1 uma reserva de vagas para estudantes de p\u00f3s-gradua\u00e7\u00e3o e intercambistas.<\/p>\n<p style=\"text-align: justify\">Todos os apartamentos s\u00e3o mobiliados com utens\u00edlios b\u00e1sicos, incluindo arm\u00e1rio individual, camas, beliches, colch\u00f5es, poltronas, mesas, cadeiras, geladeira e ducha eletr\u00f4nica. Cabe ao estudante ingressante na CEU arcar com itens b\u00e1sicos e pessoais como roupa de cama, toalha, cobertores e itens de higiene e limpeza do apartamento.<\/p>\n<p style=\"text-align: justify\">O ingresso na CEU se d\u00e1 pela inscri\u00e7\u00e3o e sele\u00e7\u00e3o no Programa de Moradia Estudantil (PME) conforme dispostos aqui: <a href=\"https:\/\/wp.ufpel.edu.br\/prae\/coordenacao-de-politicas-estudantis\/programa-de-moradia-estudantil\/\" target=\"_blank\" rel=\"noopener\">https:\/\/wp.ufpel.edu.br\/prae\/coordenacao-de-politicas-estudantis\/programa-de-moradia-estudantil\/<\/a><\/p>\n<p style=\"text-align: justify\">Para maiores informa\u00e7\u00f5es, entre em contato com a Coordena\u00e7\u00e3o de Pol\u00edticas Estudantis (CPE)\u00a0 atrav\u00e9s do e-mail cpe.prae.ufpel@gmail.com<\/p>\n<p>&nbsp;<\/p>\n<p style=\"text-align: justify\"><strong>Fa\u00e7a uma visita virtual pela Moradia Estudantil atrav\u00e9s deste link: <a href=\"https:\/\/youtu.be\/wO9GzQj5tzg\" target=\"_blank\" rel=\"noopener noreferrer\">VISITA VIRTUAL CEU\/UFPEL<\/a><\/strong><\/p>\n<p>&nbsp;<\/p>\n<p><strong>Se voc\u00ea j\u00e1 reside na CEU, solicite manuten\u00e7\u00e3o do seu apartamento atrav\u00e9s deste link: <a href=\"https:\/\/wp.ufpel.edu.br\/prae\/coordenacao-de-politicas-estudantis\/programa-de-moradia-estudantil\/nucleo-de-moradia-estudantil\/solicitacao-de-manutencao-moradia-estudantil\/\" target=\"_blank\" rel=\"noopener\">MANUTEN\u00c7\u00d5ES<\/a><\/strong><\/p>\n<p><a href=\"https:\/\/wp.ufpel.edu.br\/prae\/files\/2022\/02\/CPE_PRAE.png\"><img loading=\"lazy\" decoding=\"async\" class=\"size-medium wp-image-13063 aligncenter\" src=\"https:\/\/wp.ufpel.edu.br\/prae\/files\/2022\/02\/CPE_PRAE-400x127.png\" alt=\"\" width=\"400\" height=\"127\" srcset=\"https:\/\/wp.ufpel.edu.br\/prae\/files\/2022\/02\/CPE_PRAE-400x127.png 400w, https:\/\/wp.ufpel.edu.br\/prae\/files\/2022\/02\/CPE_PRAE-768x243.png 768w, https:\/\/wp.ufpel.edu.br\/prae\/files\/2022\/02\/CPE_PRAE.png 940w\" sizes=\"auto, (max-width: 400px) 100vw, 400px\" \/><\/a><\/p>\n","protected":false},"excerpt":{"rendered":"<p>&nbsp; A Casa do Estudante Universit\u00e1rio (CEU) \u00e9 a moradia estudantil referente ao Programa de Moradia Estudantil (PME).\u00a0 A CEU fica hoje localizada na Rua 3 de maio, 1212, Centro &#8211; Pelotas. Com capacidade para acolher at\u00e9 240 pessoas, conta com 60 apartamentos, dos quais 40 s\u00e3o de 2 quartos para at\u00e9 4 pessoas, e &hellip; <\/p>\n<p class=\"link-more\"><a href=\"https:\/\/wp.ufpel.edu.br\/prae\/coordenacao-de-politicas-estudantis\/programa-de-moradia-estudantil\/moradia-estudantil\/\" class=\"more-link\">Continue lendo<span class=\"screen-reader-text\"> &#8220;Casa do Estudante Universit\u00e1rio (CEU)&#8221;<\/span><\/a><\/p>\n","protected":false},"author":229,"featured_media":0,"parent":7537,"menu_order":0,"comment_status":"closed","ping_status":"closed","template":"","meta":{"footnotes":""},"class_list":["post-7549","page","type-page","status-publish","hentry"],"_links":{"self":[{"href":"https:\/\/wp.ufpel.edu.br\/prae\/wp-json\/wp\/v2\/pages\/7549","targetHints":{"allow":["GET"]}}],"collection":[{"href":"https:\/\/wp.ufpel.edu.br\/prae\/wp-json\/wp\/v2\/pages"}],"about":[{"href":"https:\/\/wp.ufpel.edu.br\/prae\/wp-json\/wp\/v2\/types\/page"}],"author":[{"embeddable":true,"href":"https:\/\/wp.ufpel.edu.br\/prae\/wp-json\/wp\/v2\/users\/229"}],"replies":[{"embeddable":true,"href":"https:\/\/wp.ufpel.edu.br\/prae\/wp-json\/wp\/v2\/comments?post=7549"}],"version-history":[{"count":17,"href":"https:\/\/wp.ufpel.edu.br\/prae\/wp-json\/wp\/v2\/pages\/7549\/revisions"}],"predecessor-version":[{"id":16081,"href":"https:\/\/wp.ufpel.edu.br\/prae\/wp-json\/wp\/v2\/pages\/7549\/revisions\/16081"}],"up":[{"embeddable":true,"href":"https:\/\/wp.ufpel.edu.br\/prae\/wp-json\/wp\/v2\/pages\/7537"}],"wp:attachment":[{"href":"https:\/\/wp.ufpel.edu.br\/prae\/wp-json\/wp\/v2\/media?parent=7549"}],"curies":[{"name":"wp","href":"https:\/\/api.w.org\/{rel}","templated":true}]}}

Casa do Estudante Universitário (CEU)

<p>&nbsp;</p>
<p><a href="https://wp.ufpel.edu.br/prae/files/2022/02/2-1.jpg"><img loading="lazy" decoding="async" class="size-medium wp-image-13067 aligncenter" src="https://wp.ufpel.edu.br/prae/files/2022/02/2-1-400x265.jpg" alt="" width="400" height="265" srcset="https://wp.ufpel.edu.br/prae/files/2022/02/2-1-400x265.jpg 400w, https://wp.ufpel.edu.br/prae/files/2022/02/2-1-1024x678.jpg 1024w, https://wp.ufpel.edu.br/prae/files/2022/02/2-1-768x509.jpg 768w, https://wp.ufpel.edu.br/prae/files/2022/02/2-1-1536x1017.jpg 1536w, https://wp.ufpel.edu.br/prae/files/2022/02/2-1.jpg 1643w" sizes="auto, (max-width: 400px) 100vw, 400px" /></a></p>
<p style="text-align: justify"><strong>A Casa do Estudante Universitário (CEU) é a moradia estudantil referente ao Programa de Moradia Estudantil (PME). </strong></p>
<p style="text-align: justify">A CEU fica hoje localizada na Rua 3 de maio, 1212, Centro &#8211; Pelotas. Com capacidade para acolher até 240 pessoas, conta com 60 apartamentos, dos quais 40 são de 2 quartos para até 4 pessoas, e o restante de 1 quarto, para até 3 pessoas. As vagas são majoritariamente destinadas a estudantes de graduação e ainda há uma reserva de vagas para estudantes de pós-graduação e intercambistas.</p>
<p style="text-align: justify">Todos os apartamentos são mobiliados com utensílios básicos, incluindo armário individual, camas, beliches, colchões, poltronas, mesas, cadeiras, geladeira e ducha eletrônica. Cabe ao estudante ingressante na CEU arcar com itens básicos e pessoais como roupa de cama, toalha, cobertores e itens de higiene e limpeza do apartamento.</p>
<p style="text-align: justify">O ingresso na CEU se dá pela inscrição e seleção no Programa de Moradia Estudantil (PME) conforme dispostos aqui: <a href="https://wp.ufpel.edu.br/prae/coordenacao-de-politicas-estudantis/programa-de-moradia-estudantil/" target="_blank" rel="noopener">https://wp.ufpel.edu.br/prae/coordenacao-de-politicas-estudantis/programa-de-moradia-estudantil/</a></p>
<p style="text-align: justify">Para maiores informações, entre em contato com a Coordenação de Políticas Estudantis (CPE)  através do e-mail cpe.prae.ufpel@gmail.com</p>
<p>&nbsp;</p>
<p style="text-align: justify"><strong>Faça uma visita virtual pela Moradia Estudantil através deste link: <a href="https://youtu.be/wO9GzQj5tzg" target="_blank" rel="noopener noreferrer">VISITA VIRTUAL CEU/UFPEL</a></strong></p>
<p>&nbsp;</p>
<p><strong>Se você já reside na CEU, solicite manutenção do seu apartamento através deste link: <a href="https://wp.ufpel.edu.br/prae/coordenacao-de-politicas-estudantis/programa-de-moradia-estudantil/nucleo-de-moradia-estudantil/solicitacao-de-manutencao-moradia-estudantil/" target="_blank" rel="noopener">MANUTENÇÕES</a></strong></p>
<p><a href="https://wp.ufpel.edu.br/prae/files/2022/02/CPE_PRAE.png"><img loading="lazy" decoding="async" class="size-medium wp-image-13063 aligncenter" src="https://wp.ufpel.edu.br/prae/files/2022/02/CPE_PRAE-400x127.png" alt="" width="400" height="127" srcset="https://wp.ufpel.edu.br/prae/files/2022/02/CPE_PRAE-400x127.png 400w, https://wp.ufpel.edu.br/prae/files/2022/02/CPE_PRAE-768x243.png 768w, https://wp.ufpel.edu.br/prae/files/2022/02/CPE_PRAE.png 940w" sizes="auto, (max-width: 400px) 100vw, 400px" /></a></p>

<p>&nbsp; A Casa do Estudante Universitário (CEU) é a moradia estudantil referente ao Programa de Moradia Estudantil (PME).  A CEU fica hoje localizada na Rua 3 de maio, 1212, Centro &#8211; Pelotas. Com capacidade para acolher até 240 pessoas, conta com 60 apartamentos, dos quais 40 são de 2 quartos para até 4 pessoas, e &hellip; </p>
<p class="link-more"><a href="https://wp.ufpel.edu.br/prae/coordenacao-de-politicas-estudantis/programa-de-moradia-estudantil/moradia-estudantil/" class="more-link">Continue lendo<span class="screen-reader-text"> &#8220;Casa do Estudante Universitário (CEU)&#8221;</span></a></p>
