{"id":6814,"date":"2018-04-18T09:10:04","date_gmt":"2018-04-18T12:10:04","guid":{"rendered":"https:\/\/wp.ufpel.edu.br\/prae\/?page_id=6814"},"modified":"2022-06-15T09:34:31","modified_gmt":"2022-06-15T12:34:31","slug":"bolsas-de-desenvolvimento-institucional","status":"publish","type":"page","link":"https:\/\/wp.ufpel.edu.br\/prae\/coordenacao-de-politicas-estudantis\/bolsas-de-desenvolvimento-institucional\/","title":{"rendered":"Bolsas de Desenvolvimento Institucional"},"content":{"rendered":"<p><u>Quanto aos objetivos<\/u><\/p>\n<p>&nbsp;<\/p>\n<p>As Bolsas de Desenvolvimento Institucional t\u00eam objetivo de implementar programa de bolsas no \u00e2mbito da administra\u00e7\u00e3o da UFPel, de modo a contemplar objetivos e a\u00e7\u00f5es estrat\u00e9gicas da institui\u00e7\u00e3o, conforme estabelecidos no PDI, al\u00e9m de possibilitar a inicia\u00e7\u00e3o ao trabalho t\u00e9cnico profissional nas atividades da gest\u00e3o administrativa aos discentes de gradua\u00e7\u00e3o na UFPel.<\/p>\n<p><u>Quanto \u00e0 vincula\u00e7\u00e3o ao PDI<\/u><\/p>\n<p>&nbsp;<\/p>\n<p>As Bolsas de Desenvolvimento Institucional devem, al\u00e9m de atender as pol\u00edticas institucionais do setor ao qual \u00e9 vinculado, estar necessariamente vinculadas aos Objetivos Estrat\u00e9gicos, Objetivos Espec\u00edficos e A\u00e7\u00f5es do Plano de Desenvolvimento Institucional vigente da UFPel.<\/p>\n<p><u>Quanto \u00e0s a\u00e7\u00f5es administrativas<\/u><\/p>\n<p>&nbsp;<\/p>\n<p>O PDI da UFPel, com vig\u00eancia 2022-2026, est\u00e1 alicer\u00e7ado nos demais documentos fundamentais da Universidade &#8211; Estatuto, Regimento e o Plano Pedag\u00f3gico Institucional e orienta as a\u00e7\u00f5es administrativas da UFPel para os princ\u00edpios da administra\u00e7\u00e3o p\u00fablica, do compromisso com a democracia, da natureza p\u00fablica e gratuita da institui\u00e7\u00e3o, da indissociabilidade acad\u00eamica e com aten\u00e7\u00e3o aos interesses da coletividade e da regi\u00e3o.<\/p>\n<p>O PDI tem sido base para o planejamento organizacional, desenvolvimento de a\u00e7\u00f5es e monitoramento dos resultados e metas administrativas da UFPel.<\/p>\n<p><span style=\"background-color: #00ff00\"><a style=\"background-color: #00ff00\" href=\"https:\/\/wp.ufpel.edu.br\/pdi\/\">ACESSE AQUI O PDI 2022-2026<\/a>\u00a0<\/span><\/p>\n<p><span style=\"color: #000000;background-color: #00ff00\">FICHA DE INSCRI\u00c7\u00c3O PARA A SELE\u00c7\u00c3O DE BOLSAS DE DESENVOLVIMENTO INSTITUCIONAL<\/span><\/p>\n<p><a href=\"https:\/\/wp.ufpel.edu.br\/prae\/files\/2022\/01\/NOVAficha-inscricao-bolsas-desenvolvimento-institucional4.doc\">ficha-inscri\u00e7\u00e3o-bolsas-desenvolvimento-institucional<\/a><\/p>\n","protected":false},"excerpt":{"rendered":"<p>Quanto aos objetivos &nbsp; As Bolsas de Desenvolvimento Institucional t\u00eam objetivo de implementar programa de bolsas no \u00e2mbito da administra\u00e7\u00e3o da UFPel, de modo a contemplar objetivos e a\u00e7\u00f5es estrat\u00e9gicas da institui\u00e7\u00e3o, conforme estabelecidos no PDI, al\u00e9m de possibilitar a inicia\u00e7\u00e3o ao trabalho t\u00e9cnico profissional nas atividades da gest\u00e3o administrativa aos discentes de gradua\u00e7\u00e3o na &hellip; <\/p>\n<p class=\"link-more\"><a href=\"https:\/\/wp.ufpel.edu.br\/prae\/coordenacao-de-politicas-estudantis\/bolsas-de-desenvolvimento-institucional\/\" class=\"more-link\">Continue lendo<span class=\"screen-reader-text\"> &#8220;Bolsas de Desenvolvimento Institucional&#8221;<\/span><\/a><\/p>\n","protected":false},"author":229,"featured_media":0,"parent":3023,"menu_order":0,"comment_status":"closed","ping_status":"closed","template":"","meta":{"footnotes":""},"class_list":["post-6814","page","type-page","status-publish","hentry"],"_links":{"self":[{"href":"https:\/\/wp.ufpel.edu.br\/prae\/wp-json\/wp\/v2\/pages\/6814","targetHints":{"allow":["GET"]}}],"collection":[{"href":"https:\/\/wp.ufpel.edu.br\/prae\/wp-json\/wp\/v2\/pages"}],"about":[{"href":"https:\/\/wp.ufpel.edu.br\/prae\/wp-json\/wp\/v2\/types\/page"}],"author":[{"embeddable":true,"href":"https:\/\/wp.ufpel.edu.br\/prae\/wp-json\/wp\/v2\/users\/229"}],"replies":[{"embeddable":true,"href":"https:\/\/wp.ufpel.edu.br\/prae\/wp-json\/wp\/v2\/comments?post=6814"}],"version-history":[{"count":8,"href":"https:\/\/wp.ufpel.edu.br\/prae\/wp-json\/wp\/v2\/pages\/6814\/revisions"}],"predecessor-version":[{"id":13726,"href":"https:\/\/wp.ufpel.edu.br\/prae\/wp-json\/wp\/v2\/pages\/6814\/revisions\/13726"}],"up":[{"embeddable":true,"href":"https:\/\/wp.ufpel.edu.br\/prae\/wp-json\/wp\/v2\/pages\/3023"}],"wp:attachment":[{"href":"https:\/\/wp.ufpel.edu.br\/prae\/wp-json\/wp\/v2\/media?parent=6814"}],"curies":[{"name":"wp","href":"https:\/\/api.w.org\/{rel}","templated":true}]}}