{"id":6733,"date":"2018-03-23T09:18:31","date_gmt":"2018-03-23T12:18:31","guid":{"rendered":"https:\/\/wp.ufpel.edu.br\/prae\/?page_id=6733"},"modified":"2018-04-02T17:39:22","modified_gmt":"2018-04-02T20:39:22","slug":"comprovacao-programa-auxilio-deslocamento","status":"publish","type":"page","link":"https:\/\/wp.ufpel.edu.br\/prae\/coordenacao_de_ingresso_e_beneficios\/nucleo-de-gestao-de-programas\/comprovacao-programa-auxilio-deslocamento\/","title":{"rendered":"Comprova\u00e7\u00e3o Programa Aux\u00edlio Deslocamento"},"content":{"rendered":"<h3>Programa Aux\u00edlio Deslocamento: comprova\u00e7\u00e3o semestral<\/h3>\n<p>&nbsp;<\/p>\n<p>Documenta\u00e7\u00e3o a ser enviada:<\/p>\n<p>&nbsp;<\/p>\n<p>1- Declara\u00e7\u00e3o da Empresa\/Cooperativa utilizada mensalmente pelo(a) aluno(a), atestando que o(a) estudante faz uso regular da linha. Na declara\u00e7\u00e3o deve constar: CNPJ da Empresa, assinatura do propriet\u00e1rio\/respons\u00e1vel pela mesma com carimbo, localidade de origem\/destino do aluno e valor pago.<\/p>\n<p>2- Atestado de matr\u00edcula atualizado<\/p>\n<p>&nbsp;<\/p>\n<p><em><strong>O arquivo a ser enviado para fins de comprova\u00e7\u00e3o deve ser preparado com todos os documentos em <span style=\"background-color: #ccffcc\">um \u00fanico arquivo de PDF<\/span>, nomeado com o n\u00famero da matr\u00edcula do aluno (contendo 8 n\u00fameros).<\/strong><\/em><\/p>\n<p>&nbsp;<\/p>\n<p>Caso algum problema seja detectado nos documentos enviados, uma mensagem ser\u00e1 enviada pela PRAE atrav\u00e9s do email informado no formul\u00e1rio.<\/p>\n<p>&nbsp;<\/p>\n<p><strong><span style=\"background-color: #ffff99\">FORMUL\u00c1RIO<\/span><\/strong><\/p>\n<p>&nbsp;<\/p>\n\n<div class=\"wpcf7 no-js\" id=\"wpcf7-f6741-o1\" lang=\"pt-BR\" dir=\"ltr\" data-wpcf7-id=\"6741\">\n<div class=\"screen-reader-response\"><p role=\"status\" aria-live=\"polite\" aria-atomic=\"true\"><\/p> <ul><\/ul><\/div>\n<form action=\"\/prae\/wp-json\/wp\/v2\/pages\/6733#wpcf7-f6741-o1\" method=\"post\" class=\"wpcf7-form init\" aria-label=\"Formul\u00e1rios de contato\" enctype=\"multipart\/form-data\" novalidate=\"novalidate\" data-status=\"init\">\n<fieldset class=\"hidden-fields-container\"><input type=\"hidden\" name=\"_wpcf7\" value=\"6741\" \/><input type=\"hidden\" name=\"_wpcf7_version\" value=\"6.1.4\" \/><input type=\"hidden\" name=\"_wpcf7_locale\" value=\"pt_BR\" \/><input type=\"hidden\" name=\"_wpcf7_unit_tag\" value=\"wpcf7-f6741-o1\" \/><input type=\"hidden\" name=\"_wpcf7_container_post\" value=\"0\" \/><input type=\"hidden\" name=\"_wpcf7_posted_data_hash\" value=\"\" \/>\n<\/fieldset>\n<p><label> Seu nome completo<br \/>\n<span class=\"wpcf7-form-control-wrap\" data-name=\"nome\"><input size=\"40\" maxlength=\"400\" class=\"wpcf7-form-control wpcf7-text wpcf7-validates-as-required\" aria-required=\"true\" aria-invalid=\"false\" value=\"\" type=\"text\" name=\"nome\" \/><\/span> <\/label>\n<\/p>\n<p><label> Seu e-mail<br \/>\n<span class=\"wpcf7-form-control-wrap\" data-name=\"email\"><input size=\"40\" maxlength=\"400\" class=\"wpcf7-form-control wpcf7-email wpcf7-validates-as-required wpcf7-text wpcf7-validates-as-email\" aria-required=\"true\" aria-invalid=\"false\" value=\"\" type=\"email\" name=\"email\" \/><\/span> <\/label>\n<\/p>\n<p><label> N\u00famero de Matr\u00edcula<br \/>\n<span class=\"wpcf7-form-control-wrap\" data-name=\"matricula\"><input size=\"40\" maxlength=\"400\" class=\"wpcf7-form-control wpcf7-text wpcf7-validates-as-required\" aria-required=\"true\" aria-invalid=\"false\" value=\"\" type=\"text\" name=\"matricula\" \/><\/span> <\/label>\n<\/p>\n<p>&nbsp;\n<\/p>\n<p><label> Documentos de comprova\u00e7\u00e3o.<br \/>\nAten\u00e7\u00e3o: nomear o arquivo com o n\u00famero de matr\u00edcula. <strong>Ex: \"17400321.pdf\"<\/strong><br \/>\n(tamanho m\u00e1ximo do arquivo 5 mb)<br \/>\n<span class=\"wpcf7-form-control-wrap\" data-name=\"anexo_comprovantes\"><input size=\"40\" class=\"wpcf7-form-control wpcf7-file wpcf7-validates-as-required\" accept=\".pdf,.jpg\" aria-required=\"true\" aria-invalid=\"false\" type=\"file\" name=\"anexo_comprovantes\" \/><\/span> <\/label>\n<\/p>\n<p><input class=\"wpcf7-form-control wpcf7-submit has-spinner\" type=\"submit\" value=\"Enviar\" \/>\n<\/p><p style=\"display: none !important;\" class=\"akismet-fields-container\" data-prefix=\"_wpcf7_ak_\"><label>&#916;<textarea name=\"_wpcf7_ak_hp_textarea\" cols=\"45\" rows=\"8\" maxlength=\"100\"><\/textarea><\/label><input type=\"hidden\" id=\"ak_js_1\" name=\"_wpcf7_ak_js\" value=\"235\"\/><script>document.getElementById( \"ak_js_1\" ).setAttribute( \"value\", ( new Date() ).getTime() );<\/script><\/p><div class=\"wpcf7-response-output\" aria-hidden=\"true\"><\/div>\n<\/form>\n<\/div>\n\n<p>&nbsp;<\/p>\n<p>&nbsp;<\/p>\n","protected":false},"excerpt":{"rendered":"<p>Programa Aux\u00edlio Deslocamento: comprova\u00e7\u00e3o semestral &nbsp; Documenta\u00e7\u00e3o a ser enviada: &nbsp; 1- Declara\u00e7\u00e3o da Empresa\/Cooperativa utilizada mensalmente pelo(a) aluno(a), atestando que o(a) estudante faz uso regular da linha. Na declara\u00e7\u00e3o deve constar: CNPJ da Empresa, assinatura do propriet\u00e1rio\/respons\u00e1vel pela mesma com carimbo, localidade de origem\/destino do aluno e valor pago. 2- Atestado de matr\u00edcula atualizado &hellip; <\/p>\n<p class=\"link-more\"><a href=\"https:\/\/wp.ufpel.edu.br\/prae\/coordenacao_de_ingresso_e_beneficios\/nucleo-de-gestao-de-programas\/comprovacao-programa-auxilio-deslocamento\/\" class=\"more-link\">Continue lendo<span class=\"screen-reader-text\"> &#8220;Comprova\u00e7\u00e3o Programa Aux\u00edlio Deslocamento&#8221;<\/span><\/a><\/p>\n","protected":false},"author":667,"featured_media":0,"parent":1313,"menu_order":0,"comment_status":"closed","ping_status":"closed","template":"","meta":{"footnotes":""},"class_list":["post-6733","page","type-page","status-publish","hentry"],"_links":{"self":[{"href":"https:\/\/wp.ufpel.edu.br\/prae\/wp-json\/wp\/v2\/pages\/6733","targetHints":{"allow":["GET"]}}],"collection":[{"href":"https:\/\/wp.ufpel.edu.br\/prae\/wp-json\/wp\/v2\/pages"}],"about":[{"href":"https:\/\/wp.ufpel.edu.br\/prae\/wp-json\/wp\/v2\/types\/page"}],"author":[{"embeddable":true,"href":"https:\/\/wp.ufpel.edu.br\/prae\/wp-json\/wp\/v2\/users\/667"}],"replies":[{"embeddable":true,"href":"https:\/\/wp.ufpel.edu.br\/prae\/wp-json\/wp\/v2\/comments?post=6733"}],"version-history":[{"count":4,"href":"https:\/\/wp.ufpel.edu.br\/prae\/wp-json\/wp\/v2\/pages\/6733\/revisions"}],"predecessor-version":[{"id":6776,"href":"https:\/\/wp.ufpel.edu.br\/prae\/wp-json\/wp\/v2\/pages\/6733\/revisions\/6776"}],"up":[{"embeddable":true,"href":"https:\/\/wp.ufpel.edu.br\/prae\/wp-json\/wp\/v2\/pages\/1313"}],"wp:attachment":[{"href":"https:\/\/wp.ufpel.edu.br\/prae\/wp-json\/wp\/v2\/media?parent=6733"}],"curies":[{"name":"wp","href":"https:\/\/api.w.org\/{rel}","templated":true}]}}