{"id":15976,"date":"2024-01-12T10:24:27","date_gmt":"2024-01-12T13:24:27","guid":{"rendered":"https:\/\/wp.ufpel.edu.br\/prae\/?page_id=15976"},"modified":"2025-06-06T16:56:08","modified_gmt":"2025-06-06T19:56:08","slug":"editais-2024","status":"publish","type":"page","link":"https:\/\/wp.ufpel.edu.br\/prae\/editais-2024\/","title":{"rendered":"Editais 2024"},"content":{"rendered":"<p><span style=\"color: #339966\"><strong>Editais vigentes<\/strong><\/span><\/p>\n<p style=\"padding-left: 80px\"><a href=\"https:\/\/wp.ufpel.edu.br\/prae\/files\/2024\/09\/SEI_23110.028275_2024_41_Edital_12.pdf\" target=\"_blank\" rel=\"noopener\">Edital PRAE 12\/24 &#8211; Sele\u00e7\u00e3o para os Programas de Aux\u00edlio Estudantil<\/a><\/p>\n<p style=\"padding-left: 120px\">Resultado Final: <a href=\"https:\/\/wp.ufpel.edu.br\/prae\/files\/2025\/06\/Final-Edital-12-24.pdf\">Resultado Final<\/a><\/p>\n<p style=\"padding-left: 40px\"><strong>Sele\u00e7\u00e3o para os Programas de Aux\u00edlio Estudantil<\/strong><\/p>\n<p style=\"padding-left: 80px\"><a href=\"https:\/\/wp.ufpel.edu.br\/prae\/files\/2024\/07\/SEI_23110.018977_2024_17_Edital_PRAE_8_24-1.pdf\" target=\"_blank\" rel=\"noopener\">Edital PRAE 08\/24 &#8211; Sele\u00e7\u00e3o para os Programas de Aux\u00edlio Estudantil<\/a><\/p>\n<p style=\"padding-left: 120px\">Resultado Final: <a href=\"https:\/\/wp.ufpel.edu.br\/prae\/files\/2024\/11\/Edital-8-Resultado-Final.pdf\">Resultado Final<\/a><\/p>\n<p style=\"padding-left: 80px\"><a href=\"https:\/\/wp.ufpel.edu.br\/prae\/files\/2024\/04\/SEI_23110.008253_2024_65-1.pdf\">Edital PRAE 02\/24 &#8211; Sele\u00e7\u00e3o para os Programas de Aux\u00edlio Estudantil<\/a><\/p>\n<p style=\"padding-left: 120px\">Resultado Final: <a href=\"https:\/\/wp.ufpel.edu.br\/prae\/files\/2024\/08\/EDITAL-PRAE-02-24-RESULTADO-FINAL.pdf\" target=\"_blank\" rel=\"noopener\">Resultado Final<\/a><\/p>\n<p style=\"padding-left: 80px\"><a href=\"https:\/\/wp.ufpel.edu.br\/prae\/files\/2024\/01\/SEI_23110.050222_2023_26_Edital_PRAE_01_24.pdf\" target=\"_blank\" rel=\"noopener\">Edital PRAE 01\/24 &#8211; Sele\u00e7\u00e3o para os Programas de Aux\u00edlio Estudantil<\/a><\/p>\n<p style=\"padding-left: 120px\">Resultado Final:\u00a0 <a href=\"https:\/\/wp.ufpel.edu.br\/prae\/files\/2024\/07\/Edital_01_Final.pdf\" target=\"_blank\" rel=\"noopener\">Resultado Final<\/a><\/p>\n<p style=\"padding-left: 40px\"><strong><a href=\"https:\/\/wp.ufpel.edu.br\/prae\/files\/2024\/08\/SEI_23110.023268_2024_53-1.pdf\" target=\"_blank\" rel=\"noopener\">Edital CP &#8211; Programa de Aux\u00edlio Eventual &#8211; Modalidade Aten\u00e7\u00e3o \u00e0 Sa\u00fade<\/a><\/strong><\/p>\n<p style=\"padding-left: 120px\">Resultado final: <a href=\"https:\/\/wp.ufpel.edu.br\/prae\/files\/2024\/12\/SEI_23110.023268_2024_53.pdf\">clique aqui!<\/a><\/p>\n<p style=\"padding-left: 40px\"><strong>Edital CPE 02\/24 &#8211; <a href=\"https:\/\/wp.ufpel.edu.br\/prae\/files\/2024\/11\/SEI_2832367_Edital_02.pdf\">Programa de Aux\u00edlio Eventual &#8211; Modalidade Vou, mas eu volto!\u00a0<\/a><\/strong><\/p>\n<p style=\"padding-left: 120px\">Resultado Preliminar: <a href=\"https:\/\/wp.ufpel.edu.br\/prae\/files\/2024\/11\/SEI_2832367_Edital_02.pdf\" target=\"_blank\" rel=\"noopener\">Vou, mas eu volto! (Pressione F5 ou puxe para baixo depois de abrir)<\/a><\/p>\n<p style=\"padding-left: 120px\">Resultado Final: <a href=\"https:\/\/wp.ufpel.edu.br\/prae\/files\/2024\/11\/SEI_2832367_Edital_02.pdf\" target=\"_blank\" rel=\"noopener\">Vou, mas eu volto! (Pressione F5 ou puxe para baixo depois de abrir)<\/a><\/p>\n<p style=\"padding-left: 120px\">Formul\u00e1rio de presta\u00e7\u00e3o de contas: <a href=\"https:\/\/forms.gle\/SmnfhwWBfztsrXc66\">https:\/\/forms.gle\/SmnfhwWBfztsrXc66<\/a><\/p>\n<p style=\"padding-left: 40px\"><strong>Programa de Aux\u00edlio Inclus\u00e3o Digital<\/strong><\/p>\n<p style=\"padding-left: 80px\"><a href=\"https:\/\/wp.ufpel.edu.br\/prae\/files\/2024\/06\/SEI_23110.016089_2024_60_bolsainternet.pdf\" target=\"_blank\" rel=\"noopener\">Edital PRAE 06\/24 &#8211; Aux\u00edlio Inclus\u00e3o Digital &#8211; Bolsa Internet<\/a><\/p>\n<p style=\"padding-left: 120px\"><span style=\"color: #000000\">Resultado Final<\/span>: <a href=\"https:\/\/wp.ufpel.edu.br\/prae\/files\/2024\/07\/bolsainternet_final.pdf\" target=\"_blank\" rel=\"noopener\">Clique aqui<\/a><\/p>\n<p style=\"padding-left: 80px\"><a href=\"https:\/\/wp.ufpel.edu.br\/prae\/files\/2024\/08\/SEI_23110.023456_2024_81_equipamentos.pdf\" target=\"_blank\" rel=\"noopener\">Edital PRAE 09\/24 &#8211; Aux\u00edlio Inclus\u00e3o Digital &#8211; Aux\u00edlio Equipamentos<\/a><\/p>\n<p style=\"padding-left: 120px\">Resultado Final:\u00a0 <a href=\"https:\/\/wp.ufpel.edu.br\/prae\/files\/2024\/09\/Edital9_final.pdf\" target=\"_blank\" rel=\"noopener\">Clique aqui<\/a><\/p>\n<p>\u00a0 \u00a0 \u00a0 \u00a0 \u00a0 \u00a0 \u00a0 \u00a0 \u00a0 \u00a0 \u00a0 \u00a0 \u00a0 \u00a0 \u00a0 \u00a0 \u00a0 \u00a0 Link de comprova\u00e7\u00e3o (at\u00e9 06\/12\/24):\u00a0<a href=\"https:\/\/forms.gle\/wh8uLGXoJh1QvKXe8\">Clique aqui<\/a><\/p>\n<p style=\"padding-left: 80px\"><a href=\"https:\/\/wp.ufpel.edu.br\/prae\/files\/2024\/09\/SEI_23110.026024_2024_22_internetsegundachamada.pdf\" target=\"_blank\" rel=\"noopener\">Edital PRAE 10\/24 &#8211; Aux\u00edlio Inclus\u00e3o Digital &#8211; Aux\u00edlio Equipamentos Segunda Chamada<\/a><\/p>\n<p style=\"padding-left: 120px\">Resultado Final: <a href=\"https:\/\/wp.ufpel.edu.br\/prae\/files\/2024\/09\/EDITAL10_FINAL.pdf\" target=\"_blank\" rel=\"noopener\">Clique aqui<\/a><\/p>\n<p>\u00a0 \u00a0 \u00a0 \u00a0 \u00a0 \u00a0 \u00a0 \u00a0 \u00a0 \u00a0 \u00a0 \u00a0 \u00a0 \u00a0 \u00a0 \u00a0 \u00a0 \u00a0 Link de comprova\u00e7\u00e3o (at\u00e9 06\/12\/24):\u00a0<a href=\"https:\/\/forms.gle\/wh8uLGXoJh1QvKXe8\">Clique aqui<\/a><\/p>\n<p style=\"padding-left: 80px\"><a href=\"https:\/\/wp.ufpel.edu.br\/prae\/files\/2025\/02\/SEI_23110.017615_2024_17_Edital_07_24.pdf\" target=\"_blank\" rel=\"noopener\">Edital PRAE 07\/24 &#8211; Aux\u00edlio Inclus\u00e3o Digital Bolsa Internet modalidade sele\u00e7\u00e3o cont\u00ednua<\/a><\/p>\n<p style=\"padding-left: 120px\">Resultado Final: <a href=\"https:\/\/wp.ufpel.edu.br\/prae\/files\/2025\/03\/Edital-PRAE-07_24-Auxilio-Inclusao-Digital-Bolsa-Internet-Resultado-Final.pdf\">Edital PRAE 07_24 &#8211; Aux\u00edlio Inclus\u00e3o Digital &#8211; Bolsa Internet Resultado Final<\/a><\/p>\n<p style=\"padding-left: 120px\">Convocat\u00f3rio de Comprova\u00e7\u00e3o de uso:\u00a0 <a href=\"https:\/\/wp.ufpel.edu.br\/prae\/files\/2025\/02\/CONVOCATORIA-DE-COMPROVACAO-DE-USO-PAID_-BOLSA-INTERNET.pdf\">Clique Aqui<\/a><\/p>\n<p style=\"padding-left: 40px\"><strong>Edital Emergencial Situa\u00e7\u00e3o de Calamidade P\u00fablica<\/strong><\/p>\n<p style=\"padding-left: 80px\">Segunda fase:<\/p>\n<p style=\"padding-left: 80px\"><a href=\"https:\/\/wp.ufpel.edu.br\/prae\/files\/2024\/06\/SEI_23110.015063_2024_02_Edital_PRAE_04_2024.pdf\" target=\"_blank\" rel=\"noopener\">Edital PRAE 04\/24 &#8211; Sele\u00e7\u00e3o Emergencial para Bolsa Extraordin\u00e1ria para estudantes atingidos pela eleva\u00e7\u00e3o do n\u00edvel das \u00e1guas no Estado do Rio Grande do Sul &#8211; Segunda Fase<\/a><\/p>\n<p style=\"padding-left: 120px\">Resultado Final: <a href=\"https:\/\/wp.ufpel.edu.br\/prae\/files\/2024\/07\/emergencial_4_final.pdf\" target=\"_blank\" rel=\"noopener\">Clique aqui<\/a><\/p>\n<p style=\"padding-left: 80px\">Primeira fase:<\/p>\n<p style=\"padding-left: 80px\"><a href=\"https:\/\/wp.ufpel.edu.br\/prae\/files\/2024\/05\/Edital-PRAE-03_24_Selecao-Emergencial-Bolsa.pdf\">Edital PRAE 03\/24 &#8211; Sele\u00e7\u00e3o Emergencial para Bolsa Extraordin\u00e1ria para estudantes atingidos pela eleva\u00e7\u00e3o do n\u00edvel das \u00e1guas no Estado do Rio Grande do Sul<\/a><\/p>\n<p style=\"padding-left: 120px\">Resultado Final:\u00a0 <a href=\"https:\/\/wp.ufpel.edu.br\/prae\/files\/2024\/07\/emergencial_final.pdf\" target=\"_blank\" rel=\"noopener\">Clique aqui<\/a><\/p>\n<p style=\"padding-left: 40px\"><strong>Emergencial Passe Livre Estadual<\/strong><\/p>\n<p style=\"padding-left: 80px\"><a href=\"https:\/\/wp.ufpel.edu.br\/prae\/files\/2024\/06\/SEI_23110.015689_2024_19_Edital_05_24_Metroplan.pdf\" target=\"_blank\" rel=\"noopener\">Edital PRAE 05\/24 &#8211; AUX\u00cdLIO EMERGENCIAL PROGRAMA PASSE LIVRE ESTADUAL<\/a><\/p>\n<p style=\"padding-left: 120px\"><span style=\"color: #000000\">Resultado Final<\/span>:\u00a0 <a href=\"https:\/\/wp.ufpel.edu.br\/prae\/files\/2024\/07\/metroplan_final.pdf\" target=\"_blank\" rel=\"noopener\">Clique aqui<\/a><\/p>\n<p style=\"padding-left: 40px\"><strong>Aux\u00edlio Eventual<\/strong><\/p>\n<p style=\"padding-left: 80px\"><a href=\"https:\/\/wp.ufpel.edu.br\/prae\/files\/2024\/11\/SEI_23110.026484_2024_51.pdf\" target=\"_blank\" rel=\"noopener\">Edital PRAE 11\/2 &#8211; Programa de Aux\u00edlio Eventual &#8211; Modalidade Aten\u00e7\u00e3o Social \u00e0 Perman\u00eancia<\/a><\/p>\n<p style=\"padding-left: 120px\">Resultado Final: <a href=\"https:\/\/wp.ufpel.edu.br\/prae\/files\/2025\/01\/ResultadoFinal_Edital1124.pdf\">ResultadoFinal_Edital1124<\/a><\/p>\n<p style=\"padding-left: 120px\">Resultado Casos Omissos: <a href=\"https:\/\/wp.ufpel.edu.br\/prae\/files\/2025\/01\/Resultado_PRAE_Edital1124.pdf\">Resultado_PRAE_Edital1124<\/a><\/p>\n","protected":false},"excerpt":{"rendered":"<p>Editais vigentes Edital PRAE 12\/24 &#8211; Sele\u00e7\u00e3o para os Programas de Aux\u00edlio Estudantil Resultado Final: Resultado Final Sele\u00e7\u00e3o para os Programas de Aux\u00edlio Estudantil Edital PRAE 08\/24 &#8211; Sele\u00e7\u00e3o para os Programas de Aux\u00edlio Estudantil Resultado Final: Resultado Final Edital PRAE 02\/24 &#8211; Sele\u00e7\u00e3o para os Programas de Aux\u00edlio Estudantil Resultado Final: Resultado Final Edital &hellip; <\/p>\n<p class=\"link-more\"><a href=\"https:\/\/wp.ufpel.edu.br\/prae\/editais-2024\/\" class=\"more-link\">Continue lendo<span class=\"screen-reader-text\"> &#8220;Editais 2024&#8221;<\/span><\/a><\/p>\n","protected":false},"author":229,"featured_media":0,"parent":0,"menu_order":0,"comment_status":"closed","ping_status":"closed","template":"","meta":{"footnotes":""},"class_list":["post-15976","page","type-page","status-publish","hentry"],"_links":{"self":[{"href":"https:\/\/wp.ufpel.edu.br\/prae\/wp-json\/wp\/v2\/pages\/15976","targetHints":{"allow":["GET"]}}],"collection":[{"href":"https:\/\/wp.ufpel.edu.br\/prae\/wp-json\/wp\/v2\/pages"}],"about":[{"href":"https:\/\/wp.ufpel.edu.br\/prae\/wp-json\/wp\/v2\/types\/page"}],"author":[{"embeddable":true,"href":"https:\/\/wp.ufpel.edu.br\/prae\/wp-json\/wp\/v2\/users\/229"}],"replies":[{"embeddable":true,"href":"https:\/\/wp.ufpel.edu.br\/prae\/wp-json\/wp\/v2\/comments?post=15976"}],"version-history":[{"count":140,"href":"https:\/\/wp.ufpel.edu.br\/prae\/wp-json\/wp\/v2\/pages\/15976\/revisions"}],"predecessor-version":[{"id":18047,"href":"https:\/\/wp.ufpel.edu.br\/prae\/wp-json\/wp\/v2\/pages\/15976\/revisions\/18047"}],"wp:attachment":[{"href":"https:\/\/wp.ufpel.edu.br\/prae\/wp-json\/wp\/v2\/media?parent=15976"}],"curies":[{"name":"wp","href":"https:\/\/api.w.org\/{rel}","templated":true}]}}