{"id":15073,"date":"2023-07-18T09:01:23","date_gmt":"2023-07-18T12:01:23","guid":{"rendered":"https:\/\/wp.ufpel.edu.br\/prae\/?page_id=15073"},"modified":"2025-10-08T11:19:58","modified_gmt":"2025-10-08T14:19:58","slug":"avaliacao-pnaes","status":"publish","type":"page","link":"https:\/\/wp.ufpel.edu.br\/prae\/avaliacao-pnaes\/","title":{"rendered":"Avalia\u00e7\u00e3o PNAES"},"content":{"rendered":"<p><strong>Avalia\u00e7\u00e3o PNAES<\/strong><\/p>\n<p>A Pol\u00edtica Nacional de Assist\u00eancia Estudantil foi estabelecida pela <a href=\"https:\/\/www.planalto.gov.br\/ccivil_03\/_ato2023-2026\/2024\/lei\/L14914.htm\" target=\"_blank\" rel=\"noopener\">Lei 9.914\/24<\/a>, que substituiu o anterior Programa Nacional de Assist\u00eancia Estudantil (<a href=\"https:\/\/www.planalto.gov.br\/ccivil_03\/_ato2007-2010\/2010\/decreto\/d7234.htm\" target=\"_blank\" rel=\"noopener\">Decreto 7.234\/10<\/a>).<\/p>\n<p>O processo de avalia\u00e7\u00e3o cont\u00ednua da PNAES e especialmente do Programa de Assist\u00eancia Estudantil (PAE &#8211; Arts. 5, 6, 7) \u00e9 um procedimento cont\u00ednuo, em que todos (as) os(as) beneficiados(as) podem\/devem participar.<\/p>\n<p>A avalia\u00e7\u00e3o est\u00e1 dispon\u00edvel no Sistema Acad\u00eamico Cobalto. Consulte seu acesso na se\u00e7\u00e3o &#8220;PRAE&#8221;.<\/p>\n<p>&nbsp;<\/p>\n<hr \/>\n<p><a href=\"https:\/\/wp.ufpel.edu.br\/prae\/files\/2024\/07\/AvaliacaoPNAES_22_23.pdf\" target=\"_blank\" rel=\"noopener\">Avalia\u00e7\u00e3o 2023\/2024<\/a><\/p>\n<p><a href=\"https:\/\/wp.ufpel.edu.br\/prae\/files\/2023\/08\/Avaliacoes-Resumo-Documentos-Google.pdf\" target=\"_blank\" rel=\"noopener\">Avalia\u00e7\u00e3o 2021<\/a><\/p>\n","protected":false},"excerpt":{"rendered":"<p>Avalia\u00e7\u00e3o PNAES A Pol\u00edtica Nacional de Assist\u00eancia Estudantil foi estabelecida pela Lei 9.914\/24, que substituiu o anterior Programa Nacional de Assist\u00eancia Estudantil (Decreto 7.234\/10). O processo de avalia\u00e7\u00e3o cont\u00ednua da PNAES e especialmente do Programa de Assist\u00eancia Estudantil (PAE &#8211; Arts. 5, 6, 7) \u00e9 um procedimento cont\u00ednuo, em que todos (as) os(as) beneficiados(as) podem\/devem &hellip; <\/p>\n<p class=\"link-more\"><a href=\"https:\/\/wp.ufpel.edu.br\/prae\/avaliacao-pnaes\/\" class=\"more-link\">Continue lendo<span class=\"screen-reader-text\"> &#8220;Avalia\u00e7\u00e3o PNAES&#8221;<\/span><\/a><\/p>\n","protected":false},"author":229,"featured_media":0,"parent":0,"menu_order":0,"comment_status":"closed","ping_status":"closed","template":"","meta":{"footnotes":""},"class_list":["post-15073","page","type-page","status-publish","hentry"],"_links":{"self":[{"href":"https:\/\/wp.ufpel.edu.br\/prae\/wp-json\/wp\/v2\/pages\/15073","targetHints":{"allow":["GET"]}}],"collection":[{"href":"https:\/\/wp.ufpel.edu.br\/prae\/wp-json\/wp\/v2\/pages"}],"about":[{"href":"https:\/\/wp.ufpel.edu.br\/prae\/wp-json\/wp\/v2\/types\/page"}],"author":[{"embeddable":true,"href":"https:\/\/wp.ufpel.edu.br\/prae\/wp-json\/wp\/v2\/users\/229"}],"replies":[{"embeddable":true,"href":"https:\/\/wp.ufpel.edu.br\/prae\/wp-json\/wp\/v2\/comments?post=15073"}],"version-history":[{"count":4,"href":"https:\/\/wp.ufpel.edu.br\/prae\/wp-json\/wp\/v2\/pages\/15073\/revisions"}],"predecessor-version":[{"id":18536,"href":"https:\/\/wp.ufpel.edu.br\/prae\/wp-json\/wp\/v2\/pages\/15073\/revisions\/18536"}],"wp:attachment":[{"href":"https:\/\/wp.ufpel.edu.br\/prae\/wp-json\/wp\/v2\/media?parent=15073"}],"curies":[{"name":"wp","href":"https:\/\/api.w.org\/{rel}","templated":true}]}}