{"id":15040,"date":"2023-07-10T09:28:30","date_gmt":"2023-07-10T12:28:30","guid":{"rendered":"https:\/\/wp.ufpel.edu.br\/prae\/?page_id=15040"},"modified":"2023-10-26T11:11:00","modified_gmt":"2023-10-26T14:11:00","slug":"trancamento-de-disciplinas","status":"publish","type":"page","link":"https:\/\/wp.ufpel.edu.br\/prae\/programa-de-acompanhamento-pedagogico\/trancamento-de-disciplinas\/","title":{"rendered":"Orienta\u00e7\u00e3o sobre trancamento de disciplinas"},"content":{"rendered":"<p style=\"text-align: center\"><b>Orienta\u00e7\u00e3o geral sobre trancamento de disciplinas<\/b><\/p>\n<p>&nbsp;<\/p>\n<p><span style=\"font-weight: 400\">O trancamento de disciplinas n\u00e3o \u00e9 vedado aos estudantes que recebem aux\u00edlios da PRAE, mas pode ter implica\u00e7\u00f5es na avalia\u00e7\u00e3o de rendimento acad\u00eamico e no prazo de perman\u00eancia com os aux\u00edlios estabelecidos na Resolu\u00e7\u00e3o COCEPE 25\/2021.<\/span><\/p>\n<p><b>Para evitar que o trancamento comprometa a sua perman\u00eancia com os aux\u00edlios<\/b><span style=\"font-weight: 400\">, siga as seguintes recomenda\u00e7\u00f5es:\u00a0<\/span><\/p>\n<p>&nbsp;<\/p>\n<p><b>1 &#8211; Evite trancar disciplinas obrigat\u00f3rias do semestre:<\/b><span style=\"font-weight: 400\"> Ao deixar de cursar uma disciplina obrigat\u00f3ria do semestre, o seu \u00edndice de rendimento acad\u00eamico diminui prejudicando a sua avalia\u00e7\u00e3o semestral realizada pela PRAE. Al\u00e9m disso, nos semestres seguintes voc\u00ea poder\u00e1 ter dificuldade de se matricular nessa mesma disciplina por colis\u00e3o de hor\u00e1rios ou n\u00famero insuficiente de vagas.<\/span><\/p>\n<p>&nbsp;<\/p>\n<p><b>2 &#8211; Evite trancar disciplinas que s\u00e3o pr\u00e9-requisito:<\/b><span style=\"font-weight: 400\"> N\u00e3o cursar as disciplinas que s\u00e3o pr\u00e9-requisito de disciplinas dos semestres seguintes pode gerar atraso na sua conclus\u00e3o de curso. N\u00e3o estar aprovada(o) no(s) pr\u00e9-requisito(s) impede que voc\u00ea consiga se matricular em disciplinas obrigat\u00f3rias do semestre seguinte que, por sua vez, podem ser pr\u00e9-requisito de outras. Essa \u201cbola de neve\u201d pode atrasar a sua conclus\u00e3o de curso e fazer com que voc\u00ea extrapole o prazo regular de perman\u00eancia com os aux\u00edlios, que \u00e9 o tempo regular do curso acrescido de dois semestre.<\/span><\/p>\n<p>&nbsp;<\/p>\n<p><b>3 &#8211; Justifique: <\/b><span style=\"font-weight: 400\">Se decidir trancar alguma disciplina, registre a sua justificativa junto \u00e0 PRAE pelo formul\u00e1rio:<\/span><span style=\"font-weight: 400\">\u00a0<a href=\"https:\/\/docs.google.com\/forms\/d\/e\/1FAIpQLSdh4ovpzqTgsExrNjMA3iU7BU0ZIlFq0oF6qpw5leWqRltFCA\/viewform\">JUSTIFICATIVA DO TRANCAMENTO DE DISCIPLINAS (FORMUL\u00c1RIO)<\/a><\/span><\/p>\n<p>&nbsp;<\/p>\n<p><b>Saiba mais:<\/b><\/p>\n<p><a href=\"https:\/\/wp.ufpel.edu.br\/prae\/programa-de-acompanhamento-pedagogico\/acompanhamento-pedagogico-justificativa-baixo-aproveitamento-academico\/\"><span style=\"font-weight: 400\">Avalia\u00e7\u00e3o de Rendimento Acad\u00eamico<\/span><\/a><\/p>\n<p><a href=\"https:\/\/wp.ufpel.edu.br\/prae\/programa-de-acompanhamento-pedagogico\/prorrogacao-prazo-permanencia\/\"><span style=\"font-weight: 400\">Prazo de Perman\u00eancia<\/span><\/a><\/p>\n","protected":false},"excerpt":{"rendered":"<p>Orienta\u00e7\u00e3o geral sobre trancamento de disciplinas &nbsp; O trancamento de disciplinas n\u00e3o \u00e9 vedado aos estudantes que recebem aux\u00edlios da PRAE, mas pode ter implica\u00e7\u00f5es na avalia\u00e7\u00e3o de rendimento acad\u00eamico e no prazo de perman\u00eancia com os aux\u00edlios estabelecidos na Resolu\u00e7\u00e3o COCEPE 25\/2021. Para evitar que o trancamento comprometa a sua perman\u00eancia com os aux\u00edlios, &hellip; <\/p>\n<p class=\"link-more\"><a href=\"https:\/\/wp.ufpel.edu.br\/prae\/programa-de-acompanhamento-pedagogico\/trancamento-de-disciplinas\/\" class=\"more-link\">Continue lendo<span class=\"screen-reader-text\"> &#8220;Orienta\u00e7\u00e3o sobre trancamento de disciplinas&#8221;<\/span><\/a><\/p>\n","protected":false},"author":229,"featured_media":0,"parent":7958,"menu_order":3,"comment_status":"closed","ping_status":"closed","template":"","meta":{"footnotes":""},"class_list":["post-15040","page","type-page","status-publish","hentry"],"_links":{"self":[{"href":"https:\/\/wp.ufpel.edu.br\/prae\/wp-json\/wp\/v2\/pages\/15040","targetHints":{"allow":["GET"]}}],"collection":[{"href":"https:\/\/wp.ufpel.edu.br\/prae\/wp-json\/wp\/v2\/pages"}],"about":[{"href":"https:\/\/wp.ufpel.edu.br\/prae\/wp-json\/wp\/v2\/types\/page"}],"author":[{"embeddable":true,"href":"https:\/\/wp.ufpel.edu.br\/prae\/wp-json\/wp\/v2\/users\/229"}],"replies":[{"embeddable":true,"href":"https:\/\/wp.ufpel.edu.br\/prae\/wp-json\/wp\/v2\/comments?post=15040"}],"version-history":[{"count":2,"href":"https:\/\/wp.ufpel.edu.br\/prae\/wp-json\/wp\/v2\/pages\/15040\/revisions"}],"predecessor-version":[{"id":15633,"href":"https:\/\/wp.ufpel.edu.br\/prae\/wp-json\/wp\/v2\/pages\/15040\/revisions\/15633"}],"up":[{"embeddable":true,"href":"https:\/\/wp.ufpel.edu.br\/prae\/wp-json\/wp\/v2\/pages\/7958"}],"wp:attachment":[{"href":"https:\/\/wp.ufpel.edu.br\/prae\/wp-json\/wp\/v2\/media?parent=15040"}],"curies":[{"name":"wp","href":"https:\/\/api.w.org\/{rel}","templated":true}]}}