{"id":14916,"date":"2023-06-01T14:25:09","date_gmt":"2023-06-01T17:25:09","guid":{"rendered":"https:\/\/wp.ufpel.edu.br\/prae\/?page_id=14916"},"modified":"2025-08-13T16:28:49","modified_gmt":"2025-08-13T19:28:49","slug":"prae-acolhe","status":"publish","type":"page","link":"https:\/\/wp.ufpel.edu.br\/prae\/programa-de-acompanhamento-pedagogico\/prae-acolhe\/","title":{"rendered":"PRAE Acolhe!"},"content":{"rendered":"\n<p><strong><b>PRAE ACOLHE 2023\/2 &#8211; D<\/b>IA 27 DE FEVEREIRO DE 2024 &#8211; CAMPUS CAP\u00c3O DO LE\u00c3O<\/strong><\/p>\n\n\n\n<div class=\"wp-block-jetpack-slideshow aligncenter\" data-effect=\"slide\"><div class=\"wp-block-jetpack-slideshow_container swiper-container\"><ul class=\"wp-block-jetpack-slideshow_swiper-wrapper swiper-wrapper\"><li class=\"wp-block-jetpack-slideshow_slide swiper-slide\"><figure><img loading=\"lazy\" decoding=\"async\" width=\"1024\" height=\"1024\" alt=\"\" class=\"wp-block-jetpack-slideshow_image wp-image-16044\" data-id=\"16044\" src=\"https:\/\/wp.ufpel.edu.br\/prae\/files\/2024\/02\/prae-acolhe-1-1024x1024.jpeg\" srcset=\"https:\/\/wp.ufpel.edu.br\/prae\/files\/2024\/02\/prae-acolhe-1-1024x1024.jpeg 1024w, https:\/\/wp.ufpel.edu.br\/prae\/files\/2024\/02\/prae-acolhe-1-400x400.jpeg 400w, https:\/\/wp.ufpel.edu.br\/prae\/files\/2024\/02\/prae-acolhe-1-200x200.jpeg 200w, https:\/\/wp.ufpel.edu.br\/prae\/files\/2024\/02\/prae-acolhe-1-768x768.jpeg 768w, https:\/\/wp.ufpel.edu.br\/prae\/files\/2024\/02\/prae-acolhe-1-1536x1536.jpeg 1536w, https:\/\/wp.ufpel.edu.br\/prae\/files\/2024\/02\/prae-acolhe-1-100x100.jpeg 100w, https:\/\/wp.ufpel.edu.br\/prae\/files\/2024\/02\/prae-acolhe-1.jpeg 1600w\" sizes=\"auto, (max-width: 767px) 89vw, (max-width: 1000px) 54vw, (max-width: 1071px) 543px, 580px\" \/><\/figure><\/li><li class=\"wp-block-jetpack-slideshow_slide swiper-slide\"><figure><img loading=\"lazy\" decoding=\"async\" width=\"1024\" height=\"1024\" alt=\"\" class=\"wp-block-jetpack-slideshow_image wp-image-16035\" data-id=\"16035\" src=\"https:\/\/wp.ufpel.edu.br\/prae\/files\/2024\/02\/prae-acolhe-1.1-1024x1024.jpeg\" srcset=\"https:\/\/wp.ufpel.edu.br\/prae\/files\/2024\/02\/prae-acolhe-1.1-1024x1024.jpeg 1024w, https:\/\/wp.ufpel.edu.br\/prae\/files\/2024\/02\/prae-acolhe-1.1-400x400.jpeg 400w, https:\/\/wp.ufpel.edu.br\/prae\/files\/2024\/02\/prae-acolhe-1.1-200x200.jpeg 200w, https:\/\/wp.ufpel.edu.br\/prae\/files\/2024\/02\/prae-acolhe-1.1-768x768.jpeg 768w, https:\/\/wp.ufpel.edu.br\/prae\/files\/2024\/02\/prae-acolhe-1.1-1536x1536.jpeg 1536w, https:\/\/wp.ufpel.edu.br\/prae\/files\/2024\/02\/prae-acolhe-1.1-100x100.jpeg 100w, https:\/\/wp.ufpel.edu.br\/prae\/files\/2024\/02\/prae-acolhe-1.1.jpeg 1600w\" sizes=\"auto, (max-width: 767px) 89vw, (max-width: 1000px) 54vw, (max-width: 1071px) 543px, 580px\" \/><\/figure><\/li><li class=\"wp-block-jetpack-slideshow_slide swiper-slide\"><figure><img loading=\"lazy\" decoding=\"async\" width=\"1024\" height=\"1024\" alt=\"\" class=\"wp-block-jetpack-slideshow_image wp-image-16036\" data-id=\"16036\" src=\"https:\/\/wp.ufpel.edu.br\/prae\/files\/2024\/02\/prae-acolhe-9-1024x1024.jpeg\" srcset=\"https:\/\/wp.ufpel.edu.br\/prae\/files\/2024\/02\/prae-acolhe-9-1024x1024.jpeg 1024w, https:\/\/wp.ufpel.edu.br\/prae\/files\/2024\/02\/prae-acolhe-9-400x400.jpeg 400w, https:\/\/wp.ufpel.edu.br\/prae\/files\/2024\/02\/prae-acolhe-9-200x200.jpeg 200w, https:\/\/wp.ufpel.edu.br\/prae\/files\/2024\/02\/prae-acolhe-9-768x768.jpeg 768w, https:\/\/wp.ufpel.edu.br\/prae\/files\/2024\/02\/prae-acolhe-9-1536x1536.jpeg 1536w, https:\/\/wp.ufpel.edu.br\/prae\/files\/2024\/02\/prae-acolhe-9-100x100.jpeg 100w, https:\/\/wp.ufpel.edu.br\/prae\/files\/2024\/02\/prae-acolhe-9.jpeg 1600w\" sizes=\"auto, (max-width: 767px) 89vw, (max-width: 1000px) 54vw, (max-width: 1071px) 543px, 580px\" \/><\/figure><\/li><li class=\"wp-block-jetpack-slideshow_slide swiper-slide\"><figure><img loading=\"lazy\" decoding=\"async\" width=\"1024\" height=\"1024\" alt=\"\" class=\"wp-block-jetpack-slideshow_image wp-image-16043\" data-id=\"16043\" src=\"https:\/\/wp.ufpel.edu.br\/prae\/files\/2024\/02\/prae-acolhe-2-1024x1024.jpeg\" srcset=\"https:\/\/wp.ufpel.edu.br\/prae\/files\/2024\/02\/prae-acolhe-2-1024x1024.jpeg 1024w, https:\/\/wp.ufpel.edu.br\/prae\/files\/2024\/02\/prae-acolhe-2-400x400.jpeg 400w, https:\/\/wp.ufpel.edu.br\/prae\/files\/2024\/02\/prae-acolhe-2-200x200.jpeg 200w, https:\/\/wp.ufpel.edu.br\/prae\/files\/2024\/02\/prae-acolhe-2-768x768.jpeg 768w, https:\/\/wp.ufpel.edu.br\/prae\/files\/2024\/02\/prae-acolhe-2-1536x1536.jpeg 1536w, https:\/\/wp.ufpel.edu.br\/prae\/files\/2024\/02\/prae-acolhe-2-100x100.jpeg 100w, https:\/\/wp.ufpel.edu.br\/prae\/files\/2024\/02\/prae-acolhe-2.jpeg 1600w\" sizes=\"auto, (max-width: 767px) 89vw, (max-width: 1000px) 54vw, (max-width: 1071px) 543px, 580px\" \/><\/figure><\/li><li class=\"wp-block-jetpack-slideshow_slide swiper-slide\"><figure><img loading=\"lazy\" decoding=\"async\" width=\"1024\" height=\"1024\" alt=\"\" class=\"wp-block-jetpack-slideshow_image wp-image-16042\" data-id=\"16042\" src=\"https:\/\/wp.ufpel.edu.br\/prae\/files\/2024\/02\/prae-acolhe-3-1024x1024.jpeg\" srcset=\"https:\/\/wp.ufpel.edu.br\/prae\/files\/2024\/02\/prae-acolhe-3-1024x1024.jpeg 1024w, https:\/\/wp.ufpel.edu.br\/prae\/files\/2024\/02\/prae-acolhe-3-400x400.jpeg 400w, https:\/\/wp.ufpel.edu.br\/prae\/files\/2024\/02\/prae-acolhe-3-200x200.jpeg 200w, https:\/\/wp.ufpel.edu.br\/prae\/files\/2024\/02\/prae-acolhe-3-768x768.jpeg 768w, https:\/\/wp.ufpel.edu.br\/prae\/files\/2024\/02\/prae-acolhe-3-1536x1536.jpeg 1536w, https:\/\/wp.ufpel.edu.br\/prae\/files\/2024\/02\/prae-acolhe-3-100x100.jpeg 100w, https:\/\/wp.ufpel.edu.br\/prae\/files\/2024\/02\/prae-acolhe-3.jpeg 1600w\" sizes=\"auto, (max-width: 767px) 89vw, (max-width: 1000px) 54vw, (max-width: 1071px) 543px, 580px\" \/><\/figure><\/li><li class=\"wp-block-jetpack-slideshow_slide swiper-slide\"><figure><img loading=\"lazy\" decoding=\"async\" width=\"1024\" height=\"1024\" alt=\"\" class=\"wp-block-jetpack-slideshow_image wp-image-16041\" data-id=\"16041\" src=\"https:\/\/wp.ufpel.edu.br\/prae\/files\/2024\/02\/prae-acolhe-4-1024x1024.jpeg\" srcset=\"https:\/\/wp.ufpel.edu.br\/prae\/files\/2024\/02\/prae-acolhe-4-1024x1024.jpeg 1024w, https:\/\/wp.ufpel.edu.br\/prae\/files\/2024\/02\/prae-acolhe-4-400x400.jpeg 400w, https:\/\/wp.ufpel.edu.br\/prae\/files\/2024\/02\/prae-acolhe-4-200x200.jpeg 200w, https:\/\/wp.ufpel.edu.br\/prae\/files\/2024\/02\/prae-acolhe-4-768x768.jpeg 768w, https:\/\/wp.ufpel.edu.br\/prae\/files\/2024\/02\/prae-acolhe-4-1536x1536.jpeg 1536w, https:\/\/wp.ufpel.edu.br\/prae\/files\/2024\/02\/prae-acolhe-4-100x100.jpeg 100w, https:\/\/wp.ufpel.edu.br\/prae\/files\/2024\/02\/prae-acolhe-4.jpeg 1600w\" sizes=\"auto, (max-width: 767px) 89vw, (max-width: 1000px) 54vw, (max-width: 1071px) 543px, 580px\" \/><\/figure><\/li><li class=\"wp-block-jetpack-slideshow_slide swiper-slide\"><figure><img loading=\"lazy\" decoding=\"async\" width=\"1024\" height=\"1024\" alt=\"\" class=\"wp-block-jetpack-slideshow_image wp-image-16040\" data-id=\"16040\" src=\"https:\/\/wp.ufpel.edu.br\/prae\/files\/2024\/02\/prae-acolhe-5-1024x1024.jpeg\" srcset=\"https:\/\/wp.ufpel.edu.br\/prae\/files\/2024\/02\/prae-acolhe-5-1024x1024.jpeg 1024w, https:\/\/wp.ufpel.edu.br\/prae\/files\/2024\/02\/prae-acolhe-5-400x400.jpeg 400w, https:\/\/wp.ufpel.edu.br\/prae\/files\/2024\/02\/prae-acolhe-5-200x200.jpeg 200w, https:\/\/wp.ufpel.edu.br\/prae\/files\/2024\/02\/prae-acolhe-5-768x768.jpeg 768w, https:\/\/wp.ufpel.edu.br\/prae\/files\/2024\/02\/prae-acolhe-5-1536x1536.jpeg 1536w, https:\/\/wp.ufpel.edu.br\/prae\/files\/2024\/02\/prae-acolhe-5-100x100.jpeg 100w, https:\/\/wp.ufpel.edu.br\/prae\/files\/2024\/02\/prae-acolhe-5.jpeg 1600w\" sizes=\"auto, (max-width: 767px) 89vw, (max-width: 1000px) 54vw, (max-width: 1071px) 543px, 580px\" \/><\/figure><\/li><li class=\"wp-block-jetpack-slideshow_slide swiper-slide\"><figure><img loading=\"lazy\" decoding=\"async\" width=\"1024\" height=\"1024\" alt=\"\" class=\"wp-block-jetpack-slideshow_image wp-image-16039\" data-id=\"16039\" src=\"https:\/\/wp.ufpel.edu.br\/prae\/files\/2024\/02\/prae-acolhe-6-1024x1024.jpeg\" srcset=\"https:\/\/wp.ufpel.edu.br\/prae\/files\/2024\/02\/prae-acolhe-6-1024x1024.jpeg 1024w, https:\/\/wp.ufpel.edu.br\/prae\/files\/2024\/02\/prae-acolhe-6-400x400.jpeg 400w, https:\/\/wp.ufpel.edu.br\/prae\/files\/2024\/02\/prae-acolhe-6-200x200.jpeg 200w, https:\/\/wp.ufpel.edu.br\/prae\/files\/2024\/02\/prae-acolhe-6-768x768.jpeg 768w, https:\/\/wp.ufpel.edu.br\/prae\/files\/2024\/02\/prae-acolhe-6-1536x1536.jpeg 1536w, https:\/\/wp.ufpel.edu.br\/prae\/files\/2024\/02\/prae-acolhe-6-100x100.jpeg 100w, https:\/\/wp.ufpel.edu.br\/prae\/files\/2024\/02\/prae-acolhe-6.jpeg 1600w\" sizes=\"auto, (max-width: 767px) 89vw, (max-width: 1000px) 54vw, (max-width: 1071px) 543px, 580px\" \/><\/figure><\/li><li class=\"wp-block-jetpack-slideshow_slide swiper-slide\"><figure><img loading=\"lazy\" decoding=\"async\" width=\"1024\" height=\"1024\" alt=\"\" class=\"wp-block-jetpack-slideshow_image wp-image-16034\" data-id=\"16034\" src=\"https:\/\/wp.ufpel.edu.br\/prae\/files\/2024\/02\/prae-acolhe-10-1024x1024.jpeg\" srcset=\"https:\/\/wp.ufpel.edu.br\/prae\/files\/2024\/02\/prae-acolhe-10-1024x1024.jpeg 1024w, https:\/\/wp.ufpel.edu.br\/prae\/files\/2024\/02\/prae-acolhe-10-400x400.jpeg 400w, https:\/\/wp.ufpel.edu.br\/prae\/files\/2024\/02\/prae-acolhe-10-200x200.jpeg 200w, https:\/\/wp.ufpel.edu.br\/prae\/files\/2024\/02\/prae-acolhe-10-768x768.jpeg 768w, https:\/\/wp.ufpel.edu.br\/prae\/files\/2024\/02\/prae-acolhe-10-100x100.jpeg 100w, https:\/\/wp.ufpel.edu.br\/prae\/files\/2024\/02\/prae-acolhe-10.jpeg 1280w\" sizes=\"auto, (max-width: 767px) 89vw, (max-width: 1000px) 54vw, (max-width: 1071px) 543px, 580px\" \/><\/figure><\/li><li class=\"wp-block-jetpack-slideshow_slide swiper-slide\"><figure><img loading=\"lazy\" decoding=\"async\" width=\"1024\" height=\"1024\" alt=\"\" class=\"wp-block-jetpack-slideshow_image wp-image-16038\" data-id=\"16038\" src=\"https:\/\/wp.ufpel.edu.br\/prae\/files\/2024\/02\/prae-acolhe-7-1024x1024.jpeg\" srcset=\"https:\/\/wp.ufpel.edu.br\/prae\/files\/2024\/02\/prae-acolhe-7-1024x1024.jpeg 1024w, https:\/\/wp.ufpel.edu.br\/prae\/files\/2024\/02\/prae-acolhe-7-400x400.jpeg 400w, https:\/\/wp.ufpel.edu.br\/prae\/files\/2024\/02\/prae-acolhe-7-200x200.jpeg 200w, https:\/\/wp.ufpel.edu.br\/prae\/files\/2024\/02\/prae-acolhe-7-768x768.jpeg 768w, https:\/\/wp.ufpel.edu.br\/prae\/files\/2024\/02\/prae-acolhe-7-1536x1536.jpeg 1536w, https:\/\/wp.ufpel.edu.br\/prae\/files\/2024\/02\/prae-acolhe-7-100x100.jpeg 100w, https:\/\/wp.ufpel.edu.br\/prae\/files\/2024\/02\/prae-acolhe-7.jpeg 1600w\" sizes=\"auto, (max-width: 767px) 89vw, (max-width: 1000px) 54vw, (max-width: 1071px) 543px, 580px\" \/><\/figure><\/li><li class=\"wp-block-jetpack-slideshow_slide swiper-slide\"><figure><img loading=\"lazy\" decoding=\"async\" width=\"1024\" height=\"1024\" alt=\"\" class=\"wp-block-jetpack-slideshow_image wp-image-16037\" data-id=\"16037\" src=\"https:\/\/wp.ufpel.edu.br\/prae\/files\/2024\/02\/prae-acolhe-8-1024x1024.jpeg\" srcset=\"https:\/\/wp.ufpel.edu.br\/prae\/files\/2024\/02\/prae-acolhe-8-1024x1024.jpeg 1024w, https:\/\/wp.ufpel.edu.br\/prae\/files\/2024\/02\/prae-acolhe-8-400x400.jpeg 400w, https:\/\/wp.ufpel.edu.br\/prae\/files\/2024\/02\/prae-acolhe-8-200x200.jpeg 200w, https:\/\/wp.ufpel.edu.br\/prae\/files\/2024\/02\/prae-acolhe-8-768x768.jpeg 768w, https:\/\/wp.ufpel.edu.br\/prae\/files\/2024\/02\/prae-acolhe-8-1536x1536.jpeg 1536w, https:\/\/wp.ufpel.edu.br\/prae\/files\/2024\/02\/prae-acolhe-8-100x100.jpeg 100w, https:\/\/wp.ufpel.edu.br\/prae\/files\/2024\/02\/prae-acolhe-8.jpeg 1600w\" sizes=\"auto, (max-width: 767px) 89vw, (max-width: 1000px) 54vw, (max-width: 1071px) 543px, 580px\" \/><\/figure><\/li><\/ul><a class=\"wp-block-jetpack-slideshow_button-prev swiper-button-prev swiper-button-white\" role=\"button\"><\/a><a class=\"wp-block-jetpack-slideshow_button-next swiper-button-next swiper-button-white\" role=\"button\"><\/a><a aria-label=\"Pause Slideshow\" class=\"wp-block-jetpack-slideshow_button-pause\" role=\"button\"><\/a><div class=\"wp-block-jetpack-slideshow_pagination swiper-pagination swiper-pagination-white\"><\/div><\/div><\/div>\n\n\n\n<p>O N\u00facleo Psicopedag\u00f3gico de Apoio ao Discente &#8211; NUPADI\/PRAE\/UFPel realizar\u00e1 no dia 27 de fevereiro de 2024, das 9h \u00e0s 15h\u00a0no Campus Cap\u00e3o Le\u00e3o,\u00a0 a\u00e7\u00e3o com o objetivo de promover atividades de preven\u00e7\u00e3o em sa\u00fade f\u00edsica e sa\u00fade mental, destinadas \u00e0 comunidade interna e externa da UFPel.<\/p>\n\n\n\n<p>Essa iniciativa conta com apoio da Coordena\u00e7\u00e3o de Perman\u00eancia, da Coordena\u00e7\u00e3o de Ingresso e Benef\u00edcios e da Coordena\u00e7\u00e3o de Pol\u00edticas Estudantis da PRAE, e foi constru\u00edda em parceria com&nbsp; a Unidade B\u00e1sica de Sa\u00fade do campus e Secretaria Municipal de Sa\u00fade do Cap\u00e3o do Le\u00e3o. O evento conta ainda com a colabora\u00e7\u00e3o dos cursos de Medicina, Odontologia, Psicologia, Nutri\u00e7\u00e3o, Educa\u00e7\u00e3o F\u00edsica e Enfermagem, e est\u00e1 articulado com o projeto de extens\u00e3o C\u00edrculo de Estudos das Pr\u00e1ticas Antirracistas (CEPRANTI).<\/p>\n\n\n\n<p>O evento de acolhida contar\u00e1 ainda com oficinas e atividades art\u00edstico culturais, al\u00e9m de mesas informativas sobre os programas de aux\u00edlio da PRAE.<\/p>\n\n\n\n<p><strong>LOCAL:<\/strong>&nbsp;Em frente \u00e0 Unidade B\u00e1sica de Sa\u00fade do campus<\/p>\n\n\n\n<p><strong>PROGRAMA\u00c7\u00c3O<\/strong><\/p>\n\n\n\n<div class=\"wp-block-columns is-layout-flex wp-container-core-columns-is-layout-9d6595d7 wp-block-columns-is-layout-flex\">\n<div class=\"wp-block-column is-layout-flow wp-block-column-is-layout-flow\" style=\"flex-basis:100%\">\n<figure class=\"wp-block-table\"><table><tbody><tr><td><strong>Hor\u00e1rio<\/strong><\/td><td><strong>Atividade<\/strong><\/td><\/tr><tr><td>9:00 \u00e0s 11:30<br>13:30 \u00e0s 15:00<\/td><td><strong>A\u00e7\u00f5es Preventivas em Sa\u00fade<\/strong><br>&#8211; Testes r\u00e1pidos de ISTs, informa\u00e7\u00f5es sobre profilaxia <br>pr\u00e9-exposi\u00e7\u00e3o (PREP) e distribui\u00e7\u00e3o de preservativos<br>&#8211; Vacina\u00e7\u00e3o contra: Covid-19, Influenza, DT, Tr\u00edplice e <br>Hepatite B, Penta<br>&#8211; Preven\u00e7\u00e3o em sa\u00fade oral: C\u00e2ncer de boca e <br>preven\u00e7\u00e3o da c\u00e1rie&nbsp;<br>&#8211; Mesas informativas sobre: Sa\u00fade da mulher e <br>contracep\u00e7\u00e3o, tabagismo, sa\u00fade geral do idoso, <br>preven\u00e7\u00e3o de les\u00f5es de pele, <br>diabetes e hipertens\u00e3o<br>&#8211; Atividades F\u00edsicas com media\u00e7\u00e3o de estudantes da <br>ESEF (Orienta\u00e7\u00e3o Prof. C\u00e9sar Vaghetti)&nbsp;<\/td><\/tr><tr><td>9:00 \u00e0s 15:00<\/td><td><strong>Brech\u00f3 solid\u00e1rio da PRAE:<\/strong>&nbsp;&#8220;Achados e Benditos&#8221;<\/td><\/tr><tr><td>9:00<\/td><td><strong>Conversando sobre sa\u00fade mental<\/strong>&nbsp;<br>com Tha\u00edse Mondin e as estagi\u00e1rias Isabela Cuter e<br> Rayssa Ribeiro (<a href=\"https:\/\/docs.google.com\/forms\/d\/e\/1FAIpQLSccZIn0g71Ie5YA3uaEwZUUji6qWa0prEBuIAGfZxa-MbqsjQ\/viewform\" target=\"_blank\" rel=\"noreferrer noopener\">Inscri\u00e7\u00f5es aqui!<\/a>\u200b)<\/td><\/tr><tr><td>9:30<br>&nbsp;<\/td><td><strong>Medita\u00e7\u00e3o:<\/strong>&nbsp;Instantes Meditativos <br>com Lisandra Os\u00f3rio&nbsp;(<a href=\"https:\/\/docs.google.com\/forms\/d\/e\/1FAIpQLSccZIn0g71Ie5YA3uaEwZUUji6qWa0prEBuIAGfZxa-MbqsjQ\/viewform\" target=\"_blank\" rel=\"noreferrer noopener\">Inscri\u00e7\u00f5es aqui!<\/a>)<\/td><\/tr><tr><td>10:00<br>&nbsp;<\/td><td><strong>Oficina de Origami<\/strong>&nbsp;<strong>&#8220;Conhecendo o Tsuru&#8221;&nbsp;<\/strong><br>com Rog\u00e9ria Guttier (<a href=\"https:\/\/docs.google.com\/forms\/d\/e\/1FAIpQLSccZIn0g71Ie5YA3uaEwZUUji6qWa0prEBuIAGfZxa-MbqsjQ\/viewform\" target=\"_blank\" rel=\"noreferrer noopener\">Inscri\u00e7\u00f5es aqui!<\/a>\u200b)<\/td><\/tr><tr><td>10:30 \u00e0s 12:00&nbsp;<\/td><td><strong>Conversando sobre sa\u00fade mental<\/strong>&nbsp;<br>com Juliana Souza e as estagi\u00e1rias Victoria Bastos e<br> Isabella Fonseca (<a href=\"https:\/\/docs.google.com\/forms\/d\/e\/1FAIpQLSccZIn0g71Ie5YA3uaEwZUUji6qWa0prEBuIAGfZxa-MbqsjQ\/viewform\" target=\"_blank\" rel=\"noreferrer noopener\">Inscri\u00e7\u00f5es aqui!<\/a>\u200b)<\/td><\/tr><tr><td>12:00 \u00e0s 13:00<br>(em frente ao RU)<\/td><td><strong>Apresenta\u00e7\u00e3o musical de Bernard Rehermann\u00a0<\/strong><br>Voz, Viol\u00e3o e seus autorais<strong> <\/strong><\/td><\/tr><tr><td>13:00 \u00e0s 14:00<br>(em frente ao RU)<\/td><td><strong>Sopa de letrinhas: Um di\u00e1logo sobre o restaurante universit\u00e1rio <\/strong><br>com Rosane Brand\u00e3o, Gisele Dutra, <br>Caroline Neves e Ang\u00e9lica Leitzke<\/td><\/tr><tr><td>13:00 \u00e0s 14:30<\/td><td><strong>Roda de Leitura &#8220;Reflex\u00f5es Antirracistas&#8221;<\/strong><br>com Juliana Antunes Souza e Josy Dias Anacleto<br>\u00a0(<a href=\"https:\/\/docs.google.com\/forms\/d\/e\/1FAIpQLSccZIn0g71Ie5YA3uaEwZUUji6qWa0prEBuIAGfZxa-MbqsjQ\/viewform\" target=\"_blank\" rel=\"noreferrer noopener\">Inscri\u00e7\u00f5es aqui!<\/a>\u200b)<\/td><\/tr><tr><td>13:30<\/td><td><strong>Oficina de Origami &#8220;Conhecendo o Tsuru&#8221;\u00a0<\/strong><br>com Rog\u00e9ria Guttier\u00a0(<a href=\"https:\/\/docs.google.com\/forms\/d\/e\/1FAIpQLSccZIn0g71Ie5YA3uaEwZUUji6qWa0prEBuIAGfZxa-MbqsjQ\/viewform\" target=\"_blank\" rel=\"noreferrer noopener\">Inscri\u00e7\u00f5es aqui!<\/a>\u200b)<\/td><\/tr><tr><td>14:30<\/td><td><strong>Medita\u00e7\u00e3o:\u00a0<\/strong>Instantes Meditativos<br> com Lisandra Os\u00f3rio\u00a0(<a href=\"https:\/\/docs.google.com\/forms\/d\/e\/1FAIpQLSccZIn0g71Ie5YA3uaEwZUUji6qWa0prEBuIAGfZxa-MbqsjQ\/viewform\" target=\"_blank\" rel=\"noreferrer noopener\">Inscri\u00e7\u00f5es aqui!<\/a>\u200b)<\/td><\/tr><\/tbody><\/table><\/figure>\n<\/div>\n<\/div>\n\n\n\n<p>Contamos com a sua participa\u00e7\u00e3o!<\/p>\n\n\n\n<p><\/p>\n\n\n\n<p><\/p>\n\n\n\n<div class=\"wp-block-columns is-layout-flex wp-container-core-columns-is-layout-9d6595d7 wp-block-columns-is-layout-flex\">\n<div class=\"wp-block-column is-layout-flow wp-block-column-is-layout-flow\" style=\"flex-basis:100%\"><\/div>\n<\/div>\n\n\n\n<p>&#8212;&#8212;&#8212;&#8212;&#8212;&#8212;&#8212;&#8212;&#8212;&#8212;&#8212;&#8212;&#8212;&#8212;&#8212;&#8212;&#8212;&#8212;&#8212;&#8212;&#8212;&#8212;&#8212;&#8212;&#8212;&#8212;&#8212;&#8212;&#8212;&#8212;&#8212;&#8212;&#8212;&#8212;&#8212;&#8212;&#8211;<\/p>\n\n\n\n<p><strong>EDI\u00c7\u00d5ES ANTERIORES:<\/strong><\/p>\n\n\n\n<p class=\"has-text-align-left\"><b>PRAE ACOLHE 2023\/1 &#8211; Dia 08 de AGOSTO &#8211; CAMPUS ANGLO DA UFPEL<\/b><\/p>\n\n\n<div class=\"wp-block-image\">\n<figure class=\"alignleft\"><a href=\"https:\/\/wp.ufpel.edu.br\/prae\/files\/2023\/08\/prae-acolhe.jpeg\"><img loading=\"lazy\" decoding=\"async\" width=\"400\" height=\"400\" src=\"https:\/\/wp.ufpel.edu.br\/prae\/files\/2023\/08\/prae-acolhe-400x400.jpeg\" alt=\"\" class=\"wp-image-15285\" srcset=\"https:\/\/wp.ufpel.edu.br\/prae\/files\/2023\/08\/prae-acolhe-400x400.jpeg 400w, https:\/\/wp.ufpel.edu.br\/prae\/files\/2023\/08\/prae-acolhe-1024x1024.jpeg 1024w, https:\/\/wp.ufpel.edu.br\/prae\/files\/2023\/08\/prae-acolhe-200x200.jpeg 200w, https:\/\/wp.ufpel.edu.br\/prae\/files\/2023\/08\/prae-acolhe-768x768.jpeg 768w, https:\/\/wp.ufpel.edu.br\/prae\/files\/2023\/08\/prae-acolhe.jpeg 1080w\" sizes=\"auto, (max-width: 400px) 100vw, 400px\" \/><\/a><\/figure>\n<\/div>\n\n\n<p>O N\u00facleo Psicopedag\u00f3gico de Apoio ao Discente da PRAE &#8211; NUPADI, realizar\u00e1 no dia 08 de agosto&nbsp; de 2023, no hor\u00e1rio das 10h \u00e0s 15h, no campus Anglo, a\u00e7\u00e3o do projeto \u201cPRAE Acolhe!\u201d, aberta \u00e0 popula\u00e7\u00e3o e comunidade acad\u00eamica.<\/p>\n\n\n\n<p>O objetivo \u00e9 proporcionar a\u00e7\u00f5es de preven\u00e7\u00e3o em sa\u00fade no \u00e2mbito das ISTs (Infec\u00e7\u00f5es Sexualmente Transmiss\u00edveis), vacina\u00e7\u00e3o para Covid-19, Influenza, DT, Tr\u00edplice e Hepatite B. O evento contar\u00e1 ainda com mesas tem\u00e1ticas para orienta\u00e7\u00f5es sobre preven\u00e7\u00e3o e redu\u00e7\u00e3o de danos \u00e0 drogadi\u00e7\u00e3o,&nbsp; atividades culturais de m\u00fasica e dan\u00e7a.<\/p>\n\n\n\n<p>A a\u00e7\u00e3o foi constru\u00edda em parceria com o Projeto de Extens\u00e3o Institucional \u201cBarraca da Sa\u00fade\u201d e apoio da Secretaria Municipal de Sa\u00fade de Pelotas, com o Projeto PREP Itinerante, Projeto PositHIVes, Rede de Doen\u00e7as Cr\u00f4nicas Transmiss\u00edveis Priorit\u00e1rias, Servi\u00e7o de Atendimento Especializado em HIV-AIDS &#8211; SAE, Rede de Equidades e Ambulat\u00f3rio T do HEUFPel. O Programa de P\u00f3s-gradua\u00e7\u00e3o em Enfermagem atuar\u00e1 com atividade de Acolhimento aos Migrantes e Refugiados.<\/p>\n\n\n\n<p>A Coordena\u00e7\u00e3o de Perman\u00eancia, Coordena\u00e7\u00e3o de Ingresso e Benef\u00edcios e Coordena\u00e7\u00e3o de Pol\u00edticas Estudantis da PRAE, estar\u00e3o presentes com mesas informativas sobre os Programas de Benef\u00edcios e Aux\u00edlios da PRAE.<\/p>\n\n\n\n<p>Contamos com a sua presen\u00e7a e ampla divulga\u00e7\u00e3o em suas unidades, especialmente entre os estudantes.<\/p>\n\n\n\n<p><span style=\"font-weight: 400\">Participe!<\/span><\/p>\n","protected":false},"excerpt":{"rendered":"<p>PRAE ACOLHE 2023\/2 &#8211; DIA 27 DE FEVEREIRO DE 2024 &#8211; CAMPUS CAP\u00c3O DO LE\u00c3O O N\u00facleo Psicopedag\u00f3gico de Apoio ao Discente &#8211; NUPADI\/PRAE\/UFPel realizar\u00e1 no dia 27 de fevereiro de 2024, das 9h \u00e0s 15h\u00a0no Campus Cap\u00e3o Le\u00e3o,\u00a0 a\u00e7\u00e3o com o objetivo de promover atividades de preven\u00e7\u00e3o em sa\u00fade f\u00edsica e sa\u00fade mental, destinadas &hellip; <\/p>\n<p class=\"link-more\"><a href=\"https:\/\/wp.ufpel.edu.br\/prae\/programa-de-acompanhamento-pedagogico\/prae-acolhe\/\" class=\"more-link\">Continue lendo<span class=\"screen-reader-text\"> &#8220;PRAE Acolhe!&#8221;<\/span><\/a><\/p>\n","protected":false},"author":229,"featured_media":0,"parent":7958,"menu_order":0,"comment_status":"closed","ping_status":"closed","template":"","meta":{"footnotes":""},"class_list":["post-14916","page","type-page","status-publish","hentry"],"_links":{"self":[{"href":"https:\/\/wp.ufpel.edu.br\/prae\/wp-json\/wp\/v2\/pages\/14916","targetHints":{"allow":["GET"]}}],"collection":[{"href":"https:\/\/wp.ufpel.edu.br\/prae\/wp-json\/wp\/v2\/pages"}],"about":[{"href":"https:\/\/wp.ufpel.edu.br\/prae\/wp-json\/wp\/v2\/types\/page"}],"author":[{"embeddable":true,"href":"https:\/\/wp.ufpel.edu.br\/prae\/wp-json\/wp\/v2\/users\/229"}],"replies":[{"embeddable":true,"href":"https:\/\/wp.ufpel.edu.br\/prae\/wp-json\/wp\/v2\/comments?post=14916"}],"version-history":[{"count":3,"href":"https:\/\/wp.ufpel.edu.br\/prae\/wp-json\/wp\/v2\/pages\/14916\/revisions"}],"predecessor-version":[{"id":18250,"href":"https:\/\/wp.ufpel.edu.br\/prae\/wp-json\/wp\/v2\/pages\/14916\/revisions\/18250"}],"up":[{"embeddable":true,"href":"https:\/\/wp.ufpel.edu.br\/prae\/wp-json\/wp\/v2\/pages\/7958"}],"wp:attachment":[{"href":"https:\/\/wp.ufpel.edu.br\/prae\/wp-json\/wp\/v2\/media?parent=14916"}],"curies":[{"name":"wp","href":"https:\/\/api.w.org\/{rel}","templated":true}]}}