{"id":11929,"date":"2021-08-13T15:23:06","date_gmt":"2021-08-13T18:23:06","guid":{"rendered":"https:\/\/wp.ufpel.edu.br\/prae\/?page_id=11929"},"modified":"2021-11-23T12:03:06","modified_gmt":"2021-11-23T15:03:06","slug":"outros-editais","status":"publish","type":"page","link":"https:\/\/wp.ufpel.edu.br\/prae\/coordenacao_de_ingresso_e_beneficios\/editais\/editais-2021\/editais-2021-1\/outros-editais\/","title":{"rendered":"Outros Editais"},"content":{"rendered":"<p style=\"text-align: center\"><span style=\"color: #999999\">ATEN\u00c7\u00c3O: Ao abrir qualquer documento, pressione F5 em seu navegador para atualizar o cache ou puxe para baixo em navegador\/celular<\/span><\/p>\n<p><strong>EDITAIS UAB<\/strong><\/p>\n<p style=\"padding-left: 40px\">Edital Vinculado PRAE 22\/21 &#8211; <a href=\"https:\/\/wp.ufpel.edu.br\/prae\/files\/2021\/05\/SEI_23110.014360_2021_80_Edital_22_21_Portador_CRA_05.pdf\">Edital Vinculado PRAE 22\/21 &#8211; Portador de Diploma UAB 2020\/2<\/a><\/p>\n<p style=\"padding-left: 80px\">Lista inicial de homologados: <a href=\"https:\/\/wp.ufpel.edu.br\/prae\/files\/2021\/05\/SEI_23110.014360_2021_80_Edital_22_21_Portador_CRA_05.pdf\">Edital Vinculado PRAE 22\/21 &#8211; Portador de Diploma UAB 2020\/2<\/a> (atualize o documento)<\/p>\n<p style=\"padding-left: 80px\">Lista de homologados final: <a href=\"https:\/\/wp.ufpel.edu.br\/prae\/files\/2021\/05\/SEI_23110.014360_2021_80_Edital_22_21_Portador_CRA_05.pdf\">Edital Vinculado PRAE 22\/21 &#8211; Portador de Diploma UAB 2020\/2<\/a> (atualize o documento)<\/p>\n<p style=\"padding-left: 80px\">Resultado Preliminar: <a class=\"mtli_attachment mtli_pdf mtli_attachment mtli_pdf mtli_attachment mtli_pdf\" href=\"https:\/\/wp.ufpel.edu.br\/prae\/files\/2021\/05\/SEI_23110.014360_2021_80_Edital_22_21_Portador_CRA_05.pdf\">Edital Vinculado PRAE 22\/21 \u2013 Portador de Diploma UAB 2020\/2<\/a>\u00a0(atualize o documento)<\/p>\n<p style=\"padding-left: 80px\">Resultado Final: <a class=\"mtli_attachment mtli_pdf mtli_attachment mtli_pdf mtli_attachment mtli_pdf\" href=\"https:\/\/wp.ufpel.edu.br\/prae\/files\/2021\/05\/SEI_23110.014360_2021_80_Edital_22_21_Portador_CRA_05.pdf\">Edital Vinculado PRAE 22\/21 \u2013 Portador de Diploma UAB 2020\/2<\/a>\u00a0(atualize o documento)<\/p>\n<p>&nbsp;<\/p>\n<hr \/>\n<p><strong>REINGRESSO, REOP\u00c7\u00c3O, TRANSFER\u00caNCIA E PORTADOR DE DIPLOMA 2021\/1<\/strong><\/p>\n<p style=\"padding-left: 80px\">Reop\u00e7\u00e3o, Reingresso, Transfer\u00eancia e Portador de Diploma conforme Edital CRA 07\/21: <a href=\"https:\/\/wp.ufpel.edu.br\/prae\/files\/2021\/07\/SEI_23110.021027_2021_27_Edital_26_21_Reopcao-Reingresso-Transferencia-e-Portador-de-Diploma-conforme-Edital-CRA-0721.pdf\">Reop\u00e7\u00e3o, Reingresso, Transfer\u00eancia e Portador de Diploma\u00a0conforme Edital CRA 0721<\/a><\/p>\n<p style=\"padding-left: 120px\">Lista de homologados inicial: <a class=\"mtli_attachment mtli_pdf\" href=\"https:\/\/wp.ufpel.edu.br\/prae\/files\/2021\/07\/SEI_23110.021027_2021_27_Edital_26_21_Reopcao-Reingresso-Transferencia-e-Portador-de-Diploma-conforme-Edital-CRA-0721.pdf\">Reop\u00e7\u00e3o, Reingresso, Transfer\u00eancia e Portador de Diploma conforme Edital CRA 0721<\/a> (atualize o documento)<\/p>\n<p style=\"padding-left: 120px\">Lista de homologados final: <a class=\"mtli_attachment mtli_pdf\" href=\"https:\/\/wp.ufpel.edu.br\/prae\/files\/2021\/07\/SEI_23110.021027_2021_27_Edital_26_21_Reopcao-Reingresso-Transferencia-e-Portador-de-Diploma-conforme-Edital-CRA-0721.pdf\">Reop\u00e7\u00e3o, Reingresso, Transfer\u00eancia e Portador de Diploma conforme Edital CRA 0721<\/a> (atualize o documento)<\/p>\n<p style=\"padding-left: 120px\">Resultado Preliminar: <a class=\"mtli_attachment mtli_pdf mtli_attachment mtli_pdf mtli_attachment mtli_pdf\" href=\"https:\/\/wp.ufpel.edu.br\/prae\/files\/2021\/07\/SEI_23110.021027_2021_27_Edital_26_21_Reopcao-Reingresso-Transferencia-e-Portador-de-Diploma-conforme-Edital-CRA-0721.pdf\">Reop\u00e7\u00e3o, Reingresso, Transfer\u00eancia e Portador de Diploma conforme Edital CRA 0721<\/a>\u00a0(atualize o documento)<\/p>\n<p style=\"padding-left: 120px\">Resultado P\u00f3s-Recurso: <a class=\"mtli_attachment mtli_pdf mtli_attachment mtli_pdf mtli_attachment mtli_pdf\" href=\"https:\/\/wp.ufpel.edu.br\/prae\/files\/2021\/07\/SEI_23110.021027_2021_27_Edital_26_21_Reopcao-Reingresso-Transferencia-e-Portador-de-Diploma-conforme-Edital-CRA-0721.pdf\">Reop\u00e7\u00e3o, Reingresso, Transfer\u00eancia e Portador de Diploma conforme Edital CRA 0721<\/a>\u00a0(atualize o documento)<\/p>\n<p style=\"padding-left: 120px\">Resultado Final: <a class=\"mtli_attachment mtli_pdf mtli_attachment mtli_pdf mtli_attachment mtli_pdf mtli_attachment mtli_pdf\" href=\"https:\/\/wp.ufpel.edu.br\/prae\/files\/2021\/07\/SEI_23110.021027_2021_27_Edital_26_21_Reopcao-Reingresso-Transferencia-e-Portador-de-Diploma-conforme-Edital-CRA-0721.pdf\">Reop\u00e7\u00e3o, Reingresso, Transfer\u00eancia e Portador de Diploma conforme Edital CRA 0721<\/a>\u00a0(atualize o documento)<\/p>\n<p>&nbsp;<\/p>\n<hr \/>\n<p><span style=\"color: #99cc00\"><b>AMPLA CONCORR\u00caNCIA, L5, L6, L13, L14 E ESTUDANTES REGULARES\u00a0 N\u00c3O INGRESSANTES<\/b><\/span><\/p>\n<p style=\"padding-left: 40px\">Edital 01\/21 &#8211; Sele\u00e7\u00e3o para acesso aos Programas de Aux\u00edlio Estudantil 2020\/2 &#8211; <a href=\"https:\/\/wp.ufpel.edu.br\/prae\/files\/2021\/02\/SEI_23110.005156_2021_78_Edital_01_21_Selecao_para_Programas_de_Auxilio_Estudantil_2020_2.pdf\">Sele\u00e7\u00e3o para acesso aos Programas de Aux\u00edlio Estudantil 2020\/2<\/a><\/p>\n<p style=\"padding-left: 80px\">Resultado Preliminar &#8211; <a href=\"https:\/\/wp.ufpel.edu.br\/prae\/files\/2021\/02\/SEI_23110.005156_2021_78_Edital_01_21_Selecao_para_Programas_de_Auxilio_Estudantil_2020_2.pdf\">Sele\u00e7\u00e3o para acesso aos Programas de Aux\u00edlio Estudantil 2020\/2<\/a> (pressione F5 para atualizar o cache)<\/p>\n<p style=\"padding-left: 80px\">Resultado P\u00f3s-Recurso: <a class=\"mtli_attachment mtli_pdf\" href=\"https:\/\/wp.ufpel.edu.br\/prae\/files\/2021\/02\/SEI_23110.005156_2021_78_Edital_01_21_Selecao_para_Programas_de_Auxilio_Estudantil_2020_2.pdf\">Sele\u00e7\u00e3o para acesso aos Programas de Aux\u00edlio Estudantil 2020\/2<\/a>\u00a0(pressione F5 para atualizar o cache)<\/p>\n<p style=\"padding-left: 80px\">Resultado Final: <a class=\"mtli_attachment mtli_pdf\" href=\"https:\/\/wp.ufpel.edu.br\/prae\/files\/2021\/02\/SEI_23110.005156_2021_78_Edital_01_21_Selecao_para_Programas_de_Auxilio_Estudantil_2020_2.pdf\">Sele\u00e7\u00e3o para acesso aos Programas de Aux\u00edlio Estudantil 2020\/2<\/a>\u00a0(pressione F5 para atualizar o cache)<\/p>\n<p>&nbsp;<\/p>\n<p style=\"padding-left: 40px\">Edital PRAE 34\/21 &#8211; <a href=\"https:\/\/wp.ufpel.edu.br\/prae\/files\/2021\/08\/SEI_23110.025549_2021_06_Edital_34_21_Selecao_ao_Programa_de_Auxilio_Alimentacao.pdf\">Edital PRAE 34\/21 &#8211; Sele\u00e7\u00e3o ao Programa de Aux\u00edlio Alimenta\u00e7\u00e3o PAA<\/a><\/p>\n<p style=\"padding-left: 120px\">Lista inicial de homologados \u2013 <a class=\"mtli_attachment mtli_pdf\" href=\"https:\/\/wp.ufpel.edu.br\/prae\/files\/2021\/08\/SEI_23110.025549_2021_06_Edital_34_21_Selecao_ao_Programa_de_Auxilio_Alimentacao.pdf\">Edital PRAE 34\/21 \u2013 Sele\u00e7\u00e3o ao Programa de Aux\u00edlio Alimenta\u00e7\u00e3o PAA<\/a> (atualize o documento)<\/p>\n<p style=\"padding-left: 120px\">Lista final de homologados \u2013 <a class=\"mtli_attachment mtli_pdf mtli_attachment mtli_pdf\" href=\"https:\/\/wp.ufpel.edu.br\/prae\/files\/2021\/08\/SEI_23110.025549_2021_06_Edital_34_21_Selecao_ao_Programa_de_Auxilio_Alimentacao.pdf\">Edital PRAE 34\/21 \u2013 Sele\u00e7\u00e3o ao Programa de Aux\u00edlio Alimenta\u00e7\u00e3o PAA<\/a>\u00a0(atualize o documento)<\/p>\n<p style=\"padding-left: 120px\">Resultado Preliminar \u2013 <a class=\"mtli_attachment mtli_pdf mtli_attachment mtli_pdf mtli_attachment mtli_pdf\" href=\"https:\/\/wp.ufpel.edu.br\/prae\/files\/2021\/08\/SEI_23110.025549_2021_06_Edital_34_21_Selecao_ao_Programa_de_Auxilio_Alimentacao.pdf\">Edital PRAE 34\/21 \u2013 Sele\u00e7\u00e3o ao Programa de Aux\u00edlio Alimenta\u00e7\u00e3o PAA<\/a>\u00a0(atualize o documento)<\/p>\n<p style=\"padding-left: 120px\">Resultado P\u00f3s-Recurso \u2013 <a class=\"mtli_attachment mtli_pdf mtli_attachment mtli_pdf mtli_attachment mtli_pdf mtli_attachment mtli_pdf\" href=\"https:\/\/wp.ufpel.edu.br\/prae\/files\/2021\/08\/SEI_23110.025549_2021_06_Edital_34_21_Selecao_ao_Programa_de_Auxilio_Alimentacao.pdf\">Edital PRAE 34\/21 \u2013 Sele\u00e7\u00e3o ao Programa de Aux\u00edlio Alimenta\u00e7\u00e3o PAA<\/a>\u00a0(atualize o documento)<\/p>\n<p style=\"padding-left: 120px\">Resultado Final \u2013 <a class=\"mtli_attachment mtli_pdf mtli_attachment mtli_pdf mtli_attachment mtli_pdf mtli_attachment mtli_pdf mtli_attachment mtli_pdf\" href=\"https:\/\/wp.ufpel.edu.br\/prae\/files\/2021\/08\/SEI_23110.025549_2021_06_Edital_34_21_Selecao_ao_Programa_de_Auxilio_Alimentacao.pdf\">Edital PRAE 34\/21 \u2013 Sele\u00e7\u00e3o ao Programa de Aux\u00edlio Alimenta\u00e7\u00e3o PAA<\/a>\u00a0(atualize o documento)<\/p>\n<hr \/>\n<p><strong>DEMAIS EDITAIS<\/strong><\/p>\n<p style=\"padding-left: 40px\">Edital PRAE 02\/21 &#8211; Aux\u00edlio Equipamentos &#8211; <a href=\"https:\/\/wp.ufpel.edu.br\/prae\/files\/2021\/02\/SEI_23110.004846_2021_18_Edital_PRAE_02_21_Auxilio_Equipamentos.pdf\" target=\"_blank\" rel=\"noopener noreferrer\">Edital PRAE 02\/21 &#8211; Aux\u00edlio Equipamentos<\/a><\/p>\n<p style=\"padding-left: 80px\">Resultado Preliminar &#8211; <a href=\"https:\/\/wp.ufpel.edu.br\/prae\/files\/2021\/02\/SEI_23110.004846_2021_18_Edital_PRAE_02_21_Auxilio_Equipamentos.pdf\" target=\"_blank\" rel=\"noopener noreferrer\">Edital PRAE 02\/21 &#8211; Aux\u00edlio Equipamentos<\/a> (pressione F5 para atualizar o cache)<\/p>\n<p style=\"padding-left: 80px\">Resultado Final &#8211; <a href=\"https:\/\/wp.ufpel.edu.br\/prae\/files\/2021\/02\/SEI_23110.004846_2021_18_Edital_PRAE_02_21_Auxilio_Equipamentos.pdf\" target=\"_blank\" rel=\"noopener noreferrer\">Edital PRAE 02\/21 &#8211; Aux\u00edlio Equipamentos<\/a> (pressione F5 para atualizar o cache)<\/p>\n<p style=\"padding-left: 80px\">Resultado Lista de Comprova\u00e7\u00e3o de uso &#8211; <a href=\"https:\/\/wp.ufpel.edu.br\/prae\/files\/2021\/02\/SEI_23110.004846_2021_18_Edital_PRAE_02_21_Auxilio_Equipamentos.pdf\" target=\"_blank\" rel=\"noopener noreferrer\">Edital PRAE 02\/21 &#8211; Aux\u00edlio Equipamentos<\/a> (pressione F5 para atualizar o cache)<\/p>\n<p>&nbsp;<\/p>\n<p style=\"padding-left: 40px\">Edital PRAE 16\/21 &#8211; Aux\u00edlio Equipamentos Bolsa Internet e Chip &#8211; <a href=\"https:\/\/wp.ufpel.edu.br\/prae\/files\/2021\/03\/SEI_23110.008500_2021_81_Edital_PRAE_16_21_Auxilio_Digital_Bolsa_e_Chip.pdf\">Edital PRAE 16\/21 &#8211; Aux\u00edlio Digital &#8211; Bolsa Internet e Chip<\/a><\/p>\n<p style=\"padding-left: 80px\">Resultado Preliminar: <a href=\"https:\/\/wp.ufpel.edu.br\/prae\/files\/2021\/03\/SEI_23110.008500_2021_81_Edital_PRAE_16_21_Auxilio_Digital_Bolsa_e_Chip.pdf\">Edital PRAE 16\/21 &#8211; Aux\u00edlio Digital &#8211; Bolsa Internet e Chip<\/a> (pressione F5 para atualizar o cache)<\/p>\n<p style=\"padding-left: 80px\">Resultado Final: <a href=\"https:\/\/wp.ufpel.edu.br\/prae\/files\/2021\/03\/SEI_23110.008500_2021_81_Edital_PRAE_16_21_Auxilio_Digital_Bolsa_e_Chip.pdf\">Edital PRAE 16\/21 &#8211; Aux\u00edlio Digital &#8211; Bolsa Internet e Chip<\/a> (pressione F5 para atualizar o cache)<\/p>\n<p>&nbsp;<\/p>\n<p style=\"padding-left: 40px\">Edital PRAE 27\/21 &#8211; Aux\u00edlio Inclus\u00e3o Digital &#8211; <a class=\"mtli_attachment mtli_pdf\" href=\"https:\/\/wp.ufpel.edu.br\/prae\/files\/2021\/07\/SEI_23110.022103_2021_11_Edital_27_Auxilio_Inclusao_Digital_2021_1.pdf\">Edital 27\/21 \u2013 Aux\u00edlio Inclus\u00e3o Digital<\/a><\/p>\n<p style=\"padding-left: 80px\">Resultado Preliminar Edital PRAE 27\/21 \u2013 Aux\u00edlio Inclus\u00e3o Digital \u2013 <a class=\"mtli_attachment mtli_pdf mtli_attachment mtli_pdf mtli_attachment mtli_pdf\" href=\"https:\/\/wp.ufpel.edu.br\/prae\/files\/2021\/07\/SEI_23110.022103_2021_11_Edital_27_Auxilio_Inclusao_Digital_2021_1.pdf\">Edital 27\/21 \u2013 Aux\u00edlio Inclus\u00e3o Digital<\/a>\u00a0(atualize o documento)<\/p>\n<p style=\"padding-left: 80px\">Resultado Final Edital PRAE 27\/21 \u2013 Aux\u00edlio Inclus\u00e3o Digital \u2013 <a class=\"mtli_attachment mtli_pdf mtli_attachment mtli_pdf mtli_attachment mtli_pdf\" href=\"https:\/\/wp.ufpel.edu.br\/prae\/files\/2021\/07\/SEI_23110.022103_2021_11_Edital_27_Auxilio_Inclusao_Digital_2021_1.pdf\">Edital 27\/21 \u2013 Aux\u00edlio Inclus\u00e3o Digital<\/a>\u00a0(atualize o documento)<\/p>\n<p>&nbsp;<\/p>\n<p style=\"padding-left: 40px\">Edital PRAE 31\/21 &#8211; Aux\u00edlio Inclus\u00e3o Digital vagas remanescentes &#8211; <a href=\"https:\/\/wp.ufpel.edu.br\/prae\/files\/2021\/08\/SEI_23110.025126_2021_88_Edital_31_21_Auxilio_Digital_Remanescentes.pdf\" target=\"_blank\" rel=\"noopener\">Edital 31\/21 \u2013 Aux\u00edlio Inclus\u00e3o Digital Remanescentes<\/a><\/p>\n<p style=\"padding-left: 80px\">Resultado Preliminar : <a href=\"https:\/\/wp.ufpel.edu.br\/prae\/files\/2021\/08\/SEI_23110.025126_2021_88_Edital_31_21_Auxilio_Digital_Remanescentes.pdf\" target=\"_blank\" rel=\"noopener\">Edital 31\/21 \u2013 Aux\u00edlio Inclus\u00e3o Digital Remanescentes<\/a> (atualize o documento)<\/p>\n<p style=\"padding-left: 80px\">Resultado Final: <a class=\"mtli_attachment mtli_pdf\" href=\"https:\/\/wp.ufpel.edu.br\/prae\/files\/2021\/08\/SEI_23110.025126_2021_88_Edital_31_21_Auxilio_Digital_Remanescentes.pdf\" target=\"_blank\" rel=\"noopener\">Edital 31\/21 \u2013 Aux\u00edlio Inclus\u00e3o Digital Remanescentes<\/a>\u00a0(atualize o documento)<\/p>\n<p>&nbsp;<\/p>\n<p style=\"padding-left: 40px\">Edital 29\/21 &#8211; <a href=\"https:\/\/wp.ufpel.edu.br\/prae\/files\/2021\/07\/SEI_23110.023271_2021_24_Edital_29_21_Selecao_Especial_Psicologia.pdf\">Edital Vinculado PRAE 29\/21 &#8211; SELE\u00c7\u00c3O ESPECIAL PARA PSICOLOGIA CONFORME EDITAL CRA 08\/21<\/a><\/p>\n<p style=\"padding-left: 80px\">Lista de homologados inicial: <a class=\"mtli_attachment mtli_pdf\" href=\"https:\/\/wp.ufpel.edu.br\/prae\/files\/2021\/07\/SEI_23110.023271_2021_24_Edital_29_21_Selecao_Especial_Psicologia.pdf\">Edital Vinculado PRAE 29\/21 \u2013 SELE\u00c7\u00c3O ESPECIAL PARA PSICOLOGIA CONFORME EDITAL CRA 08\/21<\/a> (atualize o documento)<\/p>\n<p style=\"padding-left: 80px\">Lista de homologados final: <a class=\"mtli_attachment mtli_pdf\" href=\"https:\/\/wp.ufpel.edu.br\/prae\/files\/2021\/07\/SEI_23110.023271_2021_24_Edital_29_21_Selecao_Especial_Psicologia.pdf\">Edital Vinculado PRAE 29\/21 \u2013 SELE\u00c7\u00c3O ESPECIAL PARA PSICOLOGIA CONFORME EDITAL CRA 08\/21<\/a> (atualize o documento)<\/p>\n<p style=\"padding-left: 80px\">Resultado Preliminar: <a class=\"mtli_attachment mtli_pdf mtli_attachment mtli_pdf\" href=\"https:\/\/wp.ufpel.edu.br\/prae\/files\/2021\/07\/SEI_23110.023271_2021_24_Edital_29_21_Selecao_Especial_Psicologia.pdf\">Edital Vinculado PRAE 29\/21 \u2013 SELE\u00c7\u00c3O ESPECIAL PARA PSICOLOGIA CONFORME EDITAL CRA 08\/21<\/a>\u00a0(atualize o documento)<\/p>\n<p style=\"padding-left: 80px\">Resultado Final: <a class=\"mtli_attachment mtli_pdf mtli_attachment mtli_pdf mtli_attachment mtli_pdf\" href=\"https:\/\/wp.ufpel.edu.br\/prae\/files\/2021\/07\/SEI_23110.023271_2021_24_Edital_29_21_Selecao_Especial_Psicologia.pdf\">Edital Vinculado PRAE 29\/21 \u2013 SELE\u00c7\u00c3O ESPECIAL PARA PSICOLOGIA CONFORME EDITAL CRA 08\/21<\/a>\u00a0(atualize o documento)<\/p>\n<p>&nbsp;<\/p>\n<p style=\"padding-left: 40px\">Sele\u00e7\u00e3o Nota ENEM 2021\/1 \u2013 Chamada Regular: <a href=\"https:\/\/wp.ufpel.edu.br\/prae\/files\/2021\/08\/SEI_23110.025535_2021_84_Edital_33_21_Selecao_Nota_Enem_Chamada_Regular.pdf\">Edital Vinculado PRAE 33\/21 \u2013 Sele\u00e7\u00e3o Nota ENEM 2021\/1 Chamada Regular<\/a><\/p>\n<p style=\"padding-left: 80px\">Lista Inicial de Homologa\u00e7\u00e3o:\u00a0<a class=\"mtli_attachment mtli_pdf mtli_attachment mtli_pdf\" href=\"https:\/\/wp.ufpel.edu.br\/prae\/files\/2021\/08\/SEI_23110.025535_2021_84_Edital_33_21_Selecao_Nota_Enem_Chamada_Regular.pdf\">Edital Vinculado PRAE 33\/21 \u2013 Sele\u00e7\u00e3o Nota ENEM 2021\/1 Chamada Regular<\/a>\u00a0(atualize o documento)<\/p>\n<p style=\"padding-left: 80px\">Lista Final de Homologa\u00e7\u00e3o: <a class=\"mtli_attachment mtli_pdf mtli_attachment mtli_pdf\" href=\"https:\/\/wp.ufpel.edu.br\/prae\/files\/2021\/08\/SEI_23110.025535_2021_84_Edital_33_21_Selecao_Nota_Enem_Chamada_Regular.pdf\">Edital Vinculado PRAE 33\/21 \u2013 Sele\u00e7\u00e3o Nota ENEM 2021\/1 Chamada Regular<\/a>\u00a0(atualize o documento)<\/p>\n<p style=\"padding-left: 80px\">Resultado Preliminar: <a class=\"mtli_attachment mtli_pdf mtli_attachment mtli_pdf\" href=\"https:\/\/wp.ufpel.edu.br\/prae\/files\/2021\/08\/SEI_23110.025535_2021_84_Edital_33_21_Selecao_Nota_Enem_Chamada_Regular.pdf\">Edital Vinculado PRAE 33\/21 \u2013 Sele\u00e7\u00e3o Nota ENEM 2021\/1 Chamada Regular<\/a>\u00a0(atualize o documento)<\/p>\n<p style=\"padding-left: 80px\">Resultado P\u00f3s-Recurso: <a class=\"mtli_attachment mtli_pdf mtli_attachment mtli_pdf mtli_attachment mtli_pdf\" href=\"https:\/\/wp.ufpel.edu.br\/prae\/files\/2021\/08\/SEI_23110.025535_2021_84_Edital_33_21_Selecao_Nota_Enem_Chamada_Regular.pdf\">Edital Vinculado PRAE 33\/21 \u2013 Sele\u00e7\u00e3o Nota ENEM 2021\/1 Chamada Regular<\/a>\u00a0(atualize o documento)<\/p>\n<p style=\"padding-left: 80px\">Resultado Final: <a class=\"mtli_attachment mtli_pdf mtli_attachment mtli_pdf mtli_attachment mtli_pdf mtli_attachment mtli_pdf\" href=\"https:\/\/wp.ufpel.edu.br\/prae\/files\/2021\/08\/SEI_23110.025535_2021_84_Edital_33_21_Selecao_Nota_Enem_Chamada_Regular.pdf\">Edital Vinculado PRAE 33\/21 \u2013 Sele\u00e7\u00e3o Nota ENEM 2021\/1 Chamada Regular<\/a>\u00a0(atualize o documento)<\/p>\n<p>&nbsp;<\/p>\n<p style=\"padding-left: 40px\">Sele\u00e7\u00e3o Nota ENEM 2021\/1 \u2013 1a e 2a Convoca\u00e7\u00f5es: <a href=\"https:\/\/wp.ufpel.edu.br\/prae\/files\/2021\/08\/SEI_23110.027351_2021_59_Edital_36_21_Selecao_Nota_Enem_1a_e_2a_Convoacoes.pdf\">Edital Vinculado PRAE 36\/21 \u2013 Sele\u00e7\u00e3o Nota ENEM 2021\/1 1a e 2a Convoca\u00e7\u00f5es<\/a><\/p>\n<p style=\"padding-left: 80px\">Lista Inicial de Homologa\u00e7\u00e3o: <a href=\"https:\/\/wp.ufpel.edu.br\/prae\/files\/2021\/08\/SEI_23110.027351_2021_59_Edital_36_21_Selecao_Nota_Enem_1a_e_2a_Convoacoes.pdf\">Edital Vinculado PRAE 36\/21 \u2013 Sele\u00e7\u00e3o Nota ENEM 2021\/1 1a e 2a Convoca\u00e7\u00f5es<\/a> (atualize o documento)<\/p>\n<p style=\"padding-left: 80px\">Lista final de homologados: <a class=\"mtli_attachment mtli_pdf\" href=\"https:\/\/wp.ufpel.edu.br\/prae\/files\/2021\/08\/SEI_23110.027351_2021_59_Edital_36_21_Selecao_Nota_Enem_1a_e_2a_Convoacoes.pdf\">Edital Vinculado PRAE 36\/21 \u2013 Sele\u00e7\u00e3o Nota ENEM 2021\/1 1a e 2a Convoca\u00e7\u00f5es<\/a>\u00a0(atualize o documento)<\/p>\n<p style=\"padding-left: 80px\">Resultado Preliminar: <a class=\"mtli_attachment mtli_pdf mtli_attachment mtli_pdf\" href=\"https:\/\/wp.ufpel.edu.br\/prae\/files\/2021\/08\/SEI_23110.027351_2021_59_Edital_36_21_Selecao_Nota_Enem_1a_e_2a_Convoacoes.pdf\">Edital Vinculado PRAE 36\/21 \u2013 Sele\u00e7\u00e3o Nota ENEM 2021\/1 1a e 2a Convoca\u00e7\u00f5es<\/a>\u00a0(atualize o documento)<\/p>\n<p style=\"padding-left: 80px\">Resultado P\u00f3s-Recurso: <a class=\"mtli_attachment mtli_pdf mtli_attachment mtli_pdf mtli_attachment mtli_pdf\" href=\"https:\/\/wp.ufpel.edu.br\/prae\/files\/2021\/08\/SEI_23110.027351_2021_59_Edital_36_21_Selecao_Nota_Enem_1a_e_2a_Convoacoes.pdf\">Edital Vinculado PRAE 36\/21 \u2013 Sele\u00e7\u00e3o Nota ENEM 2021\/1 1a e 2a Convoca\u00e7\u00f5es<\/a>\u00a0(atualize o documento)<\/p>\n<p style=\"padding-left: 80px\">Resultado Final: <a class=\"mtli_attachment mtli_pdf mtli_attachment mtli_pdf mtli_attachment mtli_pdf mtli_attachment mtli_pdf\" href=\"https:\/\/wp.ufpel.edu.br\/prae\/files\/2021\/08\/SEI_23110.027351_2021_59_Edital_36_21_Selecao_Nota_Enem_1a_e_2a_Convoacoes.pdf\">Edital Vinculado PRAE 36\/21 \u2013 Sele\u00e7\u00e3o Nota ENEM 2021\/1 1a e 2a Convoca\u00e7\u00f5es<\/a>\u00a0(atualize o documento)<\/p>\n<p>&nbsp;<\/p>\n<p style=\"padding-left: 40px\">Edital PRAE 41\/21 &#8211; Aux\u00edlio Inclus\u00e3o Digital vagas remanescentes1 (<a href=\"https:\/\/wp.ufpel.edu.br\/prae\/files\/2021\/09\/SEI_23110.029383_2021_99_Edital_41_21_Auxilio_Inclusao_Digital_Remanescentes_segunda_edicao.pdf\">Edital 41\/21 \u2013 Aux\u00edlio Inclus\u00e3o Digital Remanescentes segunda fase<\/a>)<\/p>\n<p style=\"padding-left: 80px\">Resultado Preliminar :\u00a0<a class=\"mtli_attachment mtli_pdf\" href=\"https:\/\/wp.ufpel.edu.br\/prae\/files\/2021\/09\/SEI_23110.029383_2021_99_Edital_41_21_Auxilio_Inclusao_Digital_Remanescentes_segunda_edicao.pdf\">Edital 41\/21 \u2013 Aux\u00edlio Inclus\u00e3o Digital Remanescentes segunda fase<\/a> (atualize o documento)<\/p>\n<p style=\"padding-left: 80px\">Resultado Final: <a class=\"mtli_attachment mtli_pdf mtli_attachment mtli_pdf\" href=\"https:\/\/wp.ufpel.edu.br\/prae\/files\/2021\/09\/SEI_23110.029383_2021_99_Edital_41_21_Auxilio_Inclusao_Digital_Remanescentes_segunda_edicao.pdf\">Edital 41\/21 \u2013 Aux\u00edlio Inclus\u00e3o Digital Remanescentes segunda fase<\/a>\u00a0(atualize o documento)<\/p>\n","protected":false},"excerpt":{"rendered":"<p>ATEN\u00c7\u00c3O: Ao abrir qualquer documento, pressione F5 em seu navegador para atualizar o cache ou puxe para baixo em navegador\/celular EDITAIS UAB Edital Vinculado PRAE 22\/21 &#8211; Edital Vinculado PRAE 22\/21 &#8211; Portador de Diploma UAB 2020\/2 Lista inicial de homologados: Edital Vinculado PRAE 22\/21 &#8211; Portador de Diploma UAB 2020\/2 (atualize o documento) Lista &hellip; <\/p>\n<p class=\"link-more\"><a href=\"https:\/\/wp.ufpel.edu.br\/prae\/coordenacao_de_ingresso_e_beneficios\/editais\/editais-2021\/editais-2021-1\/outros-editais\/\" class=\"more-link\">Continue lendo<span class=\"screen-reader-text\"> &#8220;Outros Editais&#8221;<\/span><\/a><\/p>\n","protected":false},"author":229,"featured_media":0,"parent":10757,"menu_order":0,"comment_status":"closed","ping_status":"closed","template":"","meta":{"footnotes":""},"class_list":["post-11929","page","type-page","status-publish","hentry"],"_links":{"self":[{"href":"https:\/\/wp.ufpel.edu.br\/prae\/wp-json\/wp\/v2\/pages\/11929","targetHints":{"allow":["GET"]}}],"collection":[{"href":"https:\/\/wp.ufpel.edu.br\/prae\/wp-json\/wp\/v2\/pages"}],"about":[{"href":"https:\/\/wp.ufpel.edu.br\/prae\/wp-json\/wp\/v2\/types\/page"}],"author":[{"embeddable":true,"href":"https:\/\/wp.ufpel.edu.br\/prae\/wp-json\/wp\/v2\/users\/229"}],"replies":[{"embeddable":true,"href":"https:\/\/wp.ufpel.edu.br\/prae\/wp-json\/wp\/v2\/comments?post=11929"}],"version-history":[{"count":44,"href":"https:\/\/wp.ufpel.edu.br\/prae\/wp-json\/wp\/v2\/pages\/11929\/revisions"}],"predecessor-version":[{"id":12557,"href":"https:\/\/wp.ufpel.edu.br\/prae\/wp-json\/wp\/v2\/pages\/11929\/revisions\/12557"}],"up":[{"embeddable":true,"href":"https:\/\/wp.ufpel.edu.br\/prae\/wp-json\/wp\/v2\/pages\/10757"}],"wp:attachment":[{"href":"https:\/\/wp.ufpel.edu.br\/prae\/wp-json\/wp\/v2\/media?parent=11929"}],"curies":[{"name":"wp","href":"https:\/\/api.w.org\/{rel}","templated":true}]}}