{"id":11221,"date":"2021-03-22T12:33:31","date_gmt":"2021-03-22T15:33:31","guid":{"rendered":"https:\/\/wp.ufpel.edu.br\/prae\/?page_id=11221"},"modified":"2021-09-13T11:37:04","modified_gmt":"2021-09-13T14:37:04","slug":"sala-de-apoio-pedagogico","status":"publish","type":"page","link":"https:\/\/wp.ufpel.edu.br\/prae\/programa-de-acompanhamento-pedagogico\/sala-de-apoio-pedagogico\/","title":{"rendered":"Sala de Apoio Pedag\u00f3gico"},"content":{"rendered":"<p><strong>Ol\u00e1, estudante!<\/strong><\/p>\n<p>&nbsp;<\/p>\n<p>N\u00f3s da PRAE (Pr\u00f3-reitoria de Assuntos Estudantis), atrav\u00e9s da Coordena\u00e7\u00e3o de Perman\u00eancia, criamos o PIAPE (Programa de Acompanhamento e Apoio Pedag\u00f3gico) com o objetivo de te ajudar no processo de aprendizagem atrav\u00e9s da escolha de diferentes procedimentos.<\/p>\n<p>As atividades tiveram in\u00edcio no dia 05 de abril do corrente ano. Est\u00e1s convidado a participar, atrav\u00e9s da inscri\u00e7\u00e3o nos temas que mais sentires necessidade para melhorar tua aprendizagem. Vale ressaltar que a coordena\u00e7\u00e3o de perman\u00eancia est\u00e1 empenhada em apoiar e acompanhar, prioritariamente, os estudantes benefici\u00e1rios com o intuito de garantir uma perman\u00eancia de fluxo normal atrav\u00e9s do bom rendimento. Os temas elencados visam auxiliar, organizar e dar dicas para que cada um e cada uma de voc\u00eas assuma a responsabilidade da pr\u00f3pria forma\u00e7\u00e3o.<\/p>\n<p>Neste ano, inclu\u00edmos\u00a0<strong>m\u00e1gicas para iniciar a semana<\/strong>, onde ser\u00e3o abordados diferentes temas relacionados aos limites que, invariavelmente, encontramos no processo acad\u00eamico, com uma dura\u00e7\u00e3o de 15 a 30 minutos. Consistir\u00e1 na abordagem de um assunto que inquieta ou limita teu desempenho acad\u00eamico. Com isso, queremos construir possibilidades pedag\u00f3gicas, atrav\u00e9s de diferentes linguagens.<\/p>\n<p>Te esperamos, para juntas e juntos recriarmos teu dia-a dia nos estudos.<\/p>\n<p>Venha!<\/p>\n<p>Inscreva-se pelo link:\u00a0<a href=\"https:\/\/docs.google.com\/forms\/d\/e\/1FAIpQLSf6nv1GBzU3QbKDZtzD8XaNQ6N6IbKU1f34ps5fG4JoUvn9qQ\/viewform\">Formul\u00e1rio PIAPE<\/a><\/p>\n<p><strong>Link da sala:<\/strong>\u00a0<a href=\"https:\/\/webconf2.ufpel.edu.br\/b\/luc-p2w-rkc\">https:\/\/webconf2.ufpel.edu.br\/b\/luc-p2w-rkc<\/a><\/p>\n<p>&nbsp;<\/p>\n<p><img loading=\"lazy\" decoding=\"async\" class=\"alignnone size-full wp-image-12139\" src=\"https:\/\/wp.ufpel.edu.br\/prae\/files\/2021\/09\/WhatsApp-Image-2021-08-31-at-22.32.35-1.jpeg\" alt=\"\" width=\"800\" height=\"800\" srcset=\"https:\/\/wp.ufpel.edu.br\/prae\/files\/2021\/09\/WhatsApp-Image-2021-08-31-at-22.32.35-1.jpeg 800w, https:\/\/wp.ufpel.edu.br\/prae\/files\/2021\/09\/WhatsApp-Image-2021-08-31-at-22.32.35-1-400x400.jpeg 400w, https:\/\/wp.ufpel.edu.br\/prae\/files\/2021\/09\/WhatsApp-Image-2021-08-31-at-22.32.35-1-200x200.jpeg 200w, https:\/\/wp.ufpel.edu.br\/prae\/files\/2021\/09\/WhatsApp-Image-2021-08-31-at-22.32.35-1-768x768.jpeg 768w\" sizes=\"auto, (max-width: 767px) 89vw, (max-width: 1000px) 54vw, (max-width: 1071px) 543px, 580px\" \/><\/p>\n","protected":false},"excerpt":{"rendered":"<p>Ol\u00e1, estudante! &nbsp; N\u00f3s da PRAE (Pr\u00f3-reitoria de Assuntos Estudantis), atrav\u00e9s da Coordena\u00e7\u00e3o de Perman\u00eancia, criamos o PIAPE (Programa de Acompanhamento e Apoio Pedag\u00f3gico) com o objetivo de te ajudar no processo de aprendizagem atrav\u00e9s da escolha de diferentes procedimentos. As atividades tiveram in\u00edcio no dia 05 de abril do corrente ano. Est\u00e1s convidado a &hellip; <\/p>\n<p class=\"link-more\"><a href=\"https:\/\/wp.ufpel.edu.br\/prae\/programa-de-acompanhamento-pedagogico\/sala-de-apoio-pedagogico\/\" class=\"more-link\">Continue lendo<span class=\"screen-reader-text\"> &#8220;Sala de Apoio Pedag\u00f3gico&#8221;<\/span><\/a><\/p>\n","protected":false},"author":229,"featured_media":0,"parent":7958,"menu_order":0,"comment_status":"closed","ping_status":"closed","template":"","meta":{"footnotes":""},"class_list":["post-11221","page","type-page","status-publish","hentry"],"_links":{"self":[{"href":"https:\/\/wp.ufpel.edu.br\/prae\/wp-json\/wp\/v2\/pages\/11221","targetHints":{"allow":["GET"]}}],"collection":[{"href":"https:\/\/wp.ufpel.edu.br\/prae\/wp-json\/wp\/v2\/pages"}],"about":[{"href":"https:\/\/wp.ufpel.edu.br\/prae\/wp-json\/wp\/v2\/types\/page"}],"author":[{"embeddable":true,"href":"https:\/\/wp.ufpel.edu.br\/prae\/wp-json\/wp\/v2\/users\/229"}],"replies":[{"embeddable":true,"href":"https:\/\/wp.ufpel.edu.br\/prae\/wp-json\/wp\/v2\/comments?post=11221"}],"version-history":[{"count":2,"href":"https:\/\/wp.ufpel.edu.br\/prae\/wp-json\/wp\/v2\/pages\/11221\/revisions"}],"predecessor-version":[{"id":12229,"href":"https:\/\/wp.ufpel.edu.br\/prae\/wp-json\/wp\/v2\/pages\/11221\/revisions\/12229"}],"up":[{"embeddable":true,"href":"https:\/\/wp.ufpel.edu.br\/prae\/wp-json\/wp\/v2\/pages\/7958"}],"wp:attachment":[{"href":"https:\/\/wp.ufpel.edu.br\/prae\/wp-json\/wp\/v2\/media?parent=11221"}],"curies":[{"name":"wp","href":"https:\/\/api.w.org\/{rel}","templated":true}]}}

Sala de Apoio Pedagógico

<p><strong>Olá, estudante!</strong></p>
<p>&nbsp;</p>
<p>Nós da PRAE (Pró-reitoria de Assuntos Estudantis), através da Coordenação de Permanência, criamos o PIAPE (Programa de Acompanhamento e Apoio Pedagógico) com o objetivo de te ajudar no processo de aprendizagem através da escolha de diferentes procedimentos.</p>
<p>As atividades tiveram início no dia 05 de abril do corrente ano. Estás convidado a participar, através da inscrição nos temas que mais sentires necessidade para melhorar tua aprendizagem. Vale ressaltar que a coordenação de permanência está empenhada em apoiar e acompanhar, prioritariamente, os estudantes beneficiários com o intuito de garantir uma permanência de fluxo normal através do bom rendimento. Os temas elencados visam auxiliar, organizar e dar dicas para que cada um e cada uma de vocês assuma a responsabilidade da própria formação.</p>
<p>Neste ano, incluímos <strong>mágicas para iniciar a semana</strong>, onde serão abordados diferentes temas relacionados aos limites que, invariavelmente, encontramos no processo acadêmico, com uma duração de 15 a 30 minutos. Consistirá na abordagem de um assunto que inquieta ou limita teu desempenho acadêmico. Com isso, queremos construir possibilidades pedagógicas, através de diferentes linguagens.</p>
<p>Te esperamos, para juntas e juntos recriarmos teu dia-a dia nos estudos.</p>
<p>Venha!</p>
<p>Inscreva-se pelo link: <a href="https://docs.google.com/forms/d/e/1FAIpQLSf6nv1GBzU3QbKDZtzD8XaNQ6N6IbKU1f34ps5fG4JoUvn9qQ/viewform">Formulário PIAPE</a></p>
<p><strong>Link da sala:</strong> <a href="https://webconf2.ufpel.edu.br/b/luc-p2w-rkc">https://webconf2.ufpel.edu.br/b/luc-p2w-rkc</a></p>
<p>&nbsp;</p>
<p><img loading="lazy" decoding="async" class="alignnone size-full wp-image-12139" src="https://wp.ufpel.edu.br/prae/files/2021/09/WhatsApp-Image-2021-08-31-at-22.32.35-1.jpeg" alt="" width="800" height="800" srcset="https://wp.ufpel.edu.br/prae/files/2021/09/WhatsApp-Image-2021-08-31-at-22.32.35-1.jpeg 800w, https://wp.ufpel.edu.br/prae/files/2021/09/WhatsApp-Image-2021-08-31-at-22.32.35-1-400x400.jpeg 400w, https://wp.ufpel.edu.br/prae/files/2021/09/WhatsApp-Image-2021-08-31-at-22.32.35-1-200x200.jpeg 200w, https://wp.ufpel.edu.br/prae/files/2021/09/WhatsApp-Image-2021-08-31-at-22.32.35-1-768x768.jpeg 768w" sizes="auto, (max-width: 767px) 89vw, (max-width: 1000px) 54vw, (max-width: 1071px) 543px, 580px" /></p>

<p>Olá, estudante! &nbsp; Nós da PRAE (Pró-reitoria de Assuntos Estudantis), através da Coordenação de Permanência, criamos o PIAPE (Programa de Acompanhamento e Apoio Pedagógico) com o objetivo de te ajudar no processo de aprendizagem através da escolha de diferentes procedimentos. As atividades tiveram início no dia 05 de abril do corrente ano. Estás convidado a &hellip; </p>
<p class="link-more"><a href="https://wp.ufpel.edu.br/prae/programa-de-acompanhamento-pedagogico/sala-de-apoio-pedagogico/" class="more-link">Continue lendo<span class="screen-reader-text"> &#8220;Sala de Apoio Pedagógico&#8221;</span></a></p>
