{"id":792,"date":"2022-05-22T03:03:48","date_gmt":"2022-05-22T06:03:48","guid":{"rendered":"https:\/\/wp.ufpel.edu.br\/praciber\/?page_id=792"},"modified":"2024-03-10T22:09:04","modified_gmt":"2024-03-11T01:09:04","slug":"pe","status":"publish","type":"page","link":"https:\/\/wp.ufpel.edu.br\/praciber\/pe\/","title":{"rendered":"PRODU\u00c7\u00d5ES ACAD\u00caMICAS"},"content":{"rendered":"<p><img loading=\"lazy\" decoding=\"async\" class=\"aligncenter wp-image-830 size-full\" src=\"https:\/\/wp.ufpel.edu.br\/praciber\/files\/2022\/05\/asasssssxs.png\" alt=\"\" width=\"1023\" height=\"328\" srcset=\"https:\/\/wp.ufpel.edu.br\/praciber\/files\/2022\/05\/asasssssxs.png 1023w, https:\/\/wp.ufpel.edu.br\/praciber\/files\/2022\/05\/asasssssxs-400x128.png 400w, https:\/\/wp.ufpel.edu.br\/praciber\/files\/2022\/05\/asasssssxs-768x246.png 768w\" sizes=\"auto, (max-width: 1023px) 100vw, 1023px\" \/><\/p>\n<p>2024<\/p>\n<ul>\n<li>CASTRO, Daniela; REBS, Rebeca; SANTOS, Eleonora e SOUZA, Daniela. <a href=\"https:\/\/revistas.ufrj.br\/index.php\/rbed\/article\/view\/62087\">Aulas de Laborat\u00f3rio de Bal\u00e9 Cl\u00e1ssico na gradua\u00e7\u00e3o em dan\u00e7a da UFPel: experi\u00eancias no modo remoto em 2021\/1<\/a>. Revista Brasileira de Estudos em Dan\u00e7a.<\/li>\n<li class=\"current\" aria-current=\"page\"><span aria-current=\"page\">v. 2 n. 4 (2023): Pesquisas em Dan\u00e7a: fluxo continuo.<\/span><\/li>\n<li>OLIVEIRA, L. ;\u00a0REBS, Rebeca Recuero. . <strong>LET?S GO, LESBIANS, LET?S GO! Uma an\u00e1lise do movimento LGBT Fans Deserve Better e a sua influ\u00eancia em produ\u00e7\u00f5es seriadas<\/strong>. <i>(<\/i>link em breve)<\/li>\n<li>DUZZI, Pedro. <b>NARRATIVA GAMIFICADA: UM ESTUDO DE CASO DE DIGIMON ADVENTURE.\u00a0<\/b><\/li>\n<li><i>(<\/i>link em breve)<\/li>\n<li>FONTOURA, Rayssa. <b>YOUTUBE COMO TELEVIS\u00c3O: <\/b><b>Uma an\u00e1lise comparativa da DiaTV com o canal Globo.\u00a0<\/b><\/li>\n<li><i>(<\/i>link em breve)<\/li>\n<li>Artifon, Simone; Lorenzatto, Nalva e Rebs, Rebeca.<b> Jogos online como espa\u00e7o de constru\u00e7\u00e3o identit\u00e1ria: uma perspectiva do c\u00edrculo m\u00e1gico em <\/b><b><i>League of Legends. <\/i><\/b><i>Revista Simbi\u00f3tica &#8211; NEI Ufes. (<\/i>link em breve)<\/li>\n<\/ul>\n<p>2023<\/p>\n<ul>\n<li>REBS, Rebeca Recuero e CHIES, Luiza. <strong><a href=\"https:\/\/periodicos.ufpb.br\/index.php\/moringa\/article\/view\/67123\">ANIMADANCES E A EST\u00c9TICA DE FIXA\u00c7\u00c3O EM ANIMA\u00c7\u00d5ES INFANTIS NO YOUTUBE<\/a>.<\/strong> \u00a0<b>MORINGA &#8211; Artes do Espet\u00e1culo<\/b>,\u00a0<i>[S. l.]<\/i>, v. 14, n. 1, 2023.<\/li>\n<li>ROMERO, Agnes. <strong>Game Design e Audiovisual:<\/strong> An\u00e1lise da estrutura Narrativa de The Last of Us II. In\u00edcio: 2023. (link em breve)<\/li>\n<li>REBS, Rebeca Recuero. <strong>A Coreografia em Social Network Dances<\/strong>. (link em breve).<\/li>\n<\/ul>\n<p style=\"text-align: justify;\"><b>2022<\/b><\/p>\n<ul>\n<li>REBS, Rebeca Recuero.\u00a0<a href=\"http:\/\/lattes.cnpq.br\/0829118535800266\"><strong>Ballet online e capital social em tempos de pandemia<\/strong>.<\/a> REPERT\u00d3RIO: TEATRO &amp; DAN\u00c7A (ONLINE), v. 1, p. 217-239, 2022.<\/li>\n<li><span class=\"citation-authors\">YDAC, Pedro. REBS, Rebeca Recuero. <\/span><span class=\"citation-paper-title\">A dan\u00e7a\/performance em Festas Online.<\/span>\u00a0<span class=\"citation-proceedings\">In: <a href=\"https:\/\/proceedings.science\/anda\/anda-2022\/trabalhos\/a-dancaperformance-em-festas-online?lang=pt-br\">ANAIS DO VII ENCONTRO CIENT\u00edFICO NACIONAL DE PESQUISADORES EM DAN\u00e7A<\/a>, 2022, Online.<\/span>\u00a0<span class=\"citation-digital-proceedings\"><strong>Anais eletr\u00f4nicos&#8230;<\/strong>\u00a0Campinas, Galo\u00e1, 2022.<\/span><\/li>\n<\/ul>\n<p style=\"text-align: justify;\"><b>2021<\/b><\/p>\n<ul>\n<li style=\"text-align: justify;\">REBS, Rebeca Recuero. <span style=\"font-weight: 400;\">\u00a0<\/span><a href=\"https:\/\/www.academia.edu\/77298295\/Social_Network_Dance_entendendo_a_dan%C3%A7a_em_plataformas_de_redes_sociais\"><i><span style=\"font-weight: 400;\">Social Network Dance<\/span><\/i><\/a><span style=\"font-weight: 400;\">: entendendo a dan\u00e7a em plataformas de redes sociais.<em> In<\/em> DUARTE, Gustavo, CASTRO, Daniela e PALUDO, Luciana (org). <\/span><b>Dan\u00e7a no RS<\/b><span style=\"font-weight: 400;\">: mem\u00f3rias e perspectivas. Arco Editores, 2021.<\/span><\/li>\n<li>REBS, Rebeca Recuero. <a tabindex=\"0\" href=\"https:\/\/drive.google.com\/file\/d\/1fb8_Yhdaiqx9KdR5U5rhKyo2_5vuru8H\/view?usp=sharing\">A CURADORIA DE DAN\u00c7A PARA A TELA: APONTAMENTOS E PERCEP\u00c7\u00d5ES<\/a>\u00a0(REBS, Rebeca Recuero). IN: 1a Mostra gau\u0301cha de danc\u0327a para tela [livro eletro\u0302nico]: diversidades em tempos de pandemia no sul do sul \/ organizac\u0327a\u0303o Daniela Llopart Castro , Eleonora Campos da Motta Santos. \u2014 Porto Alegre, RS : Grupo Ballet de Pelotas, 2021.<\/li>\n<li style=\"text-align: justify;\">SANTOS, Daniela Azeredo dos; RIBEIRO, Ana Paula Ambrosano; MIRANDA, Fernanda \u00d6berg De; OLIVEIRA, Laila Da Silva; PRADO, Mariana Do. <a tabindex=\"0\" href=\"https:\/\/cti.ufpel.edu.br\/siepe\/arquivos\/2021\/LA_01856.pdf\">DEPOIS DO DIL\u00daVIO: UMA AN\u00c1LISE DA REPERCUSS\u00c3O DO REALITY SHOW BIG BROTHER BRASIL 21<\/a>\u00a0 XXX Congresso de Inicia\u00e7\u00e3o Cient\u00edfica UFPel.<\/li>\n<li style=\"text-align: justify;\">BEMFOX, Eduardo; ROMERO, Agnes Lenz; DA ROSA, Caroline Garcia; YDAC, Pedro; M\u00d6RSCHB\u00c4CHER, Bianca; REBS, Rebeca Recuero.\u00a0<a tabindex=\"0\" href=\"https:\/\/cti.ufpel.edu.br\/siepe\/arquivos\/2021\/LA_02810.pdf\">OBRAS AUTOT\u00c9LICAS COLABORATIVAS NA INTERNET \u2013 O PROJETO SHREK RETOLD.<\/a>\u00a0XXX Congresso de Inicia\u00e7\u00e3o Cient\u00edfica UFPel<b>\u2022 <\/b>YDAC, Pedro; ROMERO, Agnes Lenz; ROSA, Caroline Garcia da; M\u00d6RSCHB\u00c4CHER, Bianca; BEMFOX, Eduardo.\u00a0<a tabindex=\"0\" href=\"https:\/\/cti.ufpel.edu.br\/siepe\/arquivos\/2021\/LA_01613.pdf\">SHREK RETOLD E AS DIN\u00c2MICAS DE OBRAS ART\u00cdSTICAS COLETIVAS NO CIBERESPA\u00c7O<\/a>. XXX Congresso de Inicia\u00e7\u00e3o Cient\u00edfica UFPel.<\/li>\n<li style=\"text-align: justify;\">CHIES, Luiza Gervini; GIACAGLIA, Luca Meier. <a tabindex=\"0\" href=\"https:\/\/cti.ufpel.edu.br\/siepe\/arquivos\/2021\/MD_03582.pdf\">A EST\u00c9TICA VISUAL E A IDENTIDADE BRASILEIRA NO CIBERESPA\u00c7O:O USO DA IRONIA HUMOR\u00cdSTICA NA REPRESENTA\u00c7\u00c3O DA GEL\u00c9IA GERALA PARTIR DOS MEMES BRASILEIROS. <\/a>XXX Congresso de Inicia\u00e7\u00e3o Cient\u00edfica UFPel<\/li>\n<li style=\"text-align: justify;\">CHIES, Luiza Gervini. \u00a0<a tabindex=\"0\" href=\"https:\/\/drive.google.com\/file\/d\/1kyLlYnalc7yYZ2aaWCoT4ftAMI4qP2W_\/view?usp=sharing\">YOUTUBE, DISPOSITIVOS E A PRODU\u00c7\u00c3O AUDIOVISUAL: UM OLHAR SOBRE REALIZADORES AUDIOVISUAIS INDEPENDENTES.<\/a><\/li>\n<li style=\"text-align: justify;\">\u00a0BEMFOX, Eduardo Bemfica. <a tabindex=\"0\" href=\"https:\/\/wp.ufpel.edu.br\/danca\/files\/2021\/10\/TCC-BEMFOX.pdf\">INTERAKT: Uma obra-guia para a hibridiza\u00e7\u00e3o da videodan\u00e7a e do malabarismo.<\/a> Trabalho de Conclus\u00e3o de Curso \u2013 Dan\u00e7a Licenciatura).<\/li>\n<\/ul>\n<p>&nbsp;<\/p>\n<ul>\n<li style=\"text-align: justify;\"><b>2020<br \/>\n<\/b><\/li>\n<li style=\"text-align: justify;\">CHIES, Luiza; REBS, Rebeca Recuero. <a tabindex=\"0\" href=\"http:\/\/seer.fundarte.rs.gov.br\/index.php\/RevistadaFundarte\/article\/view\/852\/pdf_150#\">PANDEMIA E AS MOTIVA\u00c7\u00d5ES SOCIAIS PARA A PRODU\u00c7\u00c3O DE CIBERDAN\u00c7AS NO TIKTOK<\/a>. Revista FUNDARTE. V. 44, N. 44.<\/li>\n<li style=\"text-align: justify;\">RECUERO, Carlos Leonardo Coelho; REBS, Rebeca Recuero. <a tabindex=\"0\" href=\"http:\/\/abciber.org.br\/simposios\/index.php\/virtualabciber\/virtual2020\/paper\/view\/1003\/471\">NARRATIVAS FOTOGR\u00c1FICAS IMEDIATISTAS E SITES DE REDES SOCIAIS: A CONSTRU\u00c7\u00c3O IMAG\u00c9TICA DE SI NAS M\u00cdDIAS SOCIAIS EM TEMPOS DE PANDEMIA<\/a><\/li>\n<li style=\"text-align: justify;\">CHIES, Luiza Gervini\u00a0 e REBS, Rebeca Recuero. <a tabindex=\"0\" href=\"http:\/\/salaouniversitario.ucpel.edu.br\/app\/output\/5faee5368451b8.60181973.pdf\">DIN\u00c2MICAS SOCIAIS EM PRODU\u00c7\u00d5ES DE CIBERDAN\u00c7A NO APLICATIVO TIKTOK<\/a>. Sal\u00e3o Universit\u00e1rio UCPel e\u00a0XXIX Congresso de Inicia\u00e7\u00e3o Cient\u00edfica UFPel<\/li>\n<li style=\"text-align: justify;\">CHIES, Luiza Gervini; REBS, Rebeca Recuero. AS PRODU\u00c7\u00d5ES DE CIBERDAN\u00c7A NO APLICATIVO TIKTOK: FORMAS DE INTERA\u00c7\u00d5ES SOCIAIS DURANTE O DISTANCIAMENTO SOCIAL. XIII Simp\u00f3sio Nacional da ABCiber 2020<\/li>\n<li style=\"text-align: justify;\">DENIZ, Vict\u00f3ria. <a tabindex=\"0\" href=\"http:\/\/abciber.org.br\/simposios\/index.php\/virtualabciber\/virtual2020\/paper\/view\/1046\/447\">VIOL\u00caNCIA SIMB\u00d3LICA EM ANIMA\u00c7\u00d5ES E SUA DISSEMINA\u00c7\u00c3O ATRAV\u00c9S DAS M\u00cdDIAS DIGITAIS<\/a><\/li>\n<li style=\"text-align: justify;\">REBS, Rebeca Recuero. <a tabindex=\"0\" href=\"https:\/\/claec.org\/ehm\/wp-content\/uploads\/sites\/2\/2019\/11\/V-EHM_CADERNO_RESUMOS.pdf\">EST\u00c9TICAS AUDIOVISUAIS DA INF\u00c2NCIA CONECTADA.<\/a><\/li>\n<\/ul>\n","protected":false},"excerpt":{"rendered":"<p>2024 CASTRO, Daniela; REBS, Rebeca; SANTOS, Eleonora e SOUZA, Daniela. Aulas de Laborat\u00f3rio de Bal\u00e9 Cl\u00e1ssico na gradua\u00e7\u00e3o em dan\u00e7a da UFPel: experi\u00eancias no modo remoto em 2021\/1. Revista Brasileira [&hellip;]<\/p>\n","protected":false},"author":985,"featured_media":0,"parent":0,"menu_order":0,"comment_status":"closed","ping_status":"closed","template":"","meta":{"footnotes":""},"class_list":["post-792","page","type-page","status-publish","hentry","post"],"jetpack_sharing_enabled":true,"_links":{"self":[{"href":"https:\/\/wp.ufpel.edu.br\/praciber\/wp-json\/wp\/v2\/pages\/792","targetHints":{"allow":["GET"]}}],"collection":[{"href":"https:\/\/wp.ufpel.edu.br\/praciber\/wp-json\/wp\/v2\/pages"}],"about":[{"href":"https:\/\/wp.ufpel.edu.br\/praciber\/wp-json\/wp\/v2\/types\/page"}],"author":[{"embeddable":true,"href":"https:\/\/wp.ufpel.edu.br\/praciber\/wp-json\/wp\/v2\/users\/985"}],"replies":[{"embeddable":true,"href":"https:\/\/wp.ufpel.edu.br\/praciber\/wp-json\/wp\/v2\/comments?post=792"}],"version-history":[{"count":19,"href":"https:\/\/wp.ufpel.edu.br\/praciber\/wp-json\/wp\/v2\/pages\/792\/revisions"}],"predecessor-version":[{"id":924,"href":"https:\/\/wp.ufpel.edu.br\/praciber\/wp-json\/wp\/v2\/pages\/792\/revisions\/924"}],"wp:attachment":[{"href":"https:\/\/wp.ufpel.edu.br\/praciber\/wp-json\/wp\/v2\/media?parent=792"}],"curies":[{"name":"wp","href":"https:\/\/api.w.org\/{rel}","templated":true}]}}