{"id":789,"date":"2022-05-22T03:03:29","date_gmt":"2022-05-22T06:03:29","guid":{"rendered":"https:\/\/wp.ufpel.edu.br\/praciber\/?page_id=789"},"modified":"2022-07-31T11:23:16","modified_gmt":"2022-07-31T14:23:16","slug":"li","status":"publish","type":"page","link":"https:\/\/wp.ufpel.edu.br\/praciber\/li\/","title":{"rendered":"LINHAS DE PESQUISA"},"content":{"rendered":"<p><img loading=\"lazy\" decoding=\"async\" class=\"aligncenter wp-image-831 size-full\" src=\"https:\/\/wp.ufpel.edu.br\/praciber\/files\/2022\/05\/bdgdcvv.png\" alt=\"\" width=\"1023\" height=\"328\" srcset=\"https:\/\/wp.ufpel.edu.br\/praciber\/files\/2022\/05\/bdgdcvv.png 1023w, https:\/\/wp.ufpel.edu.br\/praciber\/files\/2022\/05\/bdgdcvv-400x128.png 400w, https:\/\/wp.ufpel.edu.br\/praciber\/files\/2022\/05\/bdgdcvv-768x246.png 768w\" sizes=\"auto, (max-width: 1023px) 100vw, 1023px\" \/><\/p>\n<p>Atualmente, o PRACIBER conta com duas linhas de pesquisa que atuam como aglutinadoras dos estudos cient\u00edficos dos participantes dentro da tem\u00e1tica da Cibercultura e produ\u00e7\u00f5es audiovisuais e art\u00edsticas, resultando em projetos cujas implica\u00e7\u00f5es guardam afinidades entre si. S\u00e3o elas:<\/p>\n<p><b>&#8212;&#8212; Linha 1: Estrutura e Organiza\u00e7\u00e3o das produ\u00e7\u00f5es audiovisuais art\u00edsticas na Cibercultura<\/b><br \/>\nO foco \u00e9 na compreens\u00e3o sistem\u00e1tica e na forma de conforma\u00e7\u00e3o das obras audiovisuais ou mesmo de seus elementos conceituais. Parte de um esfor\u00e7o para a compreens\u00e3o da sua estrutura, das t\u00e9cnicas, das linguagens e das significa\u00e7\u00f5es que delimitam seus sentidos.<\/p>\n<p><b>TRABALHOS\/PROJETOS ATIVOS:<\/b><\/p>\n<ol>\n<li>Processos de cria\u00e7\u00e3o de Dan\u00e7a para Tela<\/li>\n<li>Animadances (dan\u00e7a e anima\u00e7\u00e3o) e sua estrutura est\u00e9tica;<\/li>\n<li>Produ\u00e7\u00f5es audiovisuais art\u00edsticas colaborativas;<\/li>\n<li>Memes e arte: est\u00e9tica, conte\u00fado e distribui\u00e7\u00e3o .<\/li>\n<li><\/li>\n<\/ol>\n<p><b>&#8212;&#8212; Linha 2: Din\u00e2micas das produ\u00e7\u00f5es audiovisuais art\u00edsticas na Cibercultura<\/b><br \/>\nO foco s\u00e3o os fen\u00f4menos, as pr\u00e1ticas sociais decorrentes, comportamentos e significa\u00e7\u00f5es provenientes dos atores sociais e suas intera\u00e7\u00f5es na Rede com produ\u00e7\u00f5es audiovisuais e\/ou art\u00edsticas.<\/p>\n<p><b>TRABALHOS\/PROJETOS ATIVOS:<\/b><\/p>\n<ol>\n<li>Dan\u00e7a em Plataformas de Redes Sociais e Cibercultura<\/li>\n<li>Dan\u00e7as, performances\u00a0 e eventos online;<\/li>\n<li>F\u00e3s e afeta\u00e7\u00f5es nas obras audiovisuais art\u00edsticas;<\/li>\n<li>Representa\u00e7\u00e3o dos corpos em obras audiovisuais.<\/li>\n<\/ol>\n","protected":false},"excerpt":{"rendered":"<p>Atualmente, o PRACIBER conta com duas linhas de pesquisa que atuam como aglutinadoras dos estudos cient\u00edficos dos participantes dentro da tem\u00e1tica da Cibercultura e produ\u00e7\u00f5es audiovisuais e art\u00edsticas, resultando em [&hellip;]<\/p>\n","protected":false},"author":985,"featured_media":0,"parent":0,"menu_order":0,"comment_status":"closed","ping_status":"closed","template":"","meta":{"footnotes":""},"class_list":["post-789","page","type-page","status-publish","hentry","post"],"jetpack_sharing_enabled":true,"_links":{"self":[{"href":"https:\/\/wp.ufpel.edu.br\/praciber\/wp-json\/wp\/v2\/pages\/789","targetHints":{"allow":["GET"]}}],"collection":[{"href":"https:\/\/wp.ufpel.edu.br\/praciber\/wp-json\/wp\/v2\/pages"}],"about":[{"href":"https:\/\/wp.ufpel.edu.br\/praciber\/wp-json\/wp\/v2\/types\/page"}],"author":[{"embeddable":true,"href":"https:\/\/wp.ufpel.edu.br\/praciber\/wp-json\/wp\/v2\/users\/985"}],"replies":[{"embeddable":true,"href":"https:\/\/wp.ufpel.edu.br\/praciber\/wp-json\/wp\/v2\/comments?post=789"}],"version-history":[{"count":12,"href":"https:\/\/wp.ufpel.edu.br\/praciber\/wp-json\/wp\/v2\/pages\/789\/revisions"}],"predecessor-version":[{"id":914,"href":"https:\/\/wp.ufpel.edu.br\/praciber\/wp-json\/wp\/v2\/pages\/789\/revisions\/914"}],"wp:attachment":[{"href":"https:\/\/wp.ufpel.edu.br\/praciber\/wp-json\/wp\/v2\/media?parent=789"}],"curies":[{"name":"wp","href":"https:\/\/api.w.org\/{rel}","templated":true}]}}