{"id":317,"date":"2022-10-07T16:52:36","date_gmt":"2022-10-07T19:52:36","guid":{"rendered":"https:\/\/wp.ufpel.edu.br\/ppi\/?page_id=317"},"modified":"2022-10-07T17:00:06","modified_gmt":"2022-10-07T20:00:06","slug":"consulta-publica","status":"publish","type":"page","link":"https:\/\/wp.ufpel.edu.br\/ppi\/consulta-publica\/","title":{"rendered":"Consulta P\u00fablica"},"content":{"rendered":"<p>O Gabinete da Vice-Reitoria divulga para a comunidade acad\u00eamica da UFPel e comunidade externa que est\u00e1 aberta at\u00e9 o dia 23 de outubro a Consulta P\u00fablica online para o envio de proposi\u00e7\u00f5es para elabora\u00e7\u00e3o e reda\u00e7\u00e3o do Projeto Pedag\u00f3gico Institucional da Universidade (2022-2036).<\/p>\n<p>A consulta integra a metodologia aprovada no Conselho Universit\u00e1rio e tem como objetivo apresentar as discuss\u00f5es construidas durante o processo de sensibiliza\u00e7\u00e3o e engajamento da comunidade onde foram realizados, durante o ano de 2022, rodas de conversa, lives, oficinas com grupos focais, reuni\u00f5es com alunos e segmentos da comunidade externa, al\u00e9m da utiliza\u00e7\u00e3o de meios de comunica\u00e7\u00e3o como r\u00e1dio e site (SITE PPI).<\/p>\n<p>A consulta pode ser acessada no seguinte endere\u00e7o:\u00a0CONSULTA\u00a0ONLINE<\/p>\n<p><a href=\"https:\/\/survey.ufpel.edu.br\/index.php\/728262?lang=pt-BR\">https:\/\/survey.ufpel.edu.br\/index.php\/728262?lang=pt-BR<\/a><\/p>\n<p>&nbsp;<\/p>\n","protected":false},"excerpt":{"rendered":"<p>O Gabinete da Vice-Reitoria divulga para a comunidade acad\u00eamica da UFPel e comunidade externa que est\u00e1 aberta at\u00e9 o dia 23 de outubro a Consulta P\u00fablica online para o envio de proposi\u00e7\u00f5es para elabora\u00e7\u00e3o e reda\u00e7\u00e3o do Projeto Pedag\u00f3gico Institucional da Universidade (2022-2036). A consulta integra a metodologia aprovada no Conselho Universit\u00e1rio e tem como [&hellip;]<\/p>\n","protected":false},"author":1221,"featured_media":0,"parent":0,"menu_order":0,"comment_status":"closed","ping_status":"closed","template":"","meta":{"footnotes":""},"class_list":["post-317","page","type-page","status-publish","hentry"],"_links":{"self":[{"href":"https:\/\/wp.ufpel.edu.br\/ppi\/wp-json\/wp\/v2\/pages\/317","targetHints":{"allow":["GET"]}}],"collection":[{"href":"https:\/\/wp.ufpel.edu.br\/ppi\/wp-json\/wp\/v2\/pages"}],"about":[{"href":"https:\/\/wp.ufpel.edu.br\/ppi\/wp-json\/wp\/v2\/types\/page"}],"author":[{"embeddable":true,"href":"https:\/\/wp.ufpel.edu.br\/ppi\/wp-json\/wp\/v2\/users\/1221"}],"replies":[{"embeddable":true,"href":"https:\/\/wp.ufpel.edu.br\/ppi\/wp-json\/wp\/v2\/comments?post=317"}],"version-history":[{"count":4,"href":"https:\/\/wp.ufpel.edu.br\/ppi\/wp-json\/wp\/v2\/pages\/317\/revisions"}],"predecessor-version":[{"id":325,"href":"https:\/\/wp.ufpel.edu.br\/ppi\/wp-json\/wp\/v2\/pages\/317\/revisions\/325"}],"wp:attachment":[{"href":"https:\/\/wp.ufpel.edu.br\/ppi\/wp-json\/wp\/v2\/media?parent=317"}],"curies":[{"name":"wp","href":"https:\/\/api.w.org\/{rel}","templated":true}]}}