{"id":982,"date":"2021-01-14T20:46:16","date_gmt":"2021-01-14T23:46:16","guid":{"rendered":"https:\/\/wp.ufpel.edu.br\/ppgz\/?page_id=982"},"modified":"2021-01-15T13:53:09","modified_gmt":"2021-01-15T16:53:09","slug":"2014-3","status":"publish","type":"page","link":"https:\/\/wp.ufpel.edu.br\/ppgz\/2014-3","title":{"rendered":"2014"},"content":{"rendered":"<ol>\n<li><a href=\"https:\/\/wp.ufpel.edu.br\/ppgz\/files\/2021\/01\/Avaliacao-de-cultivares-de-azevem-para-producao-de-feno-em-diferentes-estadios-fenologicos.pdf\" target=\"_blank\" rel=\"noopener noreferrer\">Avalia\u00e7\u00e3o de cultivares de azev\u00e9m para produ\u00e7\u00e3o de feno em diferentes est\u00e1dios fenol\u00f3gicos<\/a><\/li>\n<li><a href=\"https:\/\/wp.ufpel.edu.br\/ppgz\/files\/2021\/01\/Avaliacao-metabolica-no-pre-parto-em-dois-sistemas-de-producao-de-ovinos.pdf\" target=\"_blank\" rel=\"noopener noreferrer\">Avalia\u00e7\u00e3o metab\u00f3lica no pr\u00e9-parto em dois sistemas de produ\u00e7\u00e3o de ovinos<\/a><\/li>\n<li><a href=\"https:\/\/wp.ufpel.edu.br\/ppgz\/files\/2021\/01\/Caracteristicas-reprodutivas-de-galos-alimentados-com-dietas-com-diferentes-niveis-de-arroz-integral-sem-casca-em-substituicao-ao-milho.pdf\" target=\"_blank\" rel=\"noopener noreferrer\">Caracter\u00edsticas reprodutivas de galos alimentados com dietas com diferentes n\u00edveis de arroz integral sem casca em substitui\u00e7\u00e3o ao milho<\/a><\/li>\n<li><a href=\"https:\/\/wp.ufpel.edu.br\/ppgz\/files\/2021\/01\/Diferentes-niveis-de-valina-em-dietas-para-codornas-de-corte-na-fase-de-postura-em-duas-geracoes-sucessivas.pdf\" target=\"_blank\" rel=\"noopener noreferrer\">Diferentes n\u00edveis de valina em dietas para codornas de corte na fase de postura em duas gera\u00e7\u00f5es sucessivas<\/a><\/li>\n<li><a href=\"https:\/\/wp.ufpel.edu.br\/ppgz\/files\/2021\/01\/Diversidade-genetica-de-tres-linhagens-de-tilapia-do-Nilo-Oreochromis-niloticus-submetidas-a-selecao-massal.pdf\" target=\"_blank\" rel=\"noopener noreferrer\">Diversidade gen\u00e9tica de tr\u00eas linhagens de til\u00e1pia do Nilo (Oreochromis niloticus) submetidas \u00e0 sele\u00e7\u00e3o massal<\/a><\/li>\n<li><a href=\"https:\/\/wp.ufpel.edu.br\/ppgz\/files\/2021\/01\/Farelo-de-canola-em-dietas-de-frangos-de-corte.pdf\" target=\"_blank\" rel=\"noopener noreferrer\">Farelo de canola em dietas de frangos de corte<\/a><\/li>\n<li><a href=\"https:\/\/wp.ufpel.edu.br\/ppgz\/files\/2021\/01\/Leguminosas-no-planejamento-forrageiro-para-a-regiao-Noroeste-do-Estado-do-Rio-Grande-do-Sul.pdf\" target=\"_blank\" rel=\"noopener noreferrer\">Leguminosas no planejamento forrageiro para a regi\u00e3o Noroeste do Estado do Rio Grande do Sul<\/a><\/li>\n<li><a href=\"https:\/\/wp.ufpel.edu.br\/ppgz\/files\/2021\/01\/Medidas-morfometricas-e-perfil-energetico-de-eguas-da-raca-crioula-no-terco-final-da-gestacao.pdf\" target=\"_blank\" rel=\"noopener noreferrer\">Medidas morfom\u00e9tricas e perfil energ\u00e9tico de \u00e9guas da ra\u00e7a crioula no ter\u00e7o final da gesta\u00e7\u00e3o<\/a><\/li>\n<li><a href=\"https:\/\/wp.ufpel.edu.br\/ppgz\/files\/2021\/01\/Nivel-sanguineo-de-testosterona-crescimento-e-caracteristicas-ao-abate-de-cordeiros-em-diferentes-condicoes-sexuais.pdf\" target=\"_blank\" rel=\"noopener noreferrer\">N\u00edvel sangu\u00edneo de testosterona, crescimento e caracter\u00edsticas ao abate de cordeiros em diferentes condi\u00e7\u00f5es sexuais<\/a><\/li>\n<li><a href=\"https:\/\/wp.ufpel.edu.br\/ppgz\/files\/2021\/01\/Oleo-de-girassol-na-dieta-de-vacas-Jersey-em-lactacao-efeitos-sobre-o-consumo-producao-e-composicao-do-leite-balanco-energetico-perfil-de-acidos-graxos-do-leite-e-perfil-metabolico..pdf\" target=\"_blank\" rel=\"noopener noreferrer\">\u00d3leo de girassol na dieta de vacas Jersey em lacta\u00e7\u00e3o efeitos sobre o consumo, produ\u00e7\u00e3o e composi\u00e7\u00e3o do leite, balan\u00e7o energ\u00e9tico, perfil de \u00e1cidos graxos do leite e perfil metab\u00f3lico.<\/a><\/li>\n<li><a href=\"https:\/\/wp.ufpel.edu.br\/ppgz\/files\/2021\/01\/Perfil-do-consumidor-de-carne-bovina-e-seu-conhecimento-do-bem-estar-animal-na-cidade-de-Pelotas-RS.pdf\" target=\"_blank\" rel=\"noopener noreferrer\">Perfil do consumidor de carne bovina e seu conhecimento do bem-estar animal na cidade de Pelotas &#8211; RS<\/a><\/li>\n<li><a href=\"https:\/\/wp.ufpel.edu.br\/ppgz\/files\/2021\/01\/Quirera-de-arroz-e-pigmentantes-na-dieta-de-frangos-de-corte.pdf\" target=\"_blank\" rel=\"noopener noreferrer\">Quirera de arroz e pigmentantes na dieta de frangos de corte<\/a><\/li>\n<li><a href=\"https:\/\/wp.ufpel.edu.br\/ppgz\/files\/2021\/01\/Rendimento-de-file-dos-peixes-rei-Odontesthes-bonariensis-e-O.-humensis-capturados-na-Lagoa-Mangueira-no-extremo-Sul-do-Rio-Grande-do-Sul.pdf\" target=\"_blank\" rel=\"noopener noreferrer\">Rendimento de fil\u00e9 dos peixes-rei (Odontesthes bonariensis e O. humensis) capturados na Lagoa Mangueira no extremo Sul do Rio Grande do Sul<\/a><\/li>\n<li><a href=\"https:\/\/wp.ufpel.edu.br\/ppgz\/files\/2021\/01\/Substituicao-de-milho-por-grao-de-arroz-integral-na-dieta-de-vacas-em-lactacao.pdf\" target=\"_blank\" rel=\"noopener noreferrer\">Substitui\u00e7\u00e3o de milho por gr\u00e3o de arroz integral na dieta de vacas em lacta\u00e7\u00e3o<\/a><\/li>\n<li><a href=\"https:\/\/wp.ufpel.edu.br\/ppgz\/files\/2021\/01\/Uso-de-torta-de-mamona-na-alimentacao-de-jundia-Rhamdia-quelen.pdf\" target=\"_blank\" rel=\"noopener noreferrer\">Uso de torta de mamona na alimenta\u00e7\u00e3o de jundi\u00e1 (Rhamdia quelen)<\/a><\/li>\n<li><a href=\"https:\/\/wp.ufpel.edu.br\/ppgz\/files\/2021\/01\/Valores-economicos-e-objetivosde-selecao-para-o-melhoramento-genetico-das-racas-Hereford-e-Braford-no-Brasil..pdf\" target=\"_blank\" rel=\"noopener noreferrer\">Valores econ\u00f4micos e objetivosde sele\u00e7\u00e3o para o melhoramento gen\u00e9tico das ra\u00e7as Hereford e Braford no Brasil.<\/a><\/li>\n<\/ol>\n","protected":false},"excerpt":{"rendered":"<p>Avalia\u00e7\u00e3o de cultivares de azev\u00e9m para produ\u00e7\u00e3o de feno em diferentes est\u00e1dios fenol\u00f3gicos Avalia\u00e7\u00e3o metab\u00f3lica no pr\u00e9-parto em dois sistemas de produ\u00e7\u00e3o de ovinos Caracter\u00edsticas reprodutivas de galos alimentados com dietas com diferentes n\u00edveis de arroz integral sem casca em&#8230; <a class=\"more-link\" href=\"https:\/\/wp.ufpel.edu.br\/ppgz\/2014-3\">Continue lendo &rarr;<\/a><\/p>\n","protected":false},"author":809,"featured_media":0,"parent":0,"menu_order":0,"comment_status":"closed","ping_status":"closed","template":"","meta":{"footnotes":""},"class_list":["post-982","page","type-page","status-publish","hentry"],"_links":{"self":[{"href":"https:\/\/wp.ufpel.edu.br\/ppgz\/wp-json\/wp\/v2\/pages\/982","targetHints":{"allow":["GET"]}}],"collection":[{"href":"https:\/\/wp.ufpel.edu.br\/ppgz\/wp-json\/wp\/v2\/pages"}],"about":[{"href":"https:\/\/wp.ufpel.edu.br\/ppgz\/wp-json\/wp\/v2\/types\/page"}],"author":[{"embeddable":true,"href":"https:\/\/wp.ufpel.edu.br\/ppgz\/wp-json\/wp\/v2\/users\/809"}],"replies":[{"embeddable":true,"href":"https:\/\/wp.ufpel.edu.br\/ppgz\/wp-json\/wp\/v2\/comments?post=982"}],"version-history":[{"count":3,"href":"https:\/\/wp.ufpel.edu.br\/ppgz\/wp-json\/wp\/v2\/pages\/982\/revisions"}],"predecessor-version":[{"id":1080,"href":"https:\/\/wp.ufpel.edu.br\/ppgz\/wp-json\/wp\/v2\/pages\/982\/revisions\/1080"}],"wp:attachment":[{"href":"https:\/\/wp.ufpel.edu.br\/ppgz\/wp-json\/wp\/v2\/media?parent=982"}],"curies":[{"name":"wp","href":"https:\/\/api.w.org\/{rel}","templated":true}]}}