{"id":972,"date":"2021-01-14T20:41:26","date_gmt":"2021-01-14T23:41:26","guid":{"rendered":"https:\/\/wp.ufpel.edu.br\/ppgz\/?page_id=972"},"modified":"2021-01-15T13:54:37","modified_gmt":"2021-01-15T16:54:37","slug":"2014-2","status":"publish","type":"page","link":"https:\/\/wp.ufpel.edu.br\/ppgz\/2014-2","title":{"rendered":"2014"},"content":{"rendered":"<ol>\n<li><a href=\"https:\/\/wp.ufpel.edu.br\/ppgz\/files\/2021\/01\/Analise-do-crescimento-e-identificacao-de-loci-potencialmente-amplificaveis-em-peixe-rei.pdf\" target=\"_blank\" rel=\"noopener noreferrer\">An\u00e1lise do crescimento e identifica\u00e7\u00e3o de loci potencialmente amplific\u00e1veis em peixe-rei<\/a><\/li>\n<li><a href=\"https:\/\/wp.ufpel.edu.br\/ppgz\/files\/2021\/01\/Composicao-Regional-Tecidual-e-Quimica-da-Carne-de-Ovinos-e-Caprinos-Criados-na-Regiao-das-Palmas-no-Alto-Camaqua.pdf\" target=\"_blank\" rel=\"noopener noreferrer\">Composi\u00e7\u00e3o Regional, Tecidual e Qu\u00edmica da Carne de Ovinos e Caprinos Criados na Regi\u00e3o das Palmas no Alto Camaqu\u00e3<\/a><\/li>\n<li><a href=\"https:\/\/wp.ufpel.edu.br\/ppgz\/files\/2021\/01\/Desempenho-e-caracteristicas-de-carcaca-de-coelhos-oriundos-de-dois-cruzamentos.pdf\" target=\"_blank\" rel=\"noopener noreferrer\">Desempenho e caracter\u00edsticas de carca\u00e7a de coelhos oriundos de dois cruzamentos<\/a><\/li>\n<li><a href=\"https:\/\/wp.ufpel.edu.br\/ppgz\/files\/2021\/01\/Qualidade-instrumental-e-sensorial-da-carne-de-cabritos-e-cordeiros-criados-na-regiao-das-palmas-alto-camaqua.pdf\" target=\"_blank\" rel=\"noopener noreferrer\">Qualidade instrumental e sensorial da carne de cabritos e cordeiros criados na regi\u00e3o das palmas &#8211; alto camaqu\u00e3<\/a><\/li>\n<li><a href=\"https:\/\/wp.ufpel.edu.br\/ppgz\/files\/2021\/01\/Temperamento-comportamento-ao-parto-e-desempenho-de-bovinos-de-corte-de-diferentes-genotipos.pdf\" target=\"_blank\" rel=\"noopener noreferrer\">Temperamento, comportamento ao parto e desempenho de bovinos de corte de diferentes gen\u00f3tipos<\/a><\/li>\n<li><a href=\"https:\/\/wp.ufpel.edu.br\/ppgz\/files\/2021\/01\/Treonina-digestivel-na-dieta-de-codornas-de-corte-em-crescimento.pdf\" target=\"_blank\" rel=\"noopener noreferrer\">Treonina digest\u00edvel na dieta de codornas de corte em crescimento<\/a><\/li>\n<\/ol>\n","protected":false},"excerpt":{"rendered":"<p>An\u00e1lise do crescimento e identifica\u00e7\u00e3o de loci potencialmente amplific\u00e1veis em peixe-rei Composi\u00e7\u00e3o Regional, Tecidual e Qu\u00edmica da Carne de Ovinos e Caprinos Criados na Regi\u00e3o das Palmas no Alto Camaqu\u00e3 Desempenho e caracter\u00edsticas de carca\u00e7a de coelhos oriundos de dois&#8230; <a class=\"more-link\" href=\"https:\/\/wp.ufpel.edu.br\/ppgz\/2014-2\">Continue lendo &rarr;<\/a><\/p>\n","protected":false},"author":809,"featured_media":0,"parent":0,"menu_order":0,"comment_status":"closed","ping_status":"closed","template":"","meta":{"footnotes":""},"class_list":["post-972","page","type-page","status-publish","hentry"],"_links":{"self":[{"href":"https:\/\/wp.ufpel.edu.br\/ppgz\/wp-json\/wp\/v2\/pages\/972","targetHints":{"allow":["GET"]}}],"collection":[{"href":"https:\/\/wp.ufpel.edu.br\/ppgz\/wp-json\/wp\/v2\/pages"}],"about":[{"href":"https:\/\/wp.ufpel.edu.br\/ppgz\/wp-json\/wp\/v2\/types\/page"}],"author":[{"embeddable":true,"href":"https:\/\/wp.ufpel.edu.br\/ppgz\/wp-json\/wp\/v2\/users\/809"}],"replies":[{"embeddable":true,"href":"https:\/\/wp.ufpel.edu.br\/ppgz\/wp-json\/wp\/v2\/comments?post=972"}],"version-history":[{"count":3,"href":"https:\/\/wp.ufpel.edu.br\/ppgz\/wp-json\/wp\/v2\/pages\/972\/revisions"}],"predecessor-version":[{"id":1082,"href":"https:\/\/wp.ufpel.edu.br\/ppgz\/wp-json\/wp\/v2\/pages\/972\/revisions\/1082"}],"wp:attachment":[{"href":"https:\/\/wp.ufpel.edu.br\/ppgz\/wp-json\/wp\/v2\/media?parent=972"}],"curies":[{"name":"wp","href":"https:\/\/api.w.org\/{rel}","templated":true}]}}