{"id":880,"date":"2021-01-14T17:31:33","date_gmt":"2021-01-14T20:31:33","guid":{"rendered":"https:\/\/wp.ufpel.edu.br\/ppgz\/?page_id=880"},"modified":"2021-01-15T13:36:37","modified_gmt":"2021-01-15T16:36:37","slug":"2017-3","status":"publish","type":"page","link":"https:\/\/wp.ufpel.edu.br\/ppgz\/2017-3","title":{"rendered":"2017"},"content":{"rendered":"<ol>\n<li><a href=\"https:\/\/wp.ufpel.edu.br\/ppgz\/files\/2021\/01\/Avaliacao-das-caracteristicas-produtivas-de-codornas-de-corte-e-qualidade-de-ovos-por-meio-de-analises-multivariadas.pdf\" target=\"_blank\" rel=\"noopener noreferrer\">Avalia\u00e7\u00e3o das caracter\u00edsticas produtivas de codornas de corte e qualidade de ovos por meio de an\u00e1lises multivariadas<\/a><\/li>\n<li><a href=\"https:\/\/wp.ufpel.edu.br\/ppgz\/files\/2021\/01\/Avaliacao-do-teste-de-reducao-do-cromo-no-leite-de-vacas-com-cetose-subclinica.pdf\" target=\"_blank\" rel=\"noopener noreferrer\">Avalia\u00e7\u00e3o do teste de redu\u00e7\u00e3o do cromo no leite de vacas com cetose subclinica<\/a><\/li>\n<li><a href=\"https:\/\/wp.ufpel.edu.br\/ppgz\/files\/2021\/01\/Boas-praticas-agropecuarias-em-unidades-produtoras-de-leite-e-seus-efeitos-na-producao-e-qualidade-do-leite.pdf\" target=\"_blank\" rel=\"noopener noreferrer\">Boas pr\u00e1ticas agropecu\u00e1rias em unidades produtoras de leite e seus efeitos na produ\u00e7\u00e3o e qualidade do leite<\/a><\/li>\n<li><a href=\"https:\/\/wp.ufpel.edu.br\/ppgz\/files\/2021\/01\/Caracterizacao-genetica-de-duas-populacoes-de-Rhamdia-quelen-atraves-da-utilizacao-de-marcadores-microsatelites.pdf\" target=\"_blank\" rel=\"noopener noreferrer\">Caracteriza\u00e7\u00e3o gen\u00e9tica de duas popula\u00e7\u00f5es de Rhamdia quelen atrav\u00e9s da utiliza\u00e7\u00e3o de marcadores microsat\u00e9lites<\/a><\/li>\n<li><a href=\"https:\/\/wp.ufpel.edu.br\/ppgz\/files\/2021\/01\/Desempenho-e-qualidade-de-ovos-de-poedeiras-da-linhagem-Embrapa-051-submetidas-a-diferentes-programas-alimentares.pdf\" target=\"_blank\" rel=\"noopener noreferrer\">Desempenho e qualidade de ovos de poedeiras da linhagem Embrapa 051 submetidas a diferentes programas alimentares<\/a><\/li>\n<li><a href=\"https:\/\/wp.ufpel.edu.br\/ppgz\/files\/2021\/01\/Desenvolvimento-e-avaliacao-farmacocinetica-de-geis-termossensiveis-para-administracao-sustentada-de-molecula-hidrofilica.pdf\" target=\"_blank\" rel=\"noopener noreferrer\">Desenvolvimento e avalia\u00e7\u00e3o farmacocin\u00e9tica de g\u00e9is termossens\u00edveis para administra\u00e7\u00e3o sustentada de mol\u00e9cula hidrof\u00edlica<\/a><\/li>\n<li><a href=\"https:\/\/wp.ufpel.edu.br\/ppgz\/files\/2021\/01\/Determinacao-da-altura-de-entrada-no-amendoim-forrageiro-Arachis-pintoi-cv.-Amarillo-em-pastejo-rotacionado.pdf\" target=\"_blank\" rel=\"noopener noreferrer\">Determina\u00e7\u00e3o da altura de entrada no amendoim forrageiro (Arachis pintoi cv. Amarillo) em pastejo rotacionado<\/a><\/li>\n<li><a href=\"https:\/\/wp.ufpel.edu.br\/ppgz\/files\/2021\/01\/Diferentes-estruturas-corporais-na-produtividade-efetiva-de-vacas-primiparas-aos-24-meses-de-idade.pdf\" target=\"_blank\" rel=\"noopener noreferrer\">Diferentes estruturas corporais na produtividade efetiva de vacas prim\u00edparas aos 24 meses de idade<\/a><\/li>\n<li><a href=\"https:\/\/wp.ufpel.edu.br\/ppgz\/files\/2021\/01\/Dinamica-do-banco-de-sementes-do-solo-e-potencial-de-revegetacao-campestre-apos-cultivos-agricolas.pdf\" target=\"_blank\" rel=\"noopener noreferrer\">Din\u00e2mica do banco de sementes do solo e potencial de revegeta\u00e7\u00e3o campestre ap\u00f3s cultivos agr\u00edcolas<\/a><\/li>\n<li><a href=\"https:\/\/wp.ufpel.edu.br\/ppgz\/files\/2021\/01\/Divergencia-fenotipica-em-eguas-da-raca-Crioula-nas-linhagens-uruguaia-La-Invernada-argentina-Cardal-e-chilenas.pdf\" target=\"_blank\" rel=\"noopener noreferrer\">Diverg\u00eancia fenot\u00edpica em \u00e9guas da ra\u00e7a Crioula nas linhagens uruguaia \u201cLa Invernada\u201d, argentina \u201cCardal\u201d e chilenas<\/a><\/li>\n<li><a href=\"https:\/\/wp.ufpel.edu.br\/ppgz\/files\/2021\/01\/Efeito-da-aplicacao-de-complexo-vitaminico-e-mineral-na-recuperacao-eritrocitaria-e-no-desempenho-de-ovinos-parasitados.pdf\" target=\"_blank\" rel=\"noopener noreferrer\">Efeito da aplica\u00e7\u00e3o de complexo vitam\u00ednico e mineral na recupera\u00e7\u00e3o eritrocit\u00e1ria e no desempenho de ovinos parasitados<\/a><\/li>\n<li><a href=\"https:\/\/wp.ufpel.edu.br\/ppgz\/files\/2021\/01\/Eficiencia-biologica-de-um-rebanho-de-cria-Charoles-de-diferentes-estruturas-corporais.pdf\" target=\"_blank\" rel=\"noopener noreferrer\">Efici\u00eancia biol\u00f3gica de um rebanho de cria Charol\u00eas de diferentes estruturas corporais<\/a><\/li>\n<li><a href=\"https:\/\/wp.ufpel.edu.br\/ppgz\/files\/2021\/01\/Modelos-bioeconomicos-para-o-melhoramento-genetico-da-raca-brangus.pdf\" target=\"_blank\" rel=\"noopener noreferrer\">Modelos bioecon\u00f4micos para o melhoramento gen\u00e9tico da ra\u00e7a brangus<\/a><\/li>\n<li><a href=\"https:\/\/wp.ufpel.edu.br\/ppgz\/files\/2021\/01\/Parametros-geneticos-de-desaceleracao-do-crescimento-Alternativas-na-inferencia-sobre-a-precocidade-de-terminacao-em-bovinos-de-corte.pdf\" target=\"_blank\" rel=\"noopener noreferrer\">Par\u00e2metros gen\u00e9ticos de desacelera\u00e7\u00e3o do crescimento Alternativas na infer\u00eancia sobre a precocidade de termina\u00e7\u00e3o em bovinos de corte<\/a><\/li>\n<li><a href=\"https:\/\/wp.ufpel.edu.br\/ppgz\/files\/2021\/01\/Solucoes-computacionais-para-a-coleta-e-analise-de-dados-em-programas-de-melhoramento-genetico-animal.pdf\" target=\"_blank\" rel=\"noopener noreferrer\">Solu\u00e7\u00f5es computacionais para a coleta e an\u00e1lise de dados em programas de melhoramento gen\u00e9tico animal<\/a><\/li>\n<li><a href=\"https:\/\/wp.ufpel.edu.br\/ppgz\/files\/2021\/01\/suplementadas-com-modulador-termico-I.C.ETM-em-periodo-de-altas-temperaturas-e-umidade.pdf\" target=\"_blank\" rel=\"noopener noreferrer\">Perfil metab\u00f3lico, comportamento alimentar e desempenho produtivo de vacas da ra\u00e7a Holand\u00eassuplementadas com modulador t\u00e9rmico (I.C.ETM) em per\u00edodo de altas temperaturas e umidade<\/a><\/li>\n<\/ol>\n","protected":false},"excerpt":{"rendered":"<p>Avalia\u00e7\u00e3o das caracter\u00edsticas produtivas de codornas de corte e qualidade de ovos por meio de an\u00e1lises multivariadas Avalia\u00e7\u00e3o do teste de redu\u00e7\u00e3o do cromo no leite de vacas com cetose subclinica Boas pr\u00e1ticas agropecu\u00e1rias em unidades produtoras de leite e&#8230; <a class=\"more-link\" href=\"https:\/\/wp.ufpel.edu.br\/ppgz\/2017-3\">Continue lendo &rarr;<\/a><\/p>\n","protected":false},"author":809,"featured_media":0,"parent":0,"menu_order":0,"comment_status":"closed","ping_status":"closed","template":"","meta":{"footnotes":""},"class_list":["post-880","page","type-page","status-publish","hentry"],"_links":{"self":[{"href":"https:\/\/wp.ufpel.edu.br\/ppgz\/wp-json\/wp\/v2\/pages\/880","targetHints":{"allow":["GET"]}}],"collection":[{"href":"https:\/\/wp.ufpel.edu.br\/ppgz\/wp-json\/wp\/v2\/pages"}],"about":[{"href":"https:\/\/wp.ufpel.edu.br\/ppgz\/wp-json\/wp\/v2\/types\/page"}],"author":[{"embeddable":true,"href":"https:\/\/wp.ufpel.edu.br\/ppgz\/wp-json\/wp\/v2\/users\/809"}],"replies":[{"embeddable":true,"href":"https:\/\/wp.ufpel.edu.br\/ppgz\/wp-json\/wp\/v2\/comments?post=880"}],"version-history":[{"count":5,"href":"https:\/\/wp.ufpel.edu.br\/ppgz\/wp-json\/wp\/v2\/pages\/880\/revisions"}],"predecessor-version":[{"id":1068,"href":"https:\/\/wp.ufpel.edu.br\/ppgz\/wp-json\/wp\/v2\/pages\/880\/revisions\/1068"}],"wp:attachment":[{"href":"https:\/\/wp.ufpel.edu.br\/ppgz\/wp-json\/wp\/v2\/media?parent=880"}],"curies":[{"name":"wp","href":"https:\/\/api.w.org\/{rel}","templated":true}]}}