{"id":1637,"date":"2021-03-10T14:20:55","date_gmt":"2021-03-10T17:20:55","guid":{"rendered":"https:\/\/wp.ufpel.edu.br\/ppgz\/?page_id=1637"},"modified":"2021-03-10T14:30:45","modified_gmt":"2021-03-10T17:30:45","slug":"nutricao-de-ruminantes","status":"publish","type":"page","link":"https:\/\/wp.ufpel.edu.br\/ppgz\/nutricao-de-ruminantes","title":{"rendered":"Nutri\u00e7\u00e3o de Ruminantes"},"content":{"rendered":"<p>Objetivo<\/p>\n<p>O laborat\u00f3rio de nutri\u00e7\u00e3o animal, mais especificamente voltado para nutri\u00e7\u00e3o de ruminantes, visa desenvolver e apoiar pesquisas na \u00e1rea de nutri\u00e7\u00e3o de ruminantes, bem como apoiar as aulas de gradua\u00e7\u00e3o e p\u00f3s-gradua\u00e7\u00e3o e desenvolver atividades de extens\u00e3o.<\/p>\n<p>Este laborat\u00f3rio permite a avalia\u00e7\u00e3o da composi\u00e7\u00e3o qu\u00edmica de alimentos destinados \u00e0 Produ\u00e7\u00e3o Animal e\/ou Pesquisas Cient\u00edficas. Sendo a nutri\u00e7\u00e3o um dos principais gargalos nos sistemas de produ\u00e7\u00e3o, afetando diretamente o desempenho produtivo, metabolismo, efici\u00eancia reprodutiva dentro outros aspectos importantes.<\/p>\n<p>Atualmente contamos com equipamentos modernos para realizar diversas an\u00e1lises, dentre elas destacam-se:<\/p>\n<table width=\"627\">\n<tbody>\n<tr>\n<td width=\"402\"><strong>EQUIPAMENTOS<\/strong><\/td>\n<td width=\"100\"><strong>Quantidade<\/strong><\/td>\n<td width=\"125\"><strong>Marca<\/strong><\/td>\n<\/tr>\n<tr>\n<td width=\"402\">Analisador Bioqu\u00edmico<\/td>\n<td width=\"100\">1<\/td>\n<td width=\"125\">Robonik<\/td>\n<\/tr>\n<tr>\n<td width=\"402\">Desumidificador(Desidrat Plus)<\/td>\n<td width=\"100\">1<\/td>\n<td width=\"125\">Thermomatic<\/td>\n<\/tr>\n<tr>\n<td width=\"402\">Mixer e triturador<\/td>\n<td width=\"100\">1<\/td>\n<td width=\"125\">Brit\u00e2nia<\/td>\n<\/tr>\n<tr>\n<td width=\"402\">Balan\u00e7a Anal\u00edtica<\/td>\n<td width=\"100\">1<\/td>\n<td width=\"125\">Ionlab<\/td>\n<\/tr>\n<tr>\n<td width=\"402\">Liquidificar Industrial<\/td>\n<td width=\"100\">1<\/td>\n<td width=\"125\">Sire<\/td>\n<\/tr>\n<tr>\n<td width=\"402\">Manta Aquecedora<\/td>\n<td width=\"100\">1<\/td>\n<td width=\"125\">Edutec<\/td>\n<\/tr>\n<tr>\n<td width=\"402\">Vortex VX-28<\/td>\n<td width=\"100\">1<\/td>\n<td width=\"125\">Warmnest<\/td>\n<\/tr>\n<tr>\n<td width=\"402\">Agitador Magn\u00e9tico com Aquecimento<\/td>\n<td width=\"100\">1<\/td>\n<td width=\"125\">Thelga<\/td>\n<\/tr>\n<tr>\n<td width=\"402\">Geladeira Duplex<\/td>\n<td width=\"100\">1<\/td>\n<td width=\"125\">Consul CRD36<\/td>\n<\/tr>\n<tr>\n<td width=\"402\">Microsc\u00f3pio<\/td>\n<td width=\"100\">1<\/td>\n<td width=\"125\">Olympus CX21<\/td>\n<\/tr>\n<tr>\n<td width=\"402\">Centr\u00edfuga para micro hemat\u00f3crito<\/td>\n<td width=\"100\">1<\/td>\n<td width=\"125\">Benfer<\/td>\n<\/tr>\n<tr>\n<td width=\"402\">Estufa Bacteriol\u00f3gica<\/td>\n<td width=\"100\">1<\/td>\n<td width=\"125\">Nova<\/td>\n<\/tr>\n<tr>\n<td width=\"402\">NIR SpectraAlyzer<\/td>\n<td width=\"100\">1<\/td>\n<td width=\"125\">Zeutec<\/td>\n<\/tr>\n<tr>\n<td width=\"402\">Maleta Assessorio NIR &#8211; Rotating Cup Drawer Assy<\/td>\n<td width=\"100\">1<\/td>\n<td width=\"125\">\u00a0Zeutec<\/td>\n<\/tr>\n<tr>\n<td width=\"402\">Maleta Assessorio NIR -Accessory Kit<\/td>\n<td width=\"100\">1<\/td>\n<td width=\"125\">Zeuec<\/td>\n<\/tr>\n<tr>\n<td width=\"402\">Ultrafrizer<\/td>\n<td width=\"100\">1<\/td>\n<td width=\"125\">Coldlab<\/td>\n<\/tr>\n<tr>\n<td width=\"402\">Autoclave<\/td>\n<td width=\"100\">1<\/td>\n<td width=\"125\">Phonix Luferco<\/td>\n<\/tr>\n<tr>\n<td width=\"402\">Prateleira de Metal<\/td>\n<td width=\"100\">1<\/td>\n<td width=\"125\">X<\/td>\n<\/tr>\n<tr>\n<td width=\"402\">Arquivo de Metal<\/td>\n<td width=\"100\">1<\/td>\n<td width=\"125\">X<\/td>\n<\/tr>\n<tr>\n<td width=\"402\">Bomba Peristaltica<\/td>\n<td width=\"100\">1<\/td>\n<td width=\"125\">Pharmacia<\/td>\n<\/tr>\n<tr>\n<td width=\"402\">Triturador TE102<\/td>\n<td width=\"100\">1<\/td>\n<td width=\"125\">Tecnal<\/td>\n<\/tr>\n<tr>\n<td width=\"402\">Balan\u00e7a Anal\u00edtica<\/td>\n<td width=\"100\">1<\/td>\n<td width=\"125\">Bel<\/td>\n<\/tr>\n<tr>\n<td width=\"402\">Determinador de umidade infravermelho<\/td>\n<td width=\"100\">1<\/td>\n<td width=\"125\">Quimis<\/td>\n<\/tr>\n<tr>\n<td width=\"402\">Homegeneizador<\/td>\n<td width=\"100\">1<\/td>\n<td width=\"125\">Phonix Luferco<\/td>\n<\/tr>\n<tr>\n<td width=\"402\">Botij\u00e3o de Nitrog\u00eanio<\/td>\n<td width=\"100\">1<\/td>\n<td width=\"125\">Volta<\/td>\n<\/tr>\n<tr>\n<td width=\"402\">Balan\u00e7a Anal\u00edtica<\/td>\n<td width=\"100\">1<\/td>\n<td width=\"125\">Bel<\/td>\n<\/tr>\n<tr>\n<td width=\"402\">Ultrassom de Diagn\u00f3stico<\/td>\n<td width=\"100\">1<\/td>\n<td width=\"125\">Mindray<\/td>\n<\/tr>\n<tr>\n<td width=\"402\">Sonda 6LE5VS<\/td>\n<td width=\"100\">1<\/td>\n<td width=\"125\">Mindray<\/td>\n<\/tr>\n<tr>\n<td width=\"402\">Sonda 6C2S<\/td>\n<td width=\"100\">1<\/td>\n<td width=\"125\">Mindray<\/td>\n<\/tr>\n<tr>\n<td width=\"402\">Vortex XH-2800<\/td>\n<td width=\"100\">1<\/td>\n<td width=\"125\">Warmnest<\/td>\n<\/tr>\n<tr>\n<td width=\"402\">Ultrassom de Diagn\u00f3stico Prosound 2<\/td>\n<td width=\"100\">1<\/td>\n<td width=\"125\">Hitachi Aloka<\/td>\n<\/tr>\n<tr>\n<td width=\"402\">Sonda UST-5820-5<\/td>\n<td width=\"100\">1<\/td>\n<td width=\"125\">Hitachi Aloka<\/td>\n<\/tr>\n<tr>\n<td width=\"402\">Centr\u00edfuga de Falcon Cirius 4000<\/td>\n<td width=\"100\">1<\/td>\n<td width=\"125\">Sieger<\/td>\n<\/tr>\n<tr>\n<td width=\"402\">Estabilizador<\/td>\n<td width=\"100\">1<\/td>\n<td width=\"125\">Hi-tech<\/td>\n<\/tr>\n<tr>\n<td width=\"402\">Dispositivo Adaptado de Leitura de Coleiras<\/td>\n<td width=\"100\">1<\/td>\n<td width=\"125\">Chip Inside<\/td>\n<\/tr>\n<tr>\n<td width=\"402\">Osmose Reversa Purific\u00e3o de Agua<\/td>\n<td width=\"100\">1<\/td>\n<td width=\"125\">Tecnal<\/td>\n<\/tr>\n<tr>\n<td width=\"402\">Chapa Aquecedora em A\u00e7o Inox<\/td>\n<td width=\"100\">1<\/td>\n<td width=\"125\">Warmnest<\/td>\n<\/tr>\n<tr>\n<td width=\"402\">Prateleiras do ensino<\/td>\n<td width=\"100\">2<\/td>\n<td width=\"125\"><\/td>\n<\/tr>\n<tr>\n<td width=\"402\">Silo met\u00e1lico<\/td>\n<td width=\"100\">1<\/td>\n<td width=\"125\"><\/td>\n<\/tr>\n<tr>\n<td width=\"402\">Misturador Vertical 500kg<\/td>\n<td width=\"100\">1<\/td>\n<td width=\"125\"><\/td>\n<\/tr>\n<tr>\n<td width=\"402\">Disco medidor de pastagem<\/td>\n<td width=\"100\">1<\/td>\n<td width=\"125\"><\/td>\n<\/tr>\n<tr>\n<td width=\"402\">Peltetizadora<\/td>\n<td width=\"100\">1<\/td>\n<td width=\"125\"><\/td>\n<\/tr>\n<\/tbody>\n<\/table>\n\n\t\t<style type=\"text\/css\">\n\t\t\t#gallery-1 {\n\t\t\t\tmargin: auto;\n\t\t\t}\n\t\t\t#gallery-1 .gallery-item {\n\t\t\t\tfloat: left;\n\t\t\t\tmargin-top: 10px;\n\t\t\t\ttext-align: center;\n\t\t\t\twidth: 100%;\n\t\t\t}\n\t\t\t#gallery-1 img {\n\t\t\t\tborder: 2px solid #cfcfcf;\n\t\t\t}\n\t\t\t#gallery-1 .gallery-caption {\n\t\t\t\tmargin-left: 0;\n\t\t\t}\n\t\t\t\/* see gallery_shortcode() in wp-includes\/media.php *\/\n\t\t<\/style>\n\t\t<div id='gallery-1' class='gallery galleryid-1637 gallery-columns-1 gallery-size-large'><dl class='gallery-item'>\n\t\t\t<dt class='gallery-icon landscape'>\n\t\t\t\t<a href='https:\/\/wp.ufpel.edu.br\/ppgz\/nutricao-de-ruminantes\/5-np-2'><img loading=\"lazy\" decoding=\"async\" width=\"676\" height=\"422\" src=\"https:\/\/wp.ufpel.edu.br\/ppgz\/files\/2021\/03\/5-NP-1.jpg\" class=\"attachment-large size-large\" alt=\"\" srcset=\"https:\/\/wp.ufpel.edu.br\/ppgz\/files\/2021\/03\/5-NP-1.jpg 781w, https:\/\/wp.ufpel.edu.br\/ppgz\/files\/2021\/03\/5-NP-1-400x250.jpg 400w, https:\/\/wp.ufpel.edu.br\/ppgz\/files\/2021\/03\/5-NP-1-768x480.jpg 768w\" sizes=\"auto, (max-width: 676px) 100vw, 676px\" \/><\/a>\n\t\t\t<\/dt><\/dl><br style=\"clear: both\" \/>\n\t\t<\/div>\n\n<p>&nbsp;<\/p>\n","protected":false},"excerpt":{"rendered":"<p>Objetivo O laborat\u00f3rio de nutri\u00e7\u00e3o animal, mais especificamente voltado para nutri\u00e7\u00e3o de ruminantes, visa desenvolver e apoiar pesquisas na \u00e1rea de nutri\u00e7\u00e3o de ruminantes, bem como apoiar as aulas de gradua\u00e7\u00e3o e p\u00f3s-gradua\u00e7\u00e3o e desenvolver atividades de extens\u00e3o. Este laborat\u00f3rio&#8230; <a class=\"more-link\" href=\"https:\/\/wp.ufpel.edu.br\/ppgz\/nutricao-de-ruminantes\">Continue lendo &rarr;<\/a><\/p>\n","protected":false},"author":809,"featured_media":0,"parent":0,"menu_order":0,"comment_status":"closed","ping_status":"closed","template":"","meta":{"footnotes":""},"class_list":["post-1637","page","type-page","status-publish","hentry"],"_links":{"self":[{"href":"https:\/\/wp.ufpel.edu.br\/ppgz\/wp-json\/wp\/v2\/pages\/1637","targetHints":{"allow":["GET"]}}],"collection":[{"href":"https:\/\/wp.ufpel.edu.br\/ppgz\/wp-json\/wp\/v2\/pages"}],"about":[{"href":"https:\/\/wp.ufpel.edu.br\/ppgz\/wp-json\/wp\/v2\/types\/page"}],"author":[{"embeddable":true,"href":"https:\/\/wp.ufpel.edu.br\/ppgz\/wp-json\/wp\/v2\/users\/809"}],"replies":[{"embeddable":true,"href":"https:\/\/wp.ufpel.edu.br\/ppgz\/wp-json\/wp\/v2\/comments?post=1637"}],"version-history":[{"count":3,"href":"https:\/\/wp.ufpel.edu.br\/ppgz\/wp-json\/wp\/v2\/pages\/1637\/revisions"}],"predecessor-version":[{"id":1644,"href":"https:\/\/wp.ufpel.edu.br\/ppgz\/wp-json\/wp\/v2\/pages\/1637\/revisions\/1644"}],"wp:attachment":[{"href":"https:\/\/wp.ufpel.edu.br\/ppgz\/wp-json\/wp\/v2\/media?parent=1637"}],"curies":[{"name":"wp","href":"https:\/\/api.w.org\/{rel}","templated":true}]}}