{"id":1631,"date":"2021-03-10T14:17:44","date_gmt":"2021-03-10T17:17:44","guid":{"rendered":"https:\/\/wp.ufpel.edu.br\/ppgz\/?page_id=1631"},"modified":"2021-03-10T14:17:44","modified_gmt":"2021-03-10T17:17:44","slug":"inovacao-em-ruminantes","status":"publish","type":"page","link":"https:\/\/wp.ufpel.edu.br\/ppgz\/inovacao-em-ruminantes","title":{"rendered":"Inova\u00e7\u00e3o em ruminantes"},"content":{"rendered":"<p>Objetivo<\/p>\n<p>Desenvolver projetos inovadores que visam o desenvolvimento de produtos na \u00e1rea de produ\u00e7\u00e3o de ruminantes, quer sejam relacionados a nutri\u00e7\u00e3o, metabolismo, imunidade ou outros.<\/p>\n<p>Este laborat\u00f3rio possui uma abordagem sobre o vi\u00e9s inovador das pesquisas desenvolvidas e prop\u00f5e o desenvolvimento de produtos nos setores farmac\u00eautico veterin\u00e1rio, metabolismo e de nutri\u00e7\u00e3o animal atrav\u00e9s das linhas de pesquisa dos pesquisadores envolvidos no laborat\u00f3rio, al\u00e9m de estar constantemente prospectando ideias de novos produtos e inova\u00e7\u00e3o incremental para produtos j\u00e1 existentes. O laborat\u00f3rio conta com estrutura para desenvolvimento e testes in vitro e in vivo, al\u00e9m dos testes de efici\u00eancia e efic\u00e1cia. Como diferencial do laborat\u00f3rio, a proposta \u00e9 ser especializado no desenvolvimento de produtos pass\u00edveis da transfer\u00eancia de tecnologia para as ind\u00fastrias especializadas no ramo.<\/p>\n<table width=\"543\">\n<tbody>\n<tr>\n<td width=\"310\"><strong>EQUIPAMENTOS<\/strong><\/td>\n<td width=\"100\"><strong>Quantidade<\/strong><\/td>\n<td width=\"133\"><strong>Marca<\/strong><\/td>\n<\/tr>\n<tr>\n<td width=\"310\">Espectrofot\u00f4metro<\/td>\n<td width=\"100\">1<\/td>\n<td width=\"133\">Femto<\/td>\n<\/tr>\n<tr>\n<td width=\"310\">Banho-Maria<\/td>\n<td width=\"100\">1<\/td>\n<td width=\"133\">Aaker<\/td>\n<\/tr>\n<tr>\n<td width=\"310\">Balan\u00e7a anal\u00edtica<\/td>\n<td width=\"100\">1<\/td>\n<td width=\"133\">Ionlab<\/td>\n<\/tr>\n<tr>\n<td width=\"310\">pHmetro (bancada)<\/td>\n<td width=\"100\">1<\/td>\n<td width=\"133\">Tecnopon<\/td>\n<\/tr>\n<tr>\n<td width=\"310\">pHmetro (bancada)<\/td>\n<td width=\"100\">1<\/td>\n<td width=\"133\">Tecnopon<\/td>\n<\/tr>\n<tr>\n<td width=\"310\">Balan\u00e7a anal\u00edtica<\/td>\n<td width=\"100\">1<\/td>\n<td width=\"133\">Bel engineering<\/td>\n<\/tr>\n<tr>\n<td width=\"310\">Banho-Maria<\/td>\n<td width=\"100\">1<\/td>\n<td width=\"133\">Visomes Plus<\/td>\n<\/tr>\n<tr>\n<td width=\"310\">Motor banho-maria<\/td>\n<td width=\"100\">1<\/td>\n<td width=\"133\">Visomes Plus<\/td>\n<\/tr>\n<tr>\n<td width=\"310\">Banho-Maria<\/td>\n<td width=\"100\">1<\/td>\n<td width=\"133\">Quimis<\/td>\n<\/tr>\n<tr>\n<td width=\"310\">Agitador Magn\u00e9tico com aquecimento<\/td>\n<td width=\"100\">1<\/td>\n<td width=\"133\">Thelga<\/td>\n<\/tr>\n<tr>\n<td width=\"310\">Term\u00f3grafo<\/td>\n<td width=\"100\">1<\/td>\n<td width=\"133\">Flir<\/td>\n<\/tr>\n<tr>\n<td width=\"310\">Pipetador digital<\/td>\n<td width=\"100\">1<\/td>\n<td width=\"133\">Swiftpet<\/td>\n<\/tr>\n<tr>\n<td width=\"310\">Pipetador manual (vermelho &#8211; 25 ml)<\/td>\n<td width=\"100\">3<\/td>\n<td width=\"133\">&nbsp;<\/td>\n<\/tr>\n<tr>\n<td width=\"310\">Term\u00f4metro digital<\/td>\n<td width=\"100\">1<\/td>\n<td width=\"133\">Temple Touch<\/td>\n<\/tr>\n<tr>\n<td width=\"310\">pHmetro (port\u00e1til)<\/td>\n<td width=\"100\">1<\/td>\n<td width=\"133\">phtek<\/td>\n<\/tr>\n<tr>\n<td width=\"310\">micropipeta (50 microlitros)<\/td>\n<td width=\"100\">1<\/td>\n<td width=\"133\">Labmate soft<\/td>\n<\/tr>\n<tr>\n<td width=\"310\">micropipeta (100 microlitros)<\/td>\n<td width=\"100\">1<\/td>\n<td width=\"133\">Labmate soft<\/td>\n<\/tr>\n<tr>\n<td width=\"310\">micropipeta (200 microlitros)<\/td>\n<td width=\"100\">1<\/td>\n<td width=\"133\">Labmate soft<\/td>\n<\/tr>\n<tr>\n<td width=\"310\">micropipeta (20 microlitros)<\/td>\n<td width=\"100\">1<\/td>\n<td width=\"133\">Labmate soft<\/td>\n<\/tr>\n<tr>\n<td width=\"310\">micropipeta (1 ml)<\/td>\n<td width=\"100\">1<\/td>\n<td width=\"133\">Labmate soft<\/td>\n<\/tr>\n<tr>\n<td width=\"310\">i-STAT<\/td>\n<td width=\"100\">1<\/td>\n<td width=\"133\">Abbott<\/td>\n<\/tr>\n<tr>\n<td width=\"310\">Frigorbar<\/td>\n<td width=\"100\">1<\/td>\n<td width=\"133\">Consul<\/td>\n<\/tr>\n<tr>\n<td width=\"310\">Arquivo<\/td>\n<td width=\"100\">1<\/td>\n<td width=\"133\">&nbsp;<\/td>\n<\/tr>\n<tr>\n<td width=\"310\">Modem wireless<\/td>\n<td width=\"100\">1<\/td>\n<td width=\"133\">TP-LINK<\/td>\n<\/tr>\n<tr>\n<td width=\"310\">Leito Fluidizado<\/td>\n<td width=\"100\">1<\/td>\n<td width=\"133\">Zelus<\/td>\n<\/tr>\n<tr>\n<td width=\"310\">Monitor<\/td>\n<td width=\"100\">1<\/td>\n<td width=\"133\">Infoway<\/td>\n<\/tr>\n<tr>\n<td width=\"310\">Arm\u00e1rio (itens diversos)<\/td>\n<td width=\"100\">1<\/td>\n<td width=\"133\">&nbsp;<\/td>\n<\/tr>\n<tr>\n<td width=\"310\">Ar condicionado<\/td>\n<td width=\"100\">1<\/td>\n<td width=\"133\">Midea<\/td>\n<\/tr>\n<tr>\n<td width=\"310\">Quadro branco<\/td>\n<td width=\"100\">1<\/td>\n<td width=\"133\">BN<\/td>\n<\/tr>\n<tr>\n<td width=\"310\">Prateleira de metal<\/td>\n<td width=\"100\">1<\/td>\n<td width=\"133\">&nbsp;<\/td>\n<\/tr>\n<\/tbody>\n<\/table>\n<p>&nbsp;<\/p>\n\n\t\t<style type=\"text\/css\">\n\t\t\t#gallery-1 {\n\t\t\t\tmargin: auto;\n\t\t\t}\n\t\t\t#gallery-1 .gallery-item {\n\t\t\t\tfloat: left;\n\t\t\t\tmargin-top: 10px;\n\t\t\t\ttext-align: center;\n\t\t\t\twidth: 50%;\n\t\t\t}\n\t\t\t#gallery-1 img {\n\t\t\t\tborder: 2px solid #cfcfcf;\n\t\t\t}\n\t\t\t#gallery-1 .gallery-caption {\n\t\t\t\tmargin-left: 0;\n\t\t\t}\n\t\t\t\/* see gallery_shortcode() in wp-includes\/media.php *\/\n\t\t<\/style>\n\t\t<div id='gallery-1' class='gallery galleryid-1631 gallery-columns-2 gallery-size-large'><dl class='gallery-item'>\n\t\t\t<dt class='gallery-icon landscape'>\n\t\t\t\t<a href='https:\/\/wp.ufpel.edu.br\/ppgz\/inovacao-em-ruminantes\/3-np'><img loading=\"lazy\" decoding=\"async\" width=\"676\" height=\"507\" src=\"https:\/\/wp.ufpel.edu.br\/ppgz\/files\/2021\/03\/3-NP.jpg\" class=\"attachment-large size-large\" alt=\"\" srcset=\"https:\/\/wp.ufpel.edu.br\/ppgz\/files\/2021\/03\/3-NP.jpg 782w, https:\/\/wp.ufpel.edu.br\/ppgz\/files\/2021\/03\/3-NP-400x300.jpg 400w, https:\/\/wp.ufpel.edu.br\/ppgz\/files\/2021\/03\/3-NP-768x576.jpg 768w\" sizes=\"auto, (max-width: 676px) 100vw, 676px\" \/><\/a>\n\t\t\t<\/dt><\/dl><dl class='gallery-item'>\n\t\t\t<dt class='gallery-icon landscape'>\n\t\t\t\t<a href='https:\/\/wp.ufpel.edu.br\/ppgz\/inovacao-em-ruminantes\/4-np'><img loading=\"lazy\" decoding=\"async\" width=\"676\" height=\"507\" src=\"https:\/\/wp.ufpel.edu.br\/ppgz\/files\/2021\/03\/4-NP.jpg\" class=\"attachment-large size-large\" alt=\"\" srcset=\"https:\/\/wp.ufpel.edu.br\/ppgz\/files\/2021\/03\/4-NP.jpg 782w, https:\/\/wp.ufpel.edu.br\/ppgz\/files\/2021\/03\/4-NP-400x300.jpg 400w, https:\/\/wp.ufpel.edu.br\/ppgz\/files\/2021\/03\/4-NP-768x576.jpg 768w\" sizes=\"auto, (max-width: 676px) 100vw, 676px\" \/><\/a>\n\t\t\t<\/dt><\/dl><br style=\"clear: both\" \/>\n\t\t<\/div>\n\n","protected":false},"excerpt":{"rendered":"<p>Objetivo Desenvolver projetos inovadores que visam o desenvolvimento de produtos na \u00e1rea de produ\u00e7\u00e3o de ruminantes, quer sejam relacionados a nutri\u00e7\u00e3o, metabolismo, imunidade ou outros. Este laborat\u00f3rio possui uma abordagem sobre o vi\u00e9s inovador das pesquisas desenvolvidas e prop\u00f5e o&#8230; <a class=\"more-link\" href=\"https:\/\/wp.ufpel.edu.br\/ppgz\/inovacao-em-ruminantes\">Continue lendo &rarr;<\/a><\/p>\n","protected":false},"author":809,"featured_media":0,"parent":0,"menu_order":0,"comment_status":"closed","ping_status":"closed","template":"","meta":{"footnotes":""},"class_list":["post-1631","page","type-page","status-publish","hentry"],"_links":{"self":[{"href":"https:\/\/wp.ufpel.edu.br\/ppgz\/wp-json\/wp\/v2\/pages\/1631","targetHints":{"allow":["GET"]}}],"collection":[{"href":"https:\/\/wp.ufpel.edu.br\/ppgz\/wp-json\/wp\/v2\/pages"}],"about":[{"href":"https:\/\/wp.ufpel.edu.br\/ppgz\/wp-json\/wp\/v2\/types\/page"}],"author":[{"embeddable":true,"href":"https:\/\/wp.ufpel.edu.br\/ppgz\/wp-json\/wp\/v2\/users\/809"}],"replies":[{"embeddable":true,"href":"https:\/\/wp.ufpel.edu.br\/ppgz\/wp-json\/wp\/v2\/comments?post=1631"}],"version-history":[{"count":1,"href":"https:\/\/wp.ufpel.edu.br\/ppgz\/wp-json\/wp\/v2\/pages\/1631\/revisions"}],"predecessor-version":[{"id":1635,"href":"https:\/\/wp.ufpel.edu.br\/ppgz\/wp-json\/wp\/v2\/pages\/1631\/revisions\/1635"}],"wp:attachment":[{"href":"https:\/\/wp.ufpel.edu.br\/ppgz\/wp-json\/wp\/v2\/media?parent=1631"}],"curies":[{"name":"wp","href":"https:\/\/api.w.org\/{rel}","templated":true}]}}