{"id":1615,"date":"2021-03-05T19:29:45","date_gmt":"2021-03-05T22:29:45","guid":{"rendered":"https:\/\/wp.ufpel.edu.br\/ppgz\/?page_id=1615"},"modified":"2023-08-07T14:36:05","modified_gmt":"2023-08-07T17:36:05","slug":"tutorial-para-encaminhamento-de-exame-de-qualificacao-e-defesas-de-dissertacao-e-tese","status":"publish","type":"page","link":"https:\/\/wp.ufpel.edu.br\/ppgz\/tutorial-para-encaminhamento-de-exame-de-qualificacao-e-defesas-de-dissertacao-e-tese","title":{"rendered":"Encaminhamento de exame de qualifica\u00e7\u00e3o, defesas e vers\u00e3o final"},"content":{"rendered":"<p><a href=\"https:\/\/wp.ufpel.edu.br\/ppgz\/files\/2021\/03\/TUTORIAL-PARA-ENCAMINHAMENTO-DE-EXAME-DE-QUALIFICACAO-E-DE-DEFESAS-DE-DISSERTACAO-E-TESE-1.pdf\" target=\"_blank\" rel=\"noopener noreferrer\">Tutorial para encaminhamento de exame de qualifica\u00e7\u00e3o e de defesas de disserta\u00e7\u00e3o e tese<\/a><\/p>\n<p><a href=\"https:\/\/wp.ufpel.edu.br\/ppgz\/files\/2023\/07\/Orientacoes-para-a-entrega-da-versao-definitiva-da-Dissertacao-Tese.pdf\">Orienta\u00e7\u00f5es para a entrega da vers\u00e3o definitiva da Disserta\u00e7\u00e3o \/ Tese<\/a><\/p>\n","protected":false},"excerpt":{"rendered":"<p>Tutorial para encaminhamento de exame de qualifica\u00e7\u00e3o e de defesas de disserta\u00e7\u00e3o e tese Orienta\u00e7\u00f5es para a entrega da vers\u00e3o definitiva da Disserta\u00e7\u00e3o \/ Tese<\/p>\n","protected":false},"author":809,"featured_media":0,"parent":0,"menu_order":0,"comment_status":"closed","ping_status":"closed","template":"","meta":{"footnotes":""},"class_list":["post-1615","page","type-page","status-publish","hentry"],"_links":{"self":[{"href":"https:\/\/wp.ufpel.edu.br\/ppgz\/wp-json\/wp\/v2\/pages\/1615","targetHints":{"allow":["GET"]}}],"collection":[{"href":"https:\/\/wp.ufpel.edu.br\/ppgz\/wp-json\/wp\/v2\/pages"}],"about":[{"href":"https:\/\/wp.ufpel.edu.br\/ppgz\/wp-json\/wp\/v2\/types\/page"}],"author":[{"embeddable":true,"href":"https:\/\/wp.ufpel.edu.br\/ppgz\/wp-json\/wp\/v2\/users\/809"}],"replies":[{"embeddable":true,"href":"https:\/\/wp.ufpel.edu.br\/ppgz\/wp-json\/wp\/v2\/comments?post=1615"}],"version-history":[{"count":9,"href":"https:\/\/wp.ufpel.edu.br\/ppgz\/wp-json\/wp\/v2\/pages\/1615\/revisions"}],"predecessor-version":[{"id":2018,"href":"https:\/\/wp.ufpel.edu.br\/ppgz\/wp-json\/wp\/v2\/pages\/1615\/revisions\/2018"}],"wp:attachment":[{"href":"https:\/\/wp.ufpel.edu.br\/ppgz\/wp-json\/wp\/v2\/media?parent=1615"}],"curies":[{"name":"wp","href":"https:\/\/api.w.org\/{rel}","templated":true}]}}