{"id":1449,"date":"2021-02-14T21:42:41","date_gmt":"2021-02-15T00:42:41","guid":{"rendered":"https:\/\/wp.ufpel.edu.br\/ppgz\/?page_id=1449"},"modified":"2021-02-14T21:42:41","modified_gmt":"2021-02-15T00:42:41","slug":"intercambios-nacionais","status":"publish","type":"page","link":"https:\/\/wp.ufpel.edu.br\/ppgz\/intercambios-nacionais","title":{"rendered":"Interc\u00e2mbios Nacionais"},"content":{"rendered":"<p>O PPGZ demonstra interc\u00e2mbio nacional com diferentes entidades p\u00fablicas ou privadas que demonstram interesse no desenvolvimento de pesquisas na \u00e1rea de produ\u00e7\u00e3o animal. As iniciativas destas entidades em conjunto se traduzem por projetos de pesquisas realizados em diferentes infraestruturas e m\u00e3o-de-obra, utiliza\u00e7\u00e3o de banco de dados (em associa\u00e7\u00f5es de criadores).<br \/>\nEm determinadas circunst\u00e2ncias h\u00e1 possibilidade, bem como o PPGZ vem estimulando estas iniciativas, do direcionamento de pesquisas de acordo com demandas espec\u00edficas do setor privado. Com isso existe a possibilidade maior de apoio financeiro por aquelas entidades \u00e0s pesquisas e tamb\u00e9m por um aumento da inser\u00e7\u00e3o dos egressos do Programa nas empresas parceiras.<br \/>\nOs conv\u00eanios e interc\u00e2mbios com entidades p\u00fablicas nacionais vinculadas ou n\u00e3o \u00e0 pesquisa ocorrem nas diferentes atua\u00e7\u00f5es do Programa. Entidades como Embrapa, Secretarias de Agricultura e Prefeituras participam especificamente de acordo com seus interesses em projetos de pesquisa que visam a aplica\u00e7\u00e3o direta dos resultados de pesquisas geradas no PPGZ no campo pr\u00e1tico e adequa\u00e7\u00e3o imediata destas novas tecnologias. Em especial a Embrapa possui hist\u00f3rico de coopera\u00e7\u00e3o com o PPGZ na participa\u00e7\u00e3o da forma\u00e7\u00e3o de seus alunos, bem como diretamente em intera\u00e7\u00f5es de pesquisa conjunta com o Programa. Nos \u00faltimos anos o PPGZ conta com dois pesquisadores da empresa em seu quadro docente atuando diretamente na orienta\u00e7\u00e3o de alunos de p\u00f3s-gradua\u00e7\u00e3o e gradua\u00e7\u00e3o, propiciando a participa\u00e7\u00e3o em editais espec\u00edficos e fomento \u00e0 pesquisa que de forma conjunta contemplam as \u00e1reas de interesse do Programa.<br \/>\nO PPGZ tem s\u00f3lida parceria com a EMBRAPA. Nos \u00faltimo ano seis projetos (mestrado e douotrado) foram executados e tiveram sua finaliza\u00e7\u00e3o com consequente defesa de tese ou disserta\u00e7\u00e3o dentro desta coopera\u00e7\u00e3o. Neste sentido, estudantes do Programa reaizara suas pesquisas de campo utilizando a estrutura da EMBRAPA su\u00ednos e aves, pecu\u00e1ria sul e clima temperado. Com isso, pesquisadores daquela institui\u00e7\u00e3o orientam e co-orientam estudantes do PPGZ, bem como ministram parte de disciplinas da p\u00f3s-gradua\u00e7\u00e3o, como tamb\u00e9m possibilitam a execu\u00e7\u00e3o de est\u00e1gios e viv\u00eancia de forma\u00e7\u00e3o de alunos da gradua\u00e7\u00e3o da nossa universidade atrav\u00e9s destes projetos em conjunto.<br \/>\nEm 2018 foi consolidado o conv\u00eanio e parceria m\u00fatua entre a UFPel (PPGZ) e a EMBRAPA Su\u00ednos e Aves com sede em Conc\u00f3rdia &#8211; SC. Deste modo, h\u00e1 possibildiades de maior incremento e participa\u00e7\u00e3o em projetos conjutos entre as duas entidades, realiza\u00e7\u00e3o de experimentos e utiliza\u00e7\u00e3o das demais estruturas daquela institui\u00e7\u00e3o de pesquisa, bem como a realiza\u00e7\u00e3o de est\u00e1gios dos p\u00f3s-graduandos do programa e graduandos vinculados aos projetos de pesquisa.<\/p>\n","protected":false},"excerpt":{"rendered":"<p>O PPGZ demonstra interc\u00e2mbio nacional com diferentes entidades p\u00fablicas ou privadas que demonstram interesse no desenvolvimento de pesquisas na \u00e1rea de produ\u00e7\u00e3o animal. As iniciativas destas entidades em conjunto se traduzem por projetos de pesquisas realizados em diferentes infraestruturas e&#8230; <a class=\"more-link\" href=\"https:\/\/wp.ufpel.edu.br\/ppgz\/intercambios-nacionais\">Continue lendo &rarr;<\/a><\/p>\n","protected":false},"author":809,"featured_media":0,"parent":0,"menu_order":0,"comment_status":"closed","ping_status":"closed","template":"","meta":{"footnotes":""},"class_list":["post-1449","page","type-page","status-publish","hentry"],"_links":{"self":[{"href":"https:\/\/wp.ufpel.edu.br\/ppgz\/wp-json\/wp\/v2\/pages\/1449","targetHints":{"allow":["GET"]}}],"collection":[{"href":"https:\/\/wp.ufpel.edu.br\/ppgz\/wp-json\/wp\/v2\/pages"}],"about":[{"href":"https:\/\/wp.ufpel.edu.br\/ppgz\/wp-json\/wp\/v2\/types\/page"}],"author":[{"embeddable":true,"href":"https:\/\/wp.ufpel.edu.br\/ppgz\/wp-json\/wp\/v2\/users\/809"}],"replies":[{"embeddable":true,"href":"https:\/\/wp.ufpel.edu.br\/ppgz\/wp-json\/wp\/v2\/comments?post=1449"}],"version-history":[{"count":1,"href":"https:\/\/wp.ufpel.edu.br\/ppgz\/wp-json\/wp\/v2\/pages\/1449\/revisions"}],"predecessor-version":[{"id":1451,"href":"https:\/\/wp.ufpel.edu.br\/ppgz\/wp-json\/wp\/v2\/pages\/1449\/revisions\/1451"}],"wp:attachment":[{"href":"https:\/\/wp.ufpel.edu.br\/ppgz\/wp-json\/wp\/v2\/media?parent=1449"}],"curies":[{"name":"wp","href":"https:\/\/api.w.org\/{rel}","templated":true}]}}