{"id":1351,"date":"2021-02-08T09:48:36","date_gmt":"2021-02-08T12:48:36","guid":{"rendered":"https:\/\/wp.ufpel.edu.br\/ppgz\/?page_id=1351"},"modified":"2023-11-20T13:46:50","modified_gmt":"2023-11-20T16:46:50","slug":"2020-3","status":"publish","type":"page","link":"https:\/\/wp.ufpel.edu.br\/ppgz\/2020-3","title":{"rendered":"2020"},"content":{"rendered":"<ol>\n<li><a href=\"https:\/\/wp.ufpel.edu.br\/ppgz\/files\/2021\/02\/Carne-ovina-Perfil-de-consumo-frente-ao-bem-estar-animal.pdf\" target=\"_blank\" rel=\"noopener noreferrer\">Carne ovina Perfil de consumo frente ao bem-estar animal<\/a><\/li>\n<li><a href=\"https:\/\/wp.ufpel.edu.br\/ppgz\/files\/2021\/02\/Desempenho-de-bovinos-de-corte-confinados-com-diferentes-niveis-de-inclusao-de-silagem-de-trigo-em-substituicao-a-silagem-de-milho-na-dieta.pdf\" target=\"_blank\" rel=\"noopener noreferrer\">Desempenho de bovinos de corte confinados com diferentes n\u00edveis de inclus\u00e3o de silagem de trigo em substitui\u00e7\u00e3o a silagem de milho na dieta<\/a><\/li>\n<li><a href=\"https:\/\/wp.ufpel.edu.br\/ppgz\/files\/2021\/02\/Desempenho-e-parasitismo-de-ovinos-submetidos-a-sistemas-de-alimentacao-em-amendoim-forrageiro-Arachis-pintoi.pdf\" target=\"_blank\" rel=\"noopener noreferrer\">Desempenho e parasitismo de ovinos submetidos a sistemas de alimenta\u00e7\u00e3o em amendoim forrageiro (Arachis pintoi)<\/a><\/li>\n<li><a href=\"https:\/\/wp.ufpel.edu.br\/ppgz\/files\/2021\/02\/Dinamica-floristica-do-campo-nativo-na-zona-de-amortecimento-do-taim-apos-adubacao.pdf\" target=\"_blank\" rel=\"noopener noreferrer\">Din\u00e2mica flor\u00edstica do campo nativo na zona de amortecimento do taim ap\u00f3s aduba\u00e7\u00e3o<\/a><\/li>\n<li><a href=\"https:\/\/wp.ufpel.edu.br\/ppgz\/files\/2021\/02\/Efeito-do-desafio-com-lipopolissacarideo-sobre-o-comportamento-e-desempenho-de-bovinos.pdf\" target=\"_blank\" rel=\"noopener noreferrer\">Efeito do desafio com lipopolissacar\u00eddeo sobre o comportamento e desempenho de bovinos<\/a><\/li>\n<li><a href=\"https:\/\/guaiaca.ufpel.edu.br\/handle\/prefix\/10587\" target=\"_blank\" rel=\"noopener noreferrer\">Enzimas relacionadas ao estresse oxidativo ap\u00f3s desafio com endotoxina ex\u00f3gena<\/a><\/li>\n<li><a href=\"https:\/\/wp.ufpel.edu.br\/ppgz\/files\/2021\/02\/Farinha-de-samambaia-dagua-Azolla-filiculoides-na-dieta-de-codornas-japonesas.pdf\" target=\"_blank\" rel=\"noopener noreferrer\">Farinha de samambaia d\u2019\u00e1gua (Azolla filiculoides) na dieta de codornas japonesas<\/a><\/li>\n<li><a href=\"https:\/\/wp.ufpel.edu.br\/ppgz\/files\/2021\/02\/Indicadores-de-desempenho-produtivo-de-vacas-de-corte-e-seus-bezerros.pdf\" target=\"_blank\" rel=\"noopener noreferrer\">Indicadores de desempenho produtivo de vacas de corte e seus bezerros<\/a><\/li>\n<li><a href=\"https:\/\/wp.ufpel.edu.br\/ppgz\/files\/2021\/02\/Morfologia-macroscopica-e-histologica-do-coxim-digital-de-equinos-e-sua-associacao-com-a-espessura-de-gordura-subcutanea.pdf\" target=\"_blank\" rel=\"noopener noreferrer\">Morfologia macrosc\u00f3pica e histol\u00f3gica do coxim digital de equinos e sua associa\u00e7\u00e3o com a espessura de gordura subcut\u00e2nea<\/a><\/li>\n<li><a href=\"https:\/\/wp.ufpel.edu.br\/ppgz\/files\/2021\/02\/Padrao-comportamental-do-cortisol-plasmatico-em-potros-da-raca-Quarto-de-Milha-ao-desmame.pdf\" target=\"_blank\" rel=\"noopener noreferrer\">Padr\u00e3o comportamental do cortisol plasm\u00e1tico em potros da ra\u00e7a Quarto de Milha ao desmame<\/a><\/li>\n<li><a href=\"https:\/\/wp.ufpel.edu.br\/ppgz\/files\/2021\/02\/Parametros-geneticos-de-peso-ao-nascimento-de-ovinos-criados-no-Rio-Grande-do-Sul.pdf\" target=\"_blank\" rel=\"noopener noreferrer\">Par\u00e2metros gen\u00e9ticos de peso ao nascimento de ovinos criados no Rio Grande do Sul<\/a><\/li>\n<li><a href=\"https:\/\/wp.ufpel.edu.br\/ppgz\/files\/2021\/02\/Suplementacao-com-enzimas-fibroliticas-em-vacas-lactantes-e-sua-acao-no-comportamento-alimentar.pdf\" target=\"_blank\" rel=\"noopener noreferrer\">Suplementa\u00e7\u00e3o com enzimas fibrol\u00edticas em vacas lactantes e sua a\u00e7\u00e3o no comportamento alimentar<\/a><\/li>\n<li><a href=\"https:\/\/wp.ufpel.edu.br\/ppgz\/files\/2021\/02\/Uso-do-perfil-de-ruminacao-por-sensores-de-coleira-para-diagnostico-de-mastite-em-vacas-leiteiras.pdf\" target=\"_blank\" rel=\"noopener noreferrer\">Uso do perfil de rumina\u00e7\u00e3o por sensores de coleira para diagn\u00f3stico de mastite em vacas leiteiras<\/a><\/li>\n<\/ol>\n","protected":false},"excerpt":{"rendered":"<p>Carne ovina Perfil de consumo frente ao bem-estar animal Desempenho de bovinos de corte confinados com diferentes n\u00edveis de inclus\u00e3o de silagem de trigo em substitui\u00e7\u00e3o a silagem de milho na dieta Desempenho e parasitismo de ovinos submetidos a sistemas&#8230; <a class=\"more-link\" href=\"https:\/\/wp.ufpel.edu.br\/ppgz\/2020-3\">Continue lendo &rarr;<\/a><\/p>\n","protected":false},"author":809,"featured_media":0,"parent":0,"menu_order":0,"comment_status":"closed","ping_status":"closed","template":"","meta":{"footnotes":""},"class_list":["post-1351","page","type-page","status-publish","hentry"],"_links":{"self":[{"href":"https:\/\/wp.ufpel.edu.br\/ppgz\/wp-json\/wp\/v2\/pages\/1351","targetHints":{"allow":["GET"]}}],"collection":[{"href":"https:\/\/wp.ufpel.edu.br\/ppgz\/wp-json\/wp\/v2\/pages"}],"about":[{"href":"https:\/\/wp.ufpel.edu.br\/ppgz\/wp-json\/wp\/v2\/types\/page"}],"author":[{"embeddable":true,"href":"https:\/\/wp.ufpel.edu.br\/ppgz\/wp-json\/wp\/v2\/users\/809"}],"replies":[{"embeddable":true,"href":"https:\/\/wp.ufpel.edu.br\/ppgz\/wp-json\/wp\/v2\/comments?post=1351"}],"version-history":[{"count":3,"href":"https:\/\/wp.ufpel.edu.br\/ppgz\/wp-json\/wp\/v2\/pages\/1351\/revisions"}],"predecessor-version":[{"id":2035,"href":"https:\/\/wp.ufpel.edu.br\/ppgz\/wp-json\/wp\/v2\/pages\/1351\/revisions\/2035"}],"wp:attachment":[{"href":"https:\/\/wp.ufpel.edu.br\/ppgz\/wp-json\/wp\/v2\/media?parent=1351"}],"curies":[{"name":"wp","href":"https:\/\/api.w.org\/{rel}","templated":true}]}}