{"id":1257,"date":"2021-01-15T21:19:42","date_gmt":"2021-01-16T00:19:42","guid":{"rendered":"https:\/\/wp.ufpel.edu.br\/ppgz\/?page_id=1257"},"modified":"2021-02-14T15:41:56","modified_gmt":"2021-02-14T18:41:56","slug":"laboratorio-de-pastagens","status":"publish","type":"page","link":"https:\/\/wp.ufpel.edu.br\/ppgz\/laboratorio-de-pastagens","title":{"rendered":"Pastagens"},"content":{"rendered":"<p><strong>Objetivo:<\/strong><\/p>\n<p>O laborat\u00f3rio de pastagens tem por objetivo dar suporte as atividades de ensino, pesquisa e extens\u00e3o das \u00e1reas de Forragicultura e Produ\u00e7\u00e3o de Ruminantes, atendendo aos cursos de gradua\u00e7\u00e3o em Agronomia (FAEM), Zootecnia (FAEM) e Medicina Veterin\u00e1ria (FV), bem como ao programa de P\u00f3s-gradua\u00e7\u00e3o em Zootecnia (PPGZ). Deste modo, serve de apoio para o desenvolvimento de trabalhos de conclus\u00e3o de curso de gradua\u00e7\u00e3o, de inicia\u00e7\u00e3o cient\u00edfica e de disserta\u00e7\u00f5es e teses.<\/p>\n\n\t\t<style type=\"text\/css\">\n\t\t\t#gallery-1 {\n\t\t\t\tmargin: auto;\n\t\t\t}\n\t\t\t#gallery-1 .gallery-item {\n\t\t\t\tfloat: left;\n\t\t\t\tmargin-top: 10px;\n\t\t\t\ttext-align: center;\n\t\t\t\twidth: 50%;\n\t\t\t}\n\t\t\t#gallery-1 img {\n\t\t\t\tborder: 2px solid #cfcfcf;\n\t\t\t}\n\t\t\t#gallery-1 .gallery-caption {\n\t\t\t\tmargin-left: 0;\n\t\t\t}\n\t\t\t\/* see gallery_shortcode() in wp-includes\/media.php *\/\n\t\t<\/style>\n\t\t<div id='gallery-1' class='gallery galleryid-1257 gallery-columns-2 gallery-size-medium'><dl class='gallery-item'>\n\t\t\t<dt class='gallery-icon landscape'>\n\t\t\t\t<a href='https:\/\/wp.ufpel.edu.br\/ppgz\/laboratorio-de-pastagens\/attachment\/1'><img loading=\"lazy\" decoding=\"async\" width=\"400\" height=\"300\" src=\"https:\/\/wp.ufpel.edu.br\/ppgz\/files\/2021\/02\/1-400x300.jpg\" class=\"attachment-medium size-medium\" alt=\"\" aria-describedby=\"gallery-1-1395\" srcset=\"https:\/\/wp.ufpel.edu.br\/ppgz\/files\/2021\/02\/1-400x300.jpg 400w, https:\/\/wp.ufpel.edu.br\/ppgz\/files\/2021\/02\/1.jpg 614w\" sizes=\"auto, (max-width: 400px) 100vw, 400px\" \/><\/a>\n\t\t\t<\/dt>\n\t\t\t\t<dd class='wp-caption-text gallery-caption' id='gallery-1-1395'>\n\t\t\t\tGaiolas de exclus\u00e3o do pastejo\n\t\t\t\t<\/dd><\/dl><dl class='gallery-item'>\n\t\t\t<dt class='gallery-icon landscape'>\n\t\t\t\t<a href='https:\/\/wp.ufpel.edu.br\/ppgz\/laboratorio-de-pastagens\/attachment\/2'><img loading=\"lazy\" decoding=\"async\" width=\"400\" height=\"299\" src=\"https:\/\/wp.ufpel.edu.br\/ppgz\/files\/2021\/02\/2-400x299.jpg\" class=\"attachment-medium size-medium\" alt=\"\" aria-describedby=\"gallery-1-1396\" srcset=\"https:\/\/wp.ufpel.edu.br\/ppgz\/files\/2021\/02\/2-400x299.jpg 400w, https:\/\/wp.ufpel.edu.br\/ppgz\/files\/2021\/02\/2-1024x765.jpg 1024w, https:\/\/wp.ufpel.edu.br\/ppgz\/files\/2021\/02\/2-768x573.jpg 768w, https:\/\/wp.ufpel.edu.br\/ppgz\/files\/2021\/02\/2.jpg 1263w\" sizes=\"auto, (max-width: 400px) 100vw, 400px\" \/><\/a>\n\t\t\t<\/dt>\n\t\t\t\t<dd class='wp-caption-text gallery-caption' id='gallery-1-1396'>\n\t\t\t\tGaiolas de exclus\u00e3o do pastejo\n\t\t\t\t<\/dd><\/dl><br style=\"clear: both\" \/><dl class='gallery-item'>\n\t\t\t<dt class='gallery-icon landscape'>\n\t\t\t\t<a href='https:\/\/wp.ufpel.edu.br\/ppgz\/laboratorio-de-pastagens\/attachment\/3'><img loading=\"lazy\" decoding=\"async\" width=\"400\" height=\"299\" src=\"https:\/\/wp.ufpel.edu.br\/ppgz\/files\/2021\/02\/3-400x299.jpg\" class=\"attachment-medium size-medium\" alt=\"\" aria-describedby=\"gallery-1-1397\" srcset=\"https:\/\/wp.ufpel.edu.br\/ppgz\/files\/2021\/02\/3-400x299.jpg 400w, https:\/\/wp.ufpel.edu.br\/ppgz\/files\/2021\/02\/3.jpg 441w\" sizes=\"auto, (max-width: 400px) 100vw, 400px\" \/><\/a>\n\t\t\t<\/dt>\n\t\t\t\t<dd class='wp-caption-text gallery-caption' id='gallery-1-1397'>\n\t\t\t\tSunScan Canopy  Analysis System\u00ae\n\t\t\t\t<\/dd><\/dl><dl class='gallery-item'>\n\t\t\t<dt class='gallery-icon landscape'>\n\t\t\t\t<a href='https:\/\/wp.ufpel.edu.br\/ppgz\/laboratorio-de-pastagens\/attachment\/4'><img loading=\"lazy\" decoding=\"async\" width=\"400\" height=\"300\" src=\"https:\/\/wp.ufpel.edu.br\/ppgz\/files\/2021\/02\/4-400x300.jpg\" class=\"attachment-medium size-medium\" alt=\"\" aria-describedby=\"gallery-1-1398\" srcset=\"https:\/\/wp.ufpel.edu.br\/ppgz\/files\/2021\/02\/4-400x300.jpg 400w, https:\/\/wp.ufpel.edu.br\/ppgz\/files\/2021\/02\/4.jpg 443w\" sizes=\"auto, (max-width: 400px) 100vw, 400px\" \/><\/a>\n\t\t\t<\/dt>\n\t\t\t\t<dd class='wp-caption-text gallery-caption' id='gallery-1-1398'>\n\t\t\t\tSunScan Canopy  Analysis System\u00ae\n\t\t\t\t<\/dd><\/dl><br style=\"clear: both\" \/><dl class='gallery-item'>\n\t\t\t<dt class='gallery-icon landscape'>\n\t\t\t\t<a href='https:\/\/wp.ufpel.edu.br\/ppgz\/laboratorio-de-pastagens\/attachment\/5'><img loading=\"lazy\" decoding=\"async\" width=\"400\" height=\"241\" src=\"https:\/\/wp.ufpel.edu.br\/ppgz\/files\/2021\/02\/5-400x241.jpg\" class=\"attachment-medium size-medium\" alt=\"\" aria-describedby=\"gallery-1-1399\" srcset=\"https:\/\/wp.ufpel.edu.br\/ppgz\/files\/2021\/02\/5-400x241.jpg 400w, https:\/\/wp.ufpel.edu.br\/ppgz\/files\/2021\/02\/5.jpg 466w\" sizes=\"auto, (max-width: 400px) 100vw, 400px\" \/><\/a>\n\t\t\t<\/dt>\n\t\t\t\t<dd class='wp-caption-text gallery-caption' id='gallery-1-1399'>\n\t\t\t\tSunScan Canopy  Analysis System\u00ae\n\t\t\t\t<\/dd><\/dl><dl class='gallery-item'>\n\t\t\t<dt class='gallery-icon landscape'>\n\t\t\t\t<a href='https:\/\/wp.ufpel.edu.br\/ppgz\/laboratorio-de-pastagens\/attachment\/6'><img loading=\"lazy\" decoding=\"async\" width=\"400\" height=\"300\" src=\"https:\/\/wp.ufpel.edu.br\/ppgz\/files\/2021\/02\/6-400x300.jpg\" class=\"attachment-medium size-medium\" alt=\"\" aria-describedby=\"gallery-1-1400\" srcset=\"https:\/\/wp.ufpel.edu.br\/ppgz\/files\/2021\/02\/6-400x300.jpg 400w, https:\/\/wp.ufpel.edu.br\/ppgz\/files\/2021\/02\/6-768x576.jpg 768w, https:\/\/wp.ufpel.edu.br\/ppgz\/files\/2021\/02\/6.jpg 960w\" sizes=\"auto, (max-width: 400px) 100vw, 400px\" \/><\/a>\n\t\t\t<\/dt>\n\t\t\t\t<dd class='wp-caption-text gallery-caption' id='gallery-1-1400'>\n\t\t\t\tRising Meter Plate\n\t\t\t\t<\/dd><\/dl><br style=\"clear: both\" \/><dl class='gallery-item'>\n\t\t\t<dt class='gallery-icon portrait'>\n\t\t\t\t<a href='https:\/\/wp.ufpel.edu.br\/ppgz\/laboratorio-de-pastagens\/attachment\/7'><img loading=\"lazy\" decoding=\"async\" width=\"225\" height=\"400\" src=\"https:\/\/wp.ufpel.edu.br\/ppgz\/files\/2021\/02\/7-225x400.jpg\" class=\"attachment-medium size-medium\" alt=\"\" aria-describedby=\"gallery-1-1401\" srcset=\"https:\/\/wp.ufpel.edu.br\/ppgz\/files\/2021\/02\/7-225x400.jpg 225w, https:\/\/wp.ufpel.edu.br\/ppgz\/files\/2021\/02\/7.jpg 335w\" sizes=\"auto, (max-width: 225px) 100vw, 225px\" \/><\/a>\n\t\t\t<\/dt>\n\t\t\t\t<dd class='wp-caption-text gallery-caption' id='gallery-1-1401'>\n\t\t\t\tCasa de vegeta\u00e7\u00e3o\n\t\t\t\t<\/dd><\/dl><dl class='gallery-item'>\n\t\t\t<dt class='gallery-icon landscape'>\n\t\t\t\t<a href='https:\/\/wp.ufpel.edu.br\/ppgz\/laboratorio-de-pastagens\/attachment\/8'><img loading=\"lazy\" decoding=\"async\" width=\"400\" height=\"300\" src=\"https:\/\/wp.ufpel.edu.br\/ppgz\/files\/2021\/02\/8-400x300.jpg\" class=\"attachment-medium size-medium\" alt=\"\" aria-describedby=\"gallery-1-1402\" srcset=\"https:\/\/wp.ufpel.edu.br\/ppgz\/files\/2021\/02\/8-400x300.jpg 400w, https:\/\/wp.ufpel.edu.br\/ppgz\/files\/2021\/02\/8.jpg 456w\" sizes=\"auto, (max-width: 400px) 100vw, 400px\" \/><\/a>\n\t\t\t<\/dt>\n\t\t\t\t<dd class='wp-caption-text gallery-caption' id='gallery-1-1402'>\n\t\t\t\tCasa de vegeta\u00e7\u00e3o\n\t\t\t\t<\/dd><\/dl><br style=\"clear: both\" \/><dl class='gallery-item'>\n\t\t\t<dt class='gallery-icon landscape'>\n\t\t\t\t<a href='https:\/\/wp.ufpel.edu.br\/ppgz\/laboratorio-de-pastagens\/attachment\/9'><img loading=\"lazy\" decoding=\"async\" width=\"400\" height=\"225\" src=\"https:\/\/wp.ufpel.edu.br\/ppgz\/files\/2021\/02\/9-400x225.jpg\" class=\"attachment-medium size-medium\" alt=\"\" aria-describedby=\"gallery-1-1403\" srcset=\"https:\/\/wp.ufpel.edu.br\/ppgz\/files\/2021\/02\/9-400x225.jpg 400w, https:\/\/wp.ufpel.edu.br\/ppgz\/files\/2021\/02\/9.jpg 682w\" sizes=\"auto, (max-width: 400px) 100vw, 400px\" \/><\/a>\n\t\t\t<\/dt>\n\t\t\t\t<dd class='wp-caption-text gallery-caption' id='gallery-1-1403'>\n\t\t\t\tMoinhos\n\t\t\t\t<\/dd><\/dl><dl class='gallery-item'>\n\t\t\t<dt class='gallery-icon landscape'>\n\t\t\t\t<a href='https:\/\/wp.ufpel.edu.br\/ppgz\/laboratorio-de-pastagens\/attachment\/10'><img loading=\"lazy\" decoding=\"async\" width=\"400\" height=\"225\" src=\"https:\/\/wp.ufpel.edu.br\/ppgz\/files\/2021\/02\/10-400x225.jpg\" class=\"attachment-medium size-medium\" alt=\"\" aria-describedby=\"gallery-1-1404\" srcset=\"https:\/\/wp.ufpel.edu.br\/ppgz\/files\/2021\/02\/10-400x225.jpg 400w, https:\/\/wp.ufpel.edu.br\/ppgz\/files\/2021\/02\/10.jpg 617w\" sizes=\"auto, (max-width: 400px) 100vw, 400px\" \/><\/a>\n\t\t\t<\/dt>\n\t\t\t\t<dd class='wp-caption-text gallery-caption' id='gallery-1-1404'>\n\t\t\t\tEstufas de secagem ventila\u00e7\u00e3o for\u00e7ada\n\t\t\t\t<\/dd><\/dl><br style=\"clear: both\" \/>\n\t\t<\/div>\n\n<p><strong>Resumo dos equipamentos<\/strong><\/p>\n<p>Estufas de secagem com ventila\u00e7\u00e3o for\u00e7ada, moinhos el\u00e9tricos, balan\u00e7as de precis\u00e3o, gaiolas de exclus\u00e3o de pastejo, computador com <em>scanner<\/em> e software determinador de \u00e1rea foliar, <em>rising meter plate<\/em>, sward stick, determinador de radia\u00e7\u00e3o fotossinteticamente ativa &#8211; <em>SunScan<\/em> <em>Canopy\u00a0 Analysis System<sup>\u00ae<\/sup><\/em> e casa de vegeta\u00e7\u00e3o para trabalhos em ambiente controlado em vasos.<\/p>\n<p>&nbsp;<\/p>\n<p>&nbsp;<\/p>\n","protected":false},"excerpt":{"rendered":"<p>Objetivo: O laborat\u00f3rio de pastagens tem por objetivo dar suporte as atividades de ensino, pesquisa e extens\u00e3o das \u00e1reas de Forragicultura e Produ\u00e7\u00e3o de Ruminantes, atendendo aos cursos de gradua\u00e7\u00e3o em Agronomia (FAEM), Zootecnia (FAEM) e Medicina Veterin\u00e1ria (FV), bem&#8230; <a class=\"more-link\" href=\"https:\/\/wp.ufpel.edu.br\/ppgz\/laboratorio-de-pastagens\">Continue lendo &rarr;<\/a><\/p>\n","protected":false},"author":809,"featured_media":0,"parent":0,"menu_order":0,"comment_status":"closed","ping_status":"closed","template":"","meta":{"footnotes":""},"class_list":["post-1257","page","type-page","status-publish","hentry"],"_links":{"self":[{"href":"https:\/\/wp.ufpel.edu.br\/ppgz\/wp-json\/wp\/v2\/pages\/1257","targetHints":{"allow":["GET"]}}],"collection":[{"href":"https:\/\/wp.ufpel.edu.br\/ppgz\/wp-json\/wp\/v2\/pages"}],"about":[{"href":"https:\/\/wp.ufpel.edu.br\/ppgz\/wp-json\/wp\/v2\/types\/page"}],"author":[{"embeddable":true,"href":"https:\/\/wp.ufpel.edu.br\/ppgz\/wp-json\/wp\/v2\/users\/809"}],"replies":[{"embeddable":true,"href":"https:\/\/wp.ufpel.edu.br\/ppgz\/wp-json\/wp\/v2\/comments?post=1257"}],"version-history":[{"count":5,"href":"https:\/\/wp.ufpel.edu.br\/ppgz\/wp-json\/wp\/v2\/pages\/1257\/revisions"}],"predecessor-version":[{"id":1406,"href":"https:\/\/wp.ufpel.edu.br\/ppgz\/wp-json\/wp\/v2\/pages\/1257\/revisions\/1406"}],"wp:attachment":[{"href":"https:\/\/wp.ufpel.edu.br\/ppgz\/wp-json\/wp\/v2\/media?parent=1257"}],"curies":[{"name":"wp","href":"https:\/\/api.w.org\/{rel}","templated":true}]}}