{"id":1009,"date":"2021-01-14T20:52:37","date_gmt":"2021-01-14T23:52:37","guid":{"rendered":"https:\/\/wp.ufpel.edu.br\/ppgz\/?page_id=1009"},"modified":"2021-01-15T17:58:13","modified_gmt":"2021-01-15T20:58:13","slug":"2013-3","status":"publish","type":"page","link":"https:\/\/wp.ufpel.edu.br\/ppgz\/2013-3","title":{"rendered":"2013"},"content":{"rendered":"<ol>\n<li><a href=\"https:\/\/wp.ufpel.edu.br\/ppgz\/files\/2021\/01\/Avaliacao-na-producao-e-qualidade-de-ovos-em-duas-geracoes-sucessivas-de-codornas-de-corte-alimentadas-com-racoes-contendo-diferentes-niveis-de-lisina.pdf\" target=\"_blank\" rel=\"noopener noreferrer\">Avalia\u00e7\u00e3o na produ\u00e7\u00e3o e qualidade de ovos em duas gera\u00e7\u00f5es sucessivas de codornas de corte alimentadas com ra\u00e7\u00f5es contendo diferentes n\u00edveis de lisina<\/a><\/li>\n<li><a href=\"https:\/\/wp.ufpel.edu.br\/ppgz\/files\/2021\/01\/Biologia-reprodutiva-da-viola-Loricariichthys-anus-no-reservatorio-do-Chasqueiro-Arroio-Grande-RS.pdf\" target=\"_blank\" rel=\"noopener noreferrer\">Biologia reprodutiva da viola Loricariichthys anus no reservat\u00f3rio do Chasqueiro &#8211; Arroio Grande, RS<\/a><\/li>\n<li><a href=\"https:\/\/wp.ufpel.edu.br\/ppgz\/files\/2021\/01\/Caracteristicas-metabolicas-do-periodo-de-transicao-e-eficiencia-produtiva-de-vacas-de-corte-de-diferentes-genotipos-criadas-no-sul-do-Brasil.pdf\" target=\"_blank\" rel=\"noopener noreferrer\">Caracter\u00edsticas metab\u00f3licas do per\u00edodo de transi\u00e7\u00e3o e efici\u00eancia produtiva de vacas de corte de diferentes gen\u00f3tipos criadas no sul do Brasil<\/a><\/li>\n<li><a href=\"https:\/\/wp.ufpel.edu.br\/ppgz\/files\/2021\/01\/Caracteristicas-morfogenicas-e-estruturais-de-cultivares-de-azevem.pdf\" target=\"_blank\" rel=\"noopener noreferrer\">Caracter\u00edsticas morfog\u00eanicas e estruturais de cultivares de azev\u00e9m<\/a><\/li>\n<li><a href=\"https:\/\/wp.ufpel.edu.br\/ppgz\/files\/2021\/01\/Dinamica-sazonal-da-passagem-do-calcio-pela-interface-solo-planta-em-areas-de-campo-natural-na-serra-do-sudeste-RS.pdf\" target=\"_blank\" rel=\"noopener noreferrer\">Din\u00e2mica sazonal da passagem do c\u00e1lcio pela interface solo-planta em \u00e1reas de campo natural na serra do sudeste-RS<\/a><\/li>\n<li><a href=\"https:\/\/wp.ufpel.edu.br\/ppgz\/files\/2021\/01\/Efeito-do-substrato-revolvimento-e-cal-sobre-caracteristicas-fisicas-e-microbiologicas-da-cama-na-producao-de-frangos-de-corte.pdf\" target=\"_blank\" rel=\"noopener noreferrer\">Efeito do substrato, revolvimento e cal sobre caracter\u00edsticas f\u00edsicas e microbiol\u00f3gicas da cama na produ\u00e7\u00e3o de frangos de corte<\/a><\/li>\n<li><a href=\"https:\/\/wp.ufpel.edu.br\/ppgz\/files\/2021\/01\/Exigencia-de-lisina-e-estimativa-dos-principais-aminoacidos-essenciais-com-base-no-conceito-de-proteina-ideal-para-Odontesthes-bonariensis.pdf\" target=\"_blank\" rel=\"noopener noreferrer\">Exig\u00eancia de lisina e estimativa dos principais amino\u00e1cidos essenciais com base no conceito de prote\u00edna ideal para Odontesthes bonariensis<\/a><\/li>\n<li><a href=\"https:\/\/wp.ufpel.edu.br\/ppgz\/files\/2021\/01\/Farelo-de-canola-na-dieta-de-frangos-de-corte.pdf\" target=\"_blank\" rel=\"noopener noreferrer\">Farelo de canola na dieta de frangos de corte<\/a><\/li>\n<li><a href=\"https:\/\/wp.ufpel.edu.br\/ppgz\/files\/2021\/01\/Manejo-da-altura-da-pastagem-de-inverno-em-sistema-integrado-lavoura-pecuaria-com-plantio-direto.pdf\" target=\"_blank\" rel=\"noopener noreferrer\">Manejo da altura da pastagem de inverno em sistema integrado lavoura-pecu\u00e1ria com plantio direto<\/a><\/li>\n<li><a href=\"https:\/\/wp.ufpel.edu.br\/ppgz\/files\/2021\/01\/Morfometrias-de-egua-e-do-neonato-relacionadas-a-caracteristica-de-placenta-e-metabolismo-energetico-no-terco-final-de-gestacao.pdf\" target=\"_blank\" rel=\"noopener noreferrer\">Morfometrias de \u00e9gua e do neonato relacionadas a caracter\u00edstica de placenta e metabolismo energ\u00e9tico no ter\u00e7o final de gesta\u00e7\u00e3o<\/a><\/li>\n<li><a href=\"https:\/\/wp.ufpel.edu.br\/ppgz\/files\/2021\/01\/oleo-de-linhaca-na-dieta-de-galos-e-seus-efeitos-sobre-a-fertilidade-e-congelabilidade-do-semen.pdf\" target=\"_blank\" rel=\"noopener noreferrer\">\u00d3leo de linha\u00e7a na dieta de galos e seus efeitos sobre a fertilidade e congelabilidade do s\u00eamen<\/a><\/li>\n<li><a href=\"https:\/\/wp.ufpel.edu.br\/ppgz\/files\/2021\/01\/Parametros-e-tendencias-geneticas-para-caracteristicas-de-desempenho-e-de-escores-visuais-das-racas-Hereford-e-Braford.pdf\" target=\"_blank\" rel=\"noopener noreferrer\">Par\u00e2metros e tend\u00eancias gen\u00e9ticas para caracter\u00edsticas de desempenho e de escores visuais das ra\u00e7as Hereford e Braford<\/a><\/li>\n<li><a href=\"https:\/\/wp.ufpel.edu.br\/ppgz\/files\/2021\/01\/Poaceas-como-indicadoras-de-modificacoes-da-vegetacao-campestre.pdf\" target=\"_blank\" rel=\"noopener noreferrer\">Po\u00e1ceas como indicadoras de modifica\u00e7\u00f5es da vegeta\u00e7\u00e3o campestre<\/a><\/li>\n<li><a href=\"https:\/\/wp.ufpel.edu.br\/ppgz\/files\/2021\/01\/Praticas-de-manejo-na-fase-ante-mortem-de-bovinos-para-identificacao-de-pontos-criticos-a-qualidade-da-carne.pdf\" target=\"_blank\" rel=\"noopener noreferrer\">Pr\u00e1ticas de manejo na fase ante mortem de bovinos, para identifica\u00e7\u00e3o de pontos cr\u00edticos \u00e0 qualidade da carne<\/a><\/li>\n<li><a href=\"https:\/\/wp.ufpel.edu.br\/ppgz\/files\/2021\/01\/Proteinas-de-fase-aguda-e-suas-relacoes-com-o-desempenho-reprodutivo-e-produtivo-de-vacas-leiteiras-pos-parto.pdf\" target=\"_blank\" rel=\"noopener noreferrer\">Prote\u00ednas de fase aguda e suas rela\u00e7\u00f5es com o desempenho reprodutivo e produtivo de vacas leiteiras p\u00f3s-parto<\/a><\/li>\n<li><a href=\"https:\/\/wp.ufpel.edu.br\/ppgz\/files\/2021\/01\/Respostas-fisiologicas-comportamentais-e-produtivas-de-vacas-holandesas-em-lactacao-sob-diferentes-sistemas-de-producao.pdf\" target=\"_blank\" rel=\"noopener noreferrer\">Respostas fisiol\u00f3gicas, comportamentais e produtivas de vacas holandesas em lacta\u00e7\u00e3o sob diferentes sistemas de produ\u00e7\u00e3o<\/a><\/li>\n<li><a href=\"https:\/\/wp.ufpel.edu.br\/ppgz\/files\/2021\/01\/Selecao-da-estrutura-etaria-idade-e-as-relacoes-de-crescimento-da-Hoplias-aff.-malabariscus-Bloch-1794.pdf\" target=\"_blank\" rel=\"noopener noreferrer\">Sele\u00e7\u00e3o da estrutura et\u00e1ria, idade e as rela\u00e7\u00f5es de crescimento da Hoplias aff. malabariscus (Bloch, 1794)<\/a><\/li>\n<li><a href=\"https:\/\/wp.ufpel.edu.br\/ppgz\/files\/2021\/01\/Uso-de-Benzoato-de-estradiol-no-inicio-do-protocolo-Heatsynch-em-vacas-da-raca-holandes-lactantes.pdf\" target=\"_blank\" rel=\"noopener noreferrer\">Uso de Benzoato de estradiol no inicio do protocolo Heatsynch em vacas da ra\u00e7a holand\u00eas lactantes<\/a><\/li>\n<li><a href=\"https:\/\/wp.ufpel.edu.br\/ppgz\/files\/2021\/01\/Utilizacao-de-PGF2alfa-como-indutor-de-ovulacao-em-programas-de-inseminacao-artificial-em-tempo-fixo-com-novilhas-puberes.pdf\" target=\"_blank\" rel=\"noopener noreferrer\">Utiliza\u00e7\u00e3o de PGF2alfa como indutor de ovula\u00e7\u00e3o em programas de insemina\u00e7\u00e3o artificial em tempo-fixo com novilhas p\u00faberes<\/a><\/li>\n<\/ol>\n","protected":false},"excerpt":{"rendered":"<p>Avalia\u00e7\u00e3o na produ\u00e7\u00e3o e qualidade de ovos em duas gera\u00e7\u00f5es sucessivas de codornas de corte alimentadas com ra\u00e7\u00f5es contendo diferentes n\u00edveis de lisina Biologia reprodutiva da viola Loricariichthys anus no reservat\u00f3rio do Chasqueiro &#8211; Arroio Grande, RS Caracter\u00edsticas metab\u00f3licas do&#8230; <a class=\"more-link\" href=\"https:\/\/wp.ufpel.edu.br\/ppgz\/2013-3\">Continue lendo &rarr;<\/a><\/p>\n","protected":false},"author":809,"featured_media":0,"parent":0,"menu_order":0,"comment_status":"closed","ping_status":"closed","template":"","meta":{"footnotes":""},"class_list":["post-1009","page","type-page","status-publish","hentry"],"_links":{"self":[{"href":"https:\/\/wp.ufpel.edu.br\/ppgz\/wp-json\/wp\/v2\/pages\/1009","targetHints":{"allow":["GET"]}}],"collection":[{"href":"https:\/\/wp.ufpel.edu.br\/ppgz\/wp-json\/wp\/v2\/pages"}],"about":[{"href":"https:\/\/wp.ufpel.edu.br\/ppgz\/wp-json\/wp\/v2\/types\/page"}],"author":[{"embeddable":true,"href":"https:\/\/wp.ufpel.edu.br\/ppgz\/wp-json\/wp\/v2\/users\/809"}],"replies":[{"embeddable":true,"href":"https:\/\/wp.ufpel.edu.br\/ppgz\/wp-json\/wp\/v2\/comments?post=1009"}],"version-history":[{"count":3,"href":"https:\/\/wp.ufpel.edu.br\/ppgz\/wp-json\/wp\/v2\/pages\/1009\/revisions"}],"predecessor-version":[{"id":1096,"href":"https:\/\/wp.ufpel.edu.br\/ppgz\/wp-json\/wp\/v2\/pages\/1009\/revisions\/1096"}],"wp:attachment":[{"href":"https:\/\/wp.ufpel.edu.br\/ppgz\/wp-json\/wp\/v2\/media?parent=1009"}],"curies":[{"name":"wp","href":"https:\/\/api.w.org\/{rel}","templated":true}]}}