{"id":7726,"date":"2026-04-27T10:18:08","date_gmt":"2026-04-27T13:18:08","guid":{"rendered":"https:\/\/wp.ufpel.edu.br\/ppgveterinaria\/?page_id=7726"},"modified":"2026-04-27T10:18:08","modified_gmt":"2026-04-27T13:18:08","slug":"2026-2","status":"publish","type":"page","link":"https:\/\/wp.ufpel.edu.br\/ppgveterinaria\/dissertacoesteses\/teses\/2026-2\/","title":{"rendered":"2026"},"content":{"rendered":"<p>&nbsp;<\/p>\n<ul style=\"text-align: justify;\">\n<li><span style=\"color: #464646; font-family: georgia, palatino, serif; font-size: 12pt;\"><strong>Teses 2026<\/strong><\/span><\/li>\n<\/ul>\n<p>&nbsp;<\/p>\n<hr \/>\n<p><span style=\"font-family: georgia, palatino, serif; font-size: 12pt; color: #464646;\"><strong>Amanda Andersson Pereira Stark<\/strong><\/span><\/p>\n<p><span style=\"font-family: georgia, palatino, serif; font-size: 12pt; color: #464646;\"><strong>T\u00edtulo:<\/strong> &#8211; (em corre\u00e7\u00e3o)<\/span><\/p>\n<p><span style=\"font-family: georgia, palatino, serif; font-size: 12pt; color: #464646;\"><strong>Orientador:<\/strong>\u00a0Raqueli Teresinha Fran\u00e7a<\/span><\/p>\n<p><span style=\"font-family: georgia, palatino, serif; font-size: 12pt; color: #464646;\"><strong>Data da Defesa:<\/strong>\u00a0xx\/02\/2026<\/span><\/p>\n<hr \/>\n<p><span style=\"font-family: georgia, palatino, serif; font-size: 12pt; color: #464646;\"><strong>Bibiana Rodrigues de Freitas<\/strong><\/span><\/p>\n<p><span style=\"font-family: georgia, palatino, serif; font-size: 12pt; color: #464646;\"><strong>T\u00edtulo:<\/strong> &#8211; (em corre\u00e7\u00e3o)<\/span><\/p>\n<p><span style=\"font-family: georgia, palatino, serif; font-size: 12pt; color: #464646;\"><strong>Orientador:<\/strong>\u00a0Thomaz Lucia J\u00fanior<\/span><\/p>\n<p><span style=\"font-family: georgia, palatino, serif; font-size: 12pt; color: #464646;\"><strong>Data da Defesa:<\/strong>\u00a0xx\/02\/2026<\/span><\/p>\n<hr \/>\n<p><span style=\"font-family: georgia, palatino, serif; font-size: 12pt; color: #464646;\"><strong>Bruna Zafalon da Silva<\/strong><\/span><\/p>\n<p><span style=\"font-family: georgia, palatino, serif; font-size: 12pt; color: #464646;\"><strong>T\u00edtulo:<\/strong> &#8211; (em corre\u00e7\u00e3o)<\/span><\/p>\n<p><span style=\"font-family: georgia, palatino, serif; font-size: 12pt; color: #464646;\"><strong>Orientador:<\/strong>\u00a0Carine Dahl Corcini<\/span><\/p>\n<p><span style=\"font-family: georgia, palatino, serif; font-size: 12pt; color: #464646;\"><strong>Data da Defesa:<\/strong>\u00a0xx\/02\/2026<\/span><\/p>\n<hr \/>\n<p><span style=\"font-family: georgia, palatino, serif; font-size: 12pt; color: #464646;\"><strong>Daniela Aparecida Moreira<\/strong><\/span><\/p>\n<p><span style=\"font-family: georgia, palatino, serif; font-size: 12pt; color: #464646;\"><strong>T\u00edtulo:<\/strong> &#8211; (em corre\u00e7\u00e3o)<\/span><\/p>\n<p><span style=\"font-family: georgia, palatino, serif; font-size: 12pt; color: #464646;\"><strong>Orientador:<\/strong>\u00a0Rodrigo Casquero Cunha<\/span><\/p>\n<p><span style=\"font-family: georgia, palatino, serif; font-size: 12pt; color: #464646;\"><strong>Data da Defesa:<\/strong>\u00a0xx\/02\/2026<\/span><\/p>\n<hr \/>\n<p><span style=\"font-family: georgia, palatino, serif; font-size: 12pt; color: #464646;\"><strong>Jackeline Vieira Lima<\/strong><\/span><\/p>\n<p><span style=\"font-family: georgia, palatino, serif; font-size: 12pt; color: #464646;\"><strong>T\u00edtulo:<\/strong> &#8211; (em corre\u00e7\u00e3o)<\/span><\/p>\n<p><span style=\"font-family: georgia, palatino, serif; font-size: 12pt; color: #464646;\"><strong>Orientador:<\/strong>\u00a0F\u00e1bio Raphael Pascoti Bruhn<\/span><\/p>\n<p><span style=\"font-family: georgia, palatino, serif; font-size: 12pt; color: #464646;\"><strong>Data da Defesa:<\/strong>\u00a0xx\/02\/2026<\/span><\/p>\n<hr \/>\n<p><span style=\"font-family: georgia, palatino, serif; font-size: 12pt; color: #464646;\"><strong>J\u00e9ssica Lazzari<\/strong><\/span><\/p>\n<p><span style=\"font-family: georgia, palatino, serif; font-size: 12pt; color: #464646;\"><strong>T\u00edtulo:<\/strong> &#8211; (em corre\u00e7\u00e3o)<\/span><\/p>\n<p><span style=\"font-family: georgia, palatino, serif; font-size: 12pt; color: #464646;\"><strong>Orientador:<\/strong>\u00a0Rafael Gianella Mondadori<\/span><\/p>\n<p><span style=\"font-family: georgia, palatino, serif; font-size: 12pt; color: #464646;\"><strong>Data da Defesa:<\/strong>\u00a0xx\/02\/2026<\/span><\/p>\n<hr \/>\n<p><span style=\"font-family: georgia, palatino, serif; font-size: 12pt; color: #464646;\"><strong>Karen Cristine de Albuquerque Ferreira Pereira<\/strong><\/span><\/p>\n<p><span style=\"font-family: georgia, palatino, serif; font-size: 12pt; color: #464646;\"><strong>T\u00edtulo:<\/strong> &#8211; (em corre\u00e7\u00e3o)<\/span><\/p>\n<p><span style=\"font-family: georgia, palatino, serif; font-size: 12pt; color: #464646;\"><strong>Orientador:<\/strong>\u00a0Raqueli Teresinha Fran\u00e7a<\/span><\/p>\n<p><span style=\"font-family: georgia, palatino, serif; font-size: 12pt; color: #464646;\"><strong>Data da Defesa:<\/strong>\u00a0xx\/02\/2026<\/span><\/p>\n<hr \/>\n<p><span style=\"font-family: georgia, palatino, serif; font-size: 12pt; color: #464646;\"><strong>Marciana Rubira da Silva Maciel<\/strong><\/span><\/p>\n<p><span style=\"font-family: georgia, palatino, serif; font-size: 12pt; color: #464646;\"><strong>T\u00edtulo:<\/strong> &#8211; (em corre\u00e7\u00e3o)<\/span><\/p>\n<p><span style=\"font-family: georgia, palatino, serif; font-size: 12pt; color: #464646;\"><strong>Orientador:<\/strong>\u00a0Antonio Sergio Varela Junior<\/span><\/p>\n<p><span style=\"font-family: georgia, palatino, serif; font-size: 12pt; color: #464646;\"><strong>Data da Defesa:<\/strong>\u00a0xx\/02\/2026<\/span><\/p>\n<hr \/>\n<p><span style=\"font-family: georgia, palatino, serif; font-size: 12pt; color: #464646;\"><strong>Murilo Scalcon Nicola<\/strong><\/span><\/p>\n<p><span style=\"font-family: georgia, palatino, serif; font-size: 12pt; color: #464646;\"><strong>T\u00edtulo:<\/strong> &#8211; (em corre\u00e7\u00e3o)<\/span><\/p>\n<p><span style=\"font-family: georgia, palatino, serif; font-size: 12pt; color: #464646;\"><strong>Orientador:<\/strong>\u00a0Marcio Nunes Corr\u00eaa<\/span><\/p>\n<p><span style=\"font-family: georgia, palatino, serif; font-size: 12pt; color: #464646;\"><strong>Data da Defesa:<\/strong>\u00a0xx\/02\/2026<\/span><\/p>\n<hr \/>\n<p><span style=\"font-family: georgia, palatino, serif; font-size: 12pt; color: #464646;\"><strong>Ravena dos Santos Hage<\/strong><\/span><\/p>\n<p><span style=\"font-family: georgia, palatino, serif; font-size: 12pt; color: #464646;\"><strong>T\u00edtulo:<\/strong> &#8211; (em corre\u00e7\u00e3o)<\/span><\/p>\n<p><span style=\"font-family: georgia, palatino, serif; font-size: 12pt; color: #464646;\"><strong>Orientador:<\/strong>\u00a0F\u00e1bio Raphael Pascoti Bruhn<\/span><\/p>\n<p><span style=\"font-family: georgia, palatino, serif; font-size: 12pt; color: #464646;\"><strong>Data da Defesa:<\/strong>\u00a0xx\/02\/2026<\/span><\/p>\n<hr \/>\n<p><span style=\"font-family: georgia, palatino, serif; font-size: 12pt; color: #464646;\"><strong>Renata Marques Pierobom Gressler<\/strong><\/span><\/p>\n<p><span style=\"font-family: georgia, palatino, serif; font-size: 12pt; color: #464646;\"><strong>T\u00edtulo:<\/strong> &#8211; (em corre\u00e7\u00e3o)<\/span><\/p>\n<p><span style=\"font-family: georgia, palatino, serif; font-size: 12pt; color: #464646;\"><strong>Orientador:<\/strong>\u00a0Silvia de Oliveira H\u00fcbner<\/span><\/p>\n<p><span style=\"font-family: georgia, palatino, serif; font-size: 12pt; color: #464646;\"><strong>Data da Defesa:<\/strong>\u00a0xx\/02\/2026<\/span><\/p>\n<hr \/>\n<p>&nbsp;<\/p>\n","protected":false},"excerpt":{"rendered":"<p>&nbsp; Teses 2026 &nbsp; Amanda Andersson Pereira Stark T\u00edtulo: &#8211; (em corre\u00e7\u00e3o) Orientador:\u00a0Raqueli Teresinha Fran\u00e7a Data da Defesa:\u00a0xx\/02\/2026 Bibiana Rodrigues de Freitas T\u00edtulo: &#8211; (em corre\u00e7\u00e3o) Orientador:\u00a0Thomaz Lucia J\u00fanior Data da Defesa:\u00a0xx\/02\/2026 Bruna Zafalon da Silva T\u00edtulo: &#8211; (em corre\u00e7\u00e3o) Orientador:\u00a0Carine Dahl Corcini Data da Defesa:\u00a0xx\/02\/2026 Daniela Aparecida Moreira T\u00edtulo: &#8211; (em corre\u00e7\u00e3o) Orientador:\u00a0Rodrigo Casquero [&hellip;]<\/p>\n","protected":false},"author":391,"featured_media":0,"parent":426,"menu_order":-13,"comment_status":"closed","ping_status":"closed","template":"","meta":{"footnotes":""},"class_list":["post-7726","page","type-page","status-publish","hentry"],"_links":{"self":[{"href":"https:\/\/wp.ufpel.edu.br\/ppgveterinaria\/wp-json\/wp\/v2\/pages\/7726","targetHints":{"allow":["GET"]}}],"collection":[{"href":"https:\/\/wp.ufpel.edu.br\/ppgveterinaria\/wp-json\/wp\/v2\/pages"}],"about":[{"href":"https:\/\/wp.ufpel.edu.br\/ppgveterinaria\/wp-json\/wp\/v2\/types\/page"}],"author":[{"embeddable":true,"href":"https:\/\/wp.ufpel.edu.br\/ppgveterinaria\/wp-json\/wp\/v2\/users\/391"}],"replies":[{"embeddable":true,"href":"https:\/\/wp.ufpel.edu.br\/ppgveterinaria\/wp-json\/wp\/v2\/comments?post=7726"}],"version-history":[{"count":1,"href":"https:\/\/wp.ufpel.edu.br\/ppgveterinaria\/wp-json\/wp\/v2\/pages\/7726\/revisions"}],"predecessor-version":[{"id":7728,"href":"https:\/\/wp.ufpel.edu.br\/ppgveterinaria\/wp-json\/wp\/v2\/pages\/7726\/revisions\/7728"}],"up":[{"embeddable":true,"href":"https:\/\/wp.ufpel.edu.br\/ppgveterinaria\/wp-json\/wp\/v2\/pages\/426"}],"wp:attachment":[{"href":"https:\/\/wp.ufpel.edu.br\/ppgveterinaria\/wp-json\/wp\/v2\/media?parent=7726"}],"curies":[{"name":"wp","href":"https:\/\/api.w.org\/{rel}","templated":true}]}}

<p>&nbsp;</p>
<ul style="text-align: justify;">
<li><span style="color: #464646; font-family: georgia, palatino, serif; font-size: 12pt;"><strong>Teses 2026</strong></span></li>
</ul>
<p>&nbsp;</p>
<hr />
<p><span style="font-family: georgia, palatino, serif; font-size: 12pt; color: #464646;"><strong>Amanda Andersson Pereira Stark</strong></span></p>
<p><span style="font-family: georgia, palatino, serif; font-size: 12pt; color: #464646;"><strong>Título:</strong> &#8211; (em correção)</span></p>
<p><span style="font-family: georgia, palatino, serif; font-size: 12pt; color: #464646;"><strong>Orientador:</strong> Raqueli Teresinha França</span></p>
<p><span style="font-family: georgia, palatino, serif; font-size: 12pt; color: #464646;"><strong>Data da Defesa:</strong> xx/02/2026</span></p>
<hr />
<p><span style="font-family: georgia, palatino, serif; font-size: 12pt; color: #464646;"><strong>Bibiana Rodrigues de Freitas</strong></span></p>
<p><span style="font-family: georgia, palatino, serif; font-size: 12pt; color: #464646;"><strong>Título:</strong> &#8211; (em correção)</span></p>
<p><span style="font-family: georgia, palatino, serif; font-size: 12pt; color: #464646;"><strong>Orientador:</strong> Thomaz Lucia Júnior</span></p>
<p><span style="font-family: georgia, palatino, serif; font-size: 12pt; color: #464646;"><strong>Data da Defesa:</strong> xx/02/2026</span></p>
<hr />
<p><span style="font-family: georgia, palatino, serif; font-size: 12pt; color: #464646;"><strong>Bruna Zafalon da Silva</strong></span></p>
<p><span style="font-family: georgia, palatino, serif; font-size: 12pt; color: #464646;"><strong>Título:</strong> &#8211; (em correção)</span></p>
<p><span style="font-family: georgia, palatino, serif; font-size: 12pt; color: #464646;"><strong>Orientador:</strong> Carine Dahl Corcini</span></p>
<p><span style="font-family: georgia, palatino, serif; font-size: 12pt; color: #464646;"><strong>Data da Defesa:</strong> xx/02/2026</span></p>
<hr />
<p><span style="font-family: georgia, palatino, serif; font-size: 12pt; color: #464646;"><strong>Daniela Aparecida Moreira</strong></span></p>
<p><span style="font-family: georgia, palatino, serif; font-size: 12pt; color: #464646;"><strong>Título:</strong> &#8211; (em correção)</span></p>
<p><span style="font-family: georgia, palatino, serif; font-size: 12pt; color: #464646;"><strong>Orientador:</strong> Rodrigo Casquero Cunha</span></p>
<p><span style="font-family: georgia, palatino, serif; font-size: 12pt; color: #464646;"><strong>Data da Defesa:</strong> xx/02/2026</span></p>
<hr />
<p><span style="font-family: georgia, palatino, serif; font-size: 12pt; color: #464646;"><strong>Jackeline Vieira Lima</strong></span></p>
<p><span style="font-family: georgia, palatino, serif; font-size: 12pt; color: #464646;"><strong>Título:</strong> &#8211; (em correção)</span></p>
<p><span style="font-family: georgia, palatino, serif; font-size: 12pt; color: #464646;"><strong>Orientador:</strong> Fábio Raphael Pascoti Bruhn</span></p>
<p><span style="font-family: georgia, palatino, serif; font-size: 12pt; color: #464646;"><strong>Data da Defesa:</strong> xx/02/2026</span></p>
<hr />
<p><span style="font-family: georgia, palatino, serif; font-size: 12pt; color: #464646;"><strong>Jéssica Lazzari</strong></span></p>
<p><span style="font-family: georgia, palatino, serif; font-size: 12pt; color: #464646;"><strong>Título:</strong> &#8211; (em correção)</span></p>
<p><span style="font-family: georgia, palatino, serif; font-size: 12pt; color: #464646;"><strong>Orientador:</strong> Rafael Gianella Mondadori</span></p>
<p><span style="font-family: georgia, palatino, serif; font-size: 12pt; color: #464646;"><strong>Data da Defesa:</strong> xx/02/2026</span></p>
<hr />
<p><span style="font-family: georgia, palatino, serif; font-size: 12pt; color: #464646;"><strong>Karen Cristine de Albuquerque Ferreira Pereira</strong></span></p>
<p><span style="font-family: georgia, palatino, serif; font-size: 12pt; color: #464646;"><strong>Título:</strong> &#8211; (em correção)</span></p>
<p><span style="font-family: georgia, palatino, serif; font-size: 12pt; color: #464646;"><strong>Orientador:</strong> Raqueli Teresinha França</span></p>
<p><span style="font-family: georgia, palatino, serif; font-size: 12pt; color: #464646;"><strong>Data da Defesa:</strong> xx/02/2026</span></p>
<hr />
<p><span style="font-family: georgia, palatino, serif; font-size: 12pt; color: #464646;"><strong>Marciana Rubira da Silva Maciel</strong></span></p>
<p><span style="font-family: georgia, palatino, serif; font-size: 12pt; color: #464646;"><strong>Título:</strong> &#8211; (em correção)</span></p>
<p><span style="font-family: georgia, palatino, serif; font-size: 12pt; color: #464646;"><strong>Orientador:</strong> Antonio Sergio Varela Junior</span></p>
<p><span style="font-family: georgia, palatino, serif; font-size: 12pt; color: #464646;"><strong>Data da Defesa:</strong> xx/02/2026</span></p>
<hr />
<p><span style="font-family: georgia, palatino, serif; font-size: 12pt; color: #464646;"><strong>Murilo Scalcon Nicola</strong></span></p>
<p><span style="font-family: georgia, palatino, serif; font-size: 12pt; color: #464646;"><strong>Título:</strong> &#8211; (em correção)</span></p>
<p><span style="font-family: georgia, palatino, serif; font-size: 12pt; color: #464646;"><strong>Orientador:</strong> Marcio Nunes Corrêa</span></p>
<p><span style="font-family: georgia, palatino, serif; font-size: 12pt; color: #464646;"><strong>Data da Defesa:</strong> xx/02/2026</span></p>
<hr />
<p><span style="font-family: georgia, palatino, serif; font-size: 12pt; color: #464646;"><strong>Ravena dos Santos Hage</strong></span></p>
<p><span style="font-family: georgia, palatino, serif; font-size: 12pt; color: #464646;"><strong>Título:</strong> &#8211; (em correção)</span></p>
<p><span style="font-family: georgia, palatino, serif; font-size: 12pt; color: #464646;"><strong>Orientador:</strong> Fábio Raphael Pascoti Bruhn</span></p>
<p><span style="font-family: georgia, palatino, serif; font-size: 12pt; color: #464646;"><strong>Data da Defesa:</strong> xx/02/2026</span></p>
<hr />
<p><span style="font-family: georgia, palatino, serif; font-size: 12pt; color: #464646;"><strong>Renata Marques Pierobom Gressler</strong></span></p>
<p><span style="font-family: georgia, palatino, serif; font-size: 12pt; color: #464646;"><strong>Título:</strong> &#8211; (em correção)</span></p>
<p><span style="font-family: georgia, palatino, serif; font-size: 12pt; color: #464646;"><strong>Orientador:</strong> Silvia de Oliveira Hübner</span></p>
<p><span style="font-family: georgia, palatino, serif; font-size: 12pt; color: #464646;"><strong>Data da Defesa:</strong> xx/02/2026</span></p>
<hr />
<p>&nbsp;</p>

<p>&nbsp; Teses 2026 &nbsp; Amanda Andersson Pereira Stark Título: &#8211; (em correção) Orientador: Raqueli Teresinha França Data da Defesa: xx/02/2026 Bibiana Rodrigues de Freitas Título: &#8211; (em correção) Orientador: Thomaz Lucia Júnior Data da Defesa: xx/02/2026 Bruna Zafalon da Silva Título: &#8211; (em correção) Orientador: Carine Dahl Corcini Data da Defesa: xx/02/2026 Daniela Aparecida Moreira Título: &#8211; (em correção) Orientador: Rodrigo Casquero [&hellip;]</p>
