{"id":7723,"date":"2026-04-27T10:14:04","date_gmt":"2026-04-27T13:14:04","guid":{"rendered":"https:\/\/wp.ufpel.edu.br\/ppgveterinaria\/?page_id=7723"},"modified":"2026-04-27T10:14:27","modified_gmt":"2026-04-27T13:14:27","slug":"2026-2","status":"publish","type":"page","link":"https:\/\/wp.ufpel.edu.br\/ppgveterinaria\/dissertacoesteses\/dissertacoes\/2026-2\/","title":{"rendered":"2026"},"content":{"rendered":"<p>&nbsp;<\/p>\n<ul style=\"text-align: justify;\">\n<li><span style=\"color: #464646; font-family: georgia, palatino, serif; font-size: 12pt;\"><strong>Disserta\u00e7\u00f5es 2026<\/strong><\/span><\/li>\n<\/ul>\n<p>&nbsp;<\/p>\n<hr \/>\n<p><span style=\"font-family: georgia, palatino, serif; font-size: 12pt; color: #464646;\"><strong>Alan Carlos de Santana<\/strong><\/span><\/p>\n<p><span style=\"font-family: georgia, palatino, serif; font-size: 12pt; color: #464646;\"><strong>T\u00edtulo:<\/strong> <span style=\"font-family: georgia, palatino, serif; font-size: 12pt;\">&#8211; (em corre\u00e7\u00e3o)<\/span><\/span><\/p>\n<p><span style=\"font-family: georgia, palatino, serif; font-size: 12pt; color: #464646;\"><strong>Orientador:<\/strong>\u00a0F\u00e1bio Raphael Pascoti Bruhn<\/span><\/p>\n<p><span style=\"font-family: georgia, palatino, serif; font-size: 12pt; color: #464646;\"><strong>Data da Defesa:<\/strong>\u00a0xx\/02\/2026<\/span><\/p>\n<hr \/>\n<p><span style=\"font-family: georgia, palatino, serif; font-size: 12pt; color: #464646;\"><strong>Bianca de F\u00e1tima Dallo<\/strong><\/span><\/p>\n<p><span style=\"font-family: georgia, palatino, serif; font-size: 12pt; color: #464646;\"><strong>T\u00edtulo:<\/strong> <span style=\"font-family: georgia, palatino, serif; font-size: 12pt;\">&#8211; (em corre\u00e7\u00e3o)<\/span><\/span><\/p>\n<p><span style=\"font-family: georgia, palatino, serif; font-size: 12pt; color: #464646;\"><strong>Orientador:<\/strong>\u00a0Bruna da Rosa Curcio<\/span><\/p>\n<p><span style=\"font-family: georgia, palatino, serif; font-size: 12pt; color: #464646;\"><strong>Data da Defesa:<\/strong>\u00a0xx\/02\/2026<\/span><\/p>\n<hr \/>\n<p><span style=\"font-family: georgia, palatino, serif; font-size: 12pt; color: #464646;\"><strong>Caroline Xavier Grala<\/strong><\/span><\/p>\n<p><span style=\"font-family: georgia, palatino, serif; font-size: 12pt; color: #464646;\"><strong>T\u00edtulo:<\/strong> <span style=\"font-family: georgia, palatino, serif; font-size: 12pt;\">&#8211; (em corre\u00e7\u00e3o)<\/span><\/span><\/p>\n<p><span style=\"font-family: georgia, palatino, serif; font-size: 12pt; color: #464646;\"><strong>Orientador:<\/strong>\u00a0S\u00e9rgio Jorge<\/span><\/p>\n<p><span style=\"font-family: georgia, palatino, serif; font-size: 12pt; color: #464646;\"><strong>Data da Defesa:<\/strong>\u00a0xx\/02\/2026<\/span><\/p>\n<hr \/>\n<p><span style=\"font-family: georgia, palatino, serif; font-size: 12pt; color: #464646;\"><strong>Cresc\u00eancio da Amargura Almeida Mucipo<\/strong><\/span><\/p>\n<p><span style=\"font-family: georgia, palatino, serif; font-size: 12pt; color: #464646;\"><strong>T\u00edtulo:<\/strong> <span style=\"font-family: georgia, palatino, serif; font-size: 12pt;\">&#8211; (em corre\u00e7\u00e3o)<\/span><\/span><\/p>\n<p><span style=\"font-family: georgia, palatino, serif; font-size: 12pt; color: #464646;\"><strong>Orientador:<\/strong>\u00a0Rodrigo Casquero Cunha<\/span><\/p>\n<p><span style=\"font-family: georgia, palatino, serif; font-size: 12pt; color: #464646;\"><strong>Data da Defesa:<\/strong>\u00a0xx\/02\/2026<\/span><\/p>\n<hr \/>\n<p><span style=\"font-family: georgia, palatino, serif; font-size: 12pt; color: #464646;\"><strong>Eug\u00eania Tavares Barwaldt<\/strong><\/span><\/p>\n<p><span style=\"font-family: georgia, palatino, serif; font-size: 12pt; color: #464646;\"><strong>T\u00edtulo:<\/strong> <span style=\"font-family: georgia, palatino, serif; font-size: 12pt;\">&#8211; (em corre\u00e7\u00e3o)<\/span><\/span><\/p>\n<p><span style=\"font-family: georgia, palatino, serif; font-size: 12pt; color: #464646;\"><strong>Orientador:<\/strong>\u00a0S\u00e9rgio Jorge<\/span><\/p>\n<p><span style=\"font-family: georgia, palatino, serif; font-size: 12pt; color: #464646;\"><strong>Data da Defesa:<\/strong>\u00a0xx\/02\/2026<\/span><\/p>\n<hr \/>\n<p><span style=\"font-family: georgia, palatino, serif; font-size: 12pt; color: #464646;\"><strong>Guilherme Souza Firpo<\/strong><\/span><\/p>\n<p><span style=\"font-family: georgia, palatino, serif; font-size: 12pt; color: #464646;\"><strong>T\u00edtulo:<\/strong> <span style=\"font-family: georgia, palatino, serif; font-size: 12pt;\">&#8211; (em corre\u00e7\u00e3o)<\/span><\/span><\/p>\n<p><span style=\"font-family: georgia, palatino, serif; font-size: 12pt; color: #464646;\"><strong>Orientador:<\/strong>\u00a0Marcelo de Lima<\/span><\/p>\n<p><span style=\"font-family: georgia, palatino, serif; font-size: 12pt; color: #464646;\"><strong>Data da Defesa:<\/strong>\u00a0xx\/02\/2026<\/span><\/p>\n<hr \/>\n<p><span style=\"font-family: georgia, palatino, serif; font-size: 12pt; color: #464646;\"><strong>Isabela de Souza Morales<\/strong><\/span><\/p>\n<p><span style=\"font-family: georgia, palatino, serif; font-size: 12pt; color: #464646;\"><strong>T\u00edtulo:<\/strong> <span style=\"font-family: georgia, palatino, serif; font-size: 12pt;\">&#8211; (em corre\u00e7\u00e3o)<\/span><\/span><\/p>\n<p><span style=\"font-family: georgia, palatino, serif; font-size: 12pt; color: #464646;\"><strong>Orientador:<\/strong>\u00a0Renata Os\u00f3rio de Faria<\/span><\/p>\n<p><span style=\"font-family: georgia, palatino, serif; font-size: 12pt; color: #464646;\"><strong>Data da Defesa:<\/strong>\u00a0xx\/02\/2026<\/span><\/p>\n<hr \/>\n<p><span style=\"font-family: georgia, palatino, serif; font-size: 12pt; color: #464646;\"><strong>Lucas Schaefer Batista<\/strong><\/span><\/p>\n<p><span style=\"font-family: georgia, palatino, serif; font-size: 12pt; color: #464646;\"><strong>T\u00edtulo:<\/strong> <span style=\"font-family: georgia, palatino, serif; font-size: 12pt;\">&#8211; (em corre\u00e7\u00e3o)<\/span><\/span><\/p>\n<p><span style=\"font-family: georgia, palatino, serif; font-size: 12pt; color: #464646;\"><strong>Orientador:<\/strong>\u00a0Patr\u00edcia da Silva Nascente<\/span><\/p>\n<p><span style=\"font-family: georgia, palatino, serif; font-size: 12pt; color: #464646;\"><strong>Data da Defesa:<\/strong>\u00a0xx\/02\/2026<\/span><\/p>\n<hr \/>\n<p><span style=\"font-family: georgia, palatino, serif; font-size: 12pt; color: #464646;\"><strong>Mariana Hernandez Libos<\/strong><\/span><\/p>\n<p><span style=\"font-family: georgia, palatino, serif; font-size: 12pt; color: #464646;\"><strong>T\u00edtulo:<\/strong> <span style=\"font-family: georgia, palatino, serif; font-size: 12pt;\">&#8211; (em corre\u00e7\u00e3o)<\/span><\/span><\/p>\n<p><span style=\"font-family: georgia, palatino, serif; font-size: 12pt; color: #464646;\"><strong>Orientador:<\/strong>\u00a0F\u00e1bio Pereira Leivas Leite<\/span><\/p>\n<p><span style=\"font-family: georgia, palatino, serif; font-size: 12pt; color: #464646;\"><strong>Data da Defesa:<\/strong>\u00a0xx\/02\/2026<\/span><\/p>\n<hr \/>\n<p><span style=\"font-family: georgia, palatino, serif; font-size: 12pt; color: #464646;\"><strong>Maritza Medina Ramirez<\/strong><\/span><\/p>\n<p><span style=\"font-family: georgia, palatino, serif; font-size: 12pt; color: #464646;\"><strong>T\u00edtulo:<\/strong> <span style=\"font-family: georgia, palatino, serif; font-size: 12pt;\">&#8211; (em corre\u00e7\u00e3o)<\/span><\/span><\/p>\n<p><span style=\"font-family: georgia, palatino, serif; font-size: 12pt; color: #464646;\"><strong>Orientador:<\/strong>\u00a0Eliza Simone Vi\u00e9gas Sallis<\/span><\/p>\n<p><span style=\"font-family: georgia, palatino, serif; font-size: 12pt; color: #464646;\"><strong>Data da Defesa:<\/strong>\u00a0xx\/02\/2026<\/span><\/p>\n<hr \/>\n<p><span style=\"font-family: georgia, palatino, serif; font-size: 12pt; color: #464646;\"><strong>Micael Feliciano Machado Lopes<\/strong><\/span><\/p>\n<p><span style=\"font-family: georgia, palatino, serif; font-size: 12pt; color: #464646;\"><strong>T\u00edtulo:<\/strong> <span style=\"font-family: georgia, palatino, serif; font-size: 12pt;\">&#8211; (em corre\u00e7\u00e3o)<\/span><\/span><\/p>\n<p><span style=\"font-family: georgia, palatino, serif; font-size: 12pt; color: #464646;\"><strong>Orientador:<\/strong>\u00a0Carlos Eduardo Wayne Nogueira<\/span><\/p>\n<p><span style=\"font-family: georgia, palatino, serif; font-size: 12pt; color: #464646;\"><strong>Data da Defesa:<\/strong>\u00a0xx\/02\/2026<\/span><\/p>\n<hr \/>\n<p><span style=\"font-family: georgia, palatino, serif; font-size: 12pt; color: #464646;\"><strong>Nicole Freitas Gon\u00e7alves<\/strong><\/span><\/p>\n<p><span style=\"font-family: georgia, palatino, serif; font-size: 12pt; color: #464646;\"><strong>T\u00edtulo:<\/strong> <span style=\"font-family: georgia, palatino, serif; font-size: 12pt;\">&#8211; (em corre\u00e7\u00e3o)<\/span><\/span><\/p>\n<p><span style=\"font-family: georgia, palatino, serif; font-size: 12pt; color: #464646;\"><strong>Orientador:<\/strong>\u00a0Carine Dahl Corcini<\/span><\/p>\n<p><span style=\"font-family: georgia, palatino, serif; font-size: 12pt; color: #464646;\"><strong>Data da Defesa:<\/strong>\u00a0xx\/02\/2026<\/span><\/p>\n<hr \/>\n<p><span style=\"font-family: georgia, palatino, serif; font-size: 12pt; color: #464646;\"><strong>Paulo Ricardo Losekann II<\/strong><\/span><\/p>\n<p><span style=\"font-family: georgia, palatino, serif; font-size: 12pt; color: #464646;\"><strong>T\u00edtulo:<\/strong> <span style=\"font-family: georgia, palatino, serif; font-size: 12pt;\">&#8211; (em corre\u00e7\u00e3o)<\/span><\/span><\/p>\n<p><span style=\"font-family: georgia, palatino, serif; font-size: 12pt; color: #464646;\"><strong>Orientador:<\/strong>\u00a0Rafael Gianella Mondadori<\/span><\/p>\n<p><span style=\"font-family: georgia, palatino, serif; font-size: 12pt; color: #464646;\"><strong>Data da Defesa:<\/strong>\u00a0xx\/02\/2026<\/span><\/p>\n<hr \/>\n<p><span style=\"font-family: georgia, palatino, serif; font-size: 12pt; color: #464646;\"><strong>Rudinei Klahn Muniz J\u00fanior<\/strong><\/span><\/p>\n<p><span style=\"font-family: georgia, palatino, serif; font-size: 12pt; color: #464646;\"><strong>T\u00edtulo:<\/strong> <span style=\"font-family: georgia, palatino, serif; font-size: 12pt;\">&#8211; (em corre\u00e7\u00e3o)<\/span><\/span><\/p>\n<p><span style=\"font-family: georgia, palatino, serif; font-size: 12pt; color: #464646;\"><strong>Orientador:<\/strong>\u00a0Rafael Gianella Mondadori<\/span><\/p>\n<p><span style=\"font-family: georgia, palatino, serif; font-size: 12pt; color: #464646;\"><strong>Data da Defesa:<\/strong>\u00a0xx\/02\/2026<\/span><\/p>\n<hr \/>\n<p><span style=\"font-family: georgia, palatino, serif; font-size: 12pt; color: #464646;\"><strong>Sabrina Amalia Jappe<\/strong><\/span><\/p>\n<p><span style=\"font-family: georgia, palatino, serif; font-size: 12pt; color: #464646;\"><strong>T\u00edtulo:<\/strong> <span style=\"font-family: georgia, palatino, serif; font-size: 12pt;\">&#8211; (em corre\u00e7\u00e3o)<\/span><\/span><\/p>\n<p><span style=\"font-family: georgia, palatino, serif; font-size: 12pt; color: #464646;\"><strong>Orientador:<\/strong>\u00a0Bernardo Garziera Gasperin<\/span><\/p>\n<p><span style=\"font-family: georgia, palatino, serif; font-size: 12pt; color: #464646;\"><strong>Data da Defesa:<\/strong>\u00a0xx\/02\/2026<\/span><\/p>\n<hr \/>\n<p><span style=\"font-family: georgia, palatino, serif; font-size: 12pt; color: #464646;\"><strong>Wellington da Rocha da Silva<\/strong><\/span><\/p>\n<p><span style=\"font-family: georgia, palatino, serif; font-size: 12pt; color: #464646;\"><strong>T\u00edtulo:<\/strong> <span style=\"font-family: georgia, palatino, serif; font-size: 12pt;\">&#8211; (em corre\u00e7\u00e3o)<\/span><\/span><\/p>\n<p><span style=\"font-family: georgia, palatino, serif; font-size: 12pt; color: #464646;\"><strong>Orientador:<\/strong>\u00a0Silvia de Oliveira H\u00fcbner<\/span><\/p>\n<p><span style=\"font-family: georgia, palatino, serif; font-size: 12pt; color: #464646;\"><strong>Data da Defesa:<\/strong>\u00a0xx\/02\/2026<\/span><\/p>\n<hr \/>\n<p>&nbsp;<\/p>\n<p>&nbsp;<\/p>\n","protected":false},"excerpt":{"rendered":"<p>&nbsp; Disserta\u00e7\u00f5es 2026 &nbsp; Alan Carlos de Santana T\u00edtulo: &#8211; (em corre\u00e7\u00e3o) Orientador:\u00a0F\u00e1bio Raphael Pascoti Bruhn Data da Defesa:\u00a0xx\/02\/2026 Bianca de F\u00e1tima Dallo T\u00edtulo: &#8211; (em corre\u00e7\u00e3o) Orientador:\u00a0Bruna da Rosa Curcio Data da Defesa:\u00a0xx\/02\/2026 Caroline Xavier Grala T\u00edtulo: &#8211; (em corre\u00e7\u00e3o) Orientador:\u00a0S\u00e9rgio Jorge Data da Defesa:\u00a0xx\/02\/2026 Cresc\u00eancio da Amargura Almeida Mucipo T\u00edtulo: &#8211; (em corre\u00e7\u00e3o) [&hellip;]<\/p>\n","protected":false},"author":391,"featured_media":0,"parent":152,"menu_order":-12,"comment_status":"closed","ping_status":"closed","template":"","meta":{"footnotes":""},"class_list":["post-7723","page","type-page","status-publish","hentry"],"_links":{"self":[{"href":"https:\/\/wp.ufpel.edu.br\/ppgveterinaria\/wp-json\/wp\/v2\/pages\/7723","targetHints":{"allow":["GET"]}}],"collection":[{"href":"https:\/\/wp.ufpel.edu.br\/ppgveterinaria\/wp-json\/wp\/v2\/pages"}],"about":[{"href":"https:\/\/wp.ufpel.edu.br\/ppgveterinaria\/wp-json\/wp\/v2\/types\/page"}],"author":[{"embeddable":true,"href":"https:\/\/wp.ufpel.edu.br\/ppgveterinaria\/wp-json\/wp\/v2\/users\/391"}],"replies":[{"embeddable":true,"href":"https:\/\/wp.ufpel.edu.br\/ppgveterinaria\/wp-json\/wp\/v2\/comments?post=7723"}],"version-history":[{"count":1,"href":"https:\/\/wp.ufpel.edu.br\/ppgveterinaria\/wp-json\/wp\/v2\/pages\/7723\/revisions"}],"predecessor-version":[{"id":7725,"href":"https:\/\/wp.ufpel.edu.br\/ppgveterinaria\/wp-json\/wp\/v2\/pages\/7723\/revisions\/7725"}],"up":[{"embeddable":true,"href":"https:\/\/wp.ufpel.edu.br\/ppgveterinaria\/wp-json\/wp\/v2\/pages\/152"}],"wp:attachment":[{"href":"https:\/\/wp.ufpel.edu.br\/ppgveterinaria\/wp-json\/wp\/v2\/media?parent=7723"}],"curies":[{"name":"wp","href":"https:\/\/api.w.org\/{rel}","templated":true}]}}

<p>&nbsp;</p>
<ul style="text-align: justify;">
<li><span style="color: #464646; font-family: georgia, palatino, serif; font-size: 12pt;"><strong>Dissertações 2026</strong></span></li>
</ul>
<p>&nbsp;</p>
<hr />
<p><span style="font-family: georgia, palatino, serif; font-size: 12pt; color: #464646;"><strong>Alan Carlos de Santana</strong></span></p>
<p><span style="font-family: georgia, palatino, serif; font-size: 12pt; color: #464646;"><strong>Título:</strong> <span style="font-family: georgia, palatino, serif; font-size: 12pt;">&#8211; (em correção)</span></span></p>
<p><span style="font-family: georgia, palatino, serif; font-size: 12pt; color: #464646;"><strong>Orientador:</strong> Fábio Raphael Pascoti Bruhn</span></p>
<p><span style="font-family: georgia, palatino, serif; font-size: 12pt; color: #464646;"><strong>Data da Defesa:</strong> xx/02/2026</span></p>
<hr />
<p><span style="font-family: georgia, palatino, serif; font-size: 12pt; color: #464646;"><strong>Bianca de Fátima Dallo</strong></span></p>
<p><span style="font-family: georgia, palatino, serif; font-size: 12pt; color: #464646;"><strong>Título:</strong> <span style="font-family: georgia, palatino, serif; font-size: 12pt;">&#8211; (em correção)</span></span></p>
<p><span style="font-family: georgia, palatino, serif; font-size: 12pt; color: #464646;"><strong>Orientador:</strong> Bruna da Rosa Curcio</span></p>
<p><span style="font-family: georgia, palatino, serif; font-size: 12pt; color: #464646;"><strong>Data da Defesa:</strong> xx/02/2026</span></p>
<hr />
<p><span style="font-family: georgia, palatino, serif; font-size: 12pt; color: #464646;"><strong>Caroline Xavier Grala</strong></span></p>
<p><span style="font-family: georgia, palatino, serif; font-size: 12pt; color: #464646;"><strong>Título:</strong> <span style="font-family: georgia, palatino, serif; font-size: 12pt;">&#8211; (em correção)</span></span></p>
<p><span style="font-family: georgia, palatino, serif; font-size: 12pt; color: #464646;"><strong>Orientador:</strong> Sérgio Jorge</span></p>
<p><span style="font-family: georgia, palatino, serif; font-size: 12pt; color: #464646;"><strong>Data da Defesa:</strong> xx/02/2026</span></p>
<hr />
<p><span style="font-family: georgia, palatino, serif; font-size: 12pt; color: #464646;"><strong>Crescêncio da Amargura Almeida Mucipo</strong></span></p>
<p><span style="font-family: georgia, palatino, serif; font-size: 12pt; color: #464646;"><strong>Título:</strong> <span style="font-family: georgia, palatino, serif; font-size: 12pt;">&#8211; (em correção)</span></span></p>
<p><span style="font-family: georgia, palatino, serif; font-size: 12pt; color: #464646;"><strong>Orientador:</strong> Rodrigo Casquero Cunha</span></p>
<p><span style="font-family: georgia, palatino, serif; font-size: 12pt; color: #464646;"><strong>Data da Defesa:</strong> xx/02/2026</span></p>
<hr />
<p><span style="font-family: georgia, palatino, serif; font-size: 12pt; color: #464646;"><strong>Eugênia Tavares Barwaldt</strong></span></p>
<p><span style="font-family: georgia, palatino, serif; font-size: 12pt; color: #464646;"><strong>Título:</strong> <span style="font-family: georgia, palatino, serif; font-size: 12pt;">&#8211; (em correção)</span></span></p>
<p><span style="font-family: georgia, palatino, serif; font-size: 12pt; color: #464646;"><strong>Orientador:</strong> Sérgio Jorge</span></p>
<p><span style="font-family: georgia, palatino, serif; font-size: 12pt; color: #464646;"><strong>Data da Defesa:</strong> xx/02/2026</span></p>
<hr />
<p><span style="font-family: georgia, palatino, serif; font-size: 12pt; color: #464646;"><strong>Guilherme Souza Firpo</strong></span></p>
<p><span style="font-family: georgia, palatino, serif; font-size: 12pt; color: #464646;"><strong>Título:</strong> <span style="font-family: georgia, palatino, serif; font-size: 12pt;">&#8211; (em correção)</span></span></p>
<p><span style="font-family: georgia, palatino, serif; font-size: 12pt; color: #464646;"><strong>Orientador:</strong> Marcelo de Lima</span></p>
<p><span style="font-family: georgia, palatino, serif; font-size: 12pt; color: #464646;"><strong>Data da Defesa:</strong> xx/02/2026</span></p>
<hr />
<p><span style="font-family: georgia, palatino, serif; font-size: 12pt; color: #464646;"><strong>Isabela de Souza Morales</strong></span></p>
<p><span style="font-family: georgia, palatino, serif; font-size: 12pt; color: #464646;"><strong>Título:</strong> <span style="font-family: georgia, palatino, serif; font-size: 12pt;">&#8211; (em correção)</span></span></p>
<p><span style="font-family: georgia, palatino, serif; font-size: 12pt; color: #464646;"><strong>Orientador:</strong> Renata Osório de Faria</span></p>
<p><span style="font-family: georgia, palatino, serif; font-size: 12pt; color: #464646;"><strong>Data da Defesa:</strong> xx/02/2026</span></p>
<hr />
<p><span style="font-family: georgia, palatino, serif; font-size: 12pt; color: #464646;"><strong>Lucas Schaefer Batista</strong></span></p>
<p><span style="font-family: georgia, palatino, serif; font-size: 12pt; color: #464646;"><strong>Título:</strong> <span style="font-family: georgia, palatino, serif; font-size: 12pt;">&#8211; (em correção)</span></span></p>
<p><span style="font-family: georgia, palatino, serif; font-size: 12pt; color: #464646;"><strong>Orientador:</strong> Patrícia da Silva Nascente</span></p>
<p><span style="font-family: georgia, palatino, serif; font-size: 12pt; color: #464646;"><strong>Data da Defesa:</strong> xx/02/2026</span></p>
<hr />
<p><span style="font-family: georgia, palatino, serif; font-size: 12pt; color: #464646;"><strong>Mariana Hernandez Libos</strong></span></p>
<p><span style="font-family: georgia, palatino, serif; font-size: 12pt; color: #464646;"><strong>Título:</strong> <span style="font-family: georgia, palatino, serif; font-size: 12pt;">&#8211; (em correção)</span></span></p>
<p><span style="font-family: georgia, palatino, serif; font-size: 12pt; color: #464646;"><strong>Orientador:</strong> Fábio Pereira Leivas Leite</span></p>
<p><span style="font-family: georgia, palatino, serif; font-size: 12pt; color: #464646;"><strong>Data da Defesa:</strong> xx/02/2026</span></p>
<hr />
<p><span style="font-family: georgia, palatino, serif; font-size: 12pt; color: #464646;"><strong>Maritza Medina Ramirez</strong></span></p>
<p><span style="font-family: georgia, palatino, serif; font-size: 12pt; color: #464646;"><strong>Título:</strong> <span style="font-family: georgia, palatino, serif; font-size: 12pt;">&#8211; (em correção)</span></span></p>
<p><span style="font-family: georgia, palatino, serif; font-size: 12pt; color: #464646;"><strong>Orientador:</strong> Eliza Simone Viégas Sallis</span></p>
<p><span style="font-family: georgia, palatino, serif; font-size: 12pt; color: #464646;"><strong>Data da Defesa:</strong> xx/02/2026</span></p>
<hr />
<p><span style="font-family: georgia, palatino, serif; font-size: 12pt; color: #464646;"><strong>Micael Feliciano Machado Lopes</strong></span></p>
<p><span style="font-family: georgia, palatino, serif; font-size: 12pt; color: #464646;"><strong>Título:</strong> <span style="font-family: georgia, palatino, serif; font-size: 12pt;">&#8211; (em correção)</span></span></p>
<p><span style="font-family: georgia, palatino, serif; font-size: 12pt; color: #464646;"><strong>Orientador:</strong> Carlos Eduardo Wayne Nogueira</span></p>
<p><span style="font-family: georgia, palatino, serif; font-size: 12pt; color: #464646;"><strong>Data da Defesa:</strong> xx/02/2026</span></p>
<hr />
<p><span style="font-family: georgia, palatino, serif; font-size: 12pt; color: #464646;"><strong>Nicole Freitas Gonçalves</strong></span></p>
<p><span style="font-family: georgia, palatino, serif; font-size: 12pt; color: #464646;"><strong>Título:</strong> <span style="font-family: georgia, palatino, serif; font-size: 12pt;">&#8211; (em correção)</span></span></p>
<p><span style="font-family: georgia, palatino, serif; font-size: 12pt; color: #464646;"><strong>Orientador:</strong> Carine Dahl Corcini</span></p>
<p><span style="font-family: georgia, palatino, serif; font-size: 12pt; color: #464646;"><strong>Data da Defesa:</strong> xx/02/2026</span></p>
<hr />
<p><span style="font-family: georgia, palatino, serif; font-size: 12pt; color: #464646;"><strong>Paulo Ricardo Losekann II</strong></span></p>
<p><span style="font-family: georgia, palatino, serif; font-size: 12pt; color: #464646;"><strong>Título:</strong> <span style="font-family: georgia, palatino, serif; font-size: 12pt;">&#8211; (em correção)</span></span></p>
<p><span style="font-family: georgia, palatino, serif; font-size: 12pt; color: #464646;"><strong>Orientador:</strong> Rafael Gianella Mondadori</span></p>
<p><span style="font-family: georgia, palatino, serif; font-size: 12pt; color: #464646;"><strong>Data da Defesa:</strong> xx/02/2026</span></p>
<hr />
<p><span style="font-family: georgia, palatino, serif; font-size: 12pt; color: #464646;"><strong>Rudinei Klahn Muniz Júnior</strong></span></p>
<p><span style="font-family: georgia, palatino, serif; font-size: 12pt; color: #464646;"><strong>Título:</strong> <span style="font-family: georgia, palatino, serif; font-size: 12pt;">&#8211; (em correção)</span></span></p>
<p><span style="font-family: georgia, palatino, serif; font-size: 12pt; color: #464646;"><strong>Orientador:</strong> Rafael Gianella Mondadori</span></p>
<p><span style="font-family: georgia, palatino, serif; font-size: 12pt; color: #464646;"><strong>Data da Defesa:</strong> xx/02/2026</span></p>
<hr />
<p><span style="font-family: georgia, palatino, serif; font-size: 12pt; color: #464646;"><strong>Sabrina Amalia Jappe</strong></span></p>
<p><span style="font-family: georgia, palatino, serif; font-size: 12pt; color: #464646;"><strong>Título:</strong> <span style="font-family: georgia, palatino, serif; font-size: 12pt;">&#8211; (em correção)</span></span></p>
<p><span style="font-family: georgia, palatino, serif; font-size: 12pt; color: #464646;"><strong>Orientador:</strong> Bernardo Garziera Gasperin</span></p>
<p><span style="font-family: georgia, palatino, serif; font-size: 12pt; color: #464646;"><strong>Data da Defesa:</strong> xx/02/2026</span></p>
<hr />
<p><span style="font-family: georgia, palatino, serif; font-size: 12pt; color: #464646;"><strong>Wellington da Rocha da Silva</strong></span></p>
<p><span style="font-family: georgia, palatino, serif; font-size: 12pt; color: #464646;"><strong>Título:</strong> <span style="font-family: georgia, palatino, serif; font-size: 12pt;">&#8211; (em correção)</span></span></p>
<p><span style="font-family: georgia, palatino, serif; font-size: 12pt; color: #464646;"><strong>Orientador:</strong> Silvia de Oliveira Hübner</span></p>
<p><span style="font-family: georgia, palatino, serif; font-size: 12pt; color: #464646;"><strong>Data da Defesa:</strong> xx/02/2026</span></p>
<hr />
<p>&nbsp;</p>
<p>&nbsp;</p>

<p>&nbsp; Dissertações 2026 &nbsp; Alan Carlos de Santana Título: &#8211; (em correção) Orientador: Fábio Raphael Pascoti Bruhn Data da Defesa: xx/02/2026 Bianca de Fátima Dallo Título: &#8211; (em correção) Orientador: Bruna da Rosa Curcio Data da Defesa: xx/02/2026 Caroline Xavier Grala Título: &#8211; (em correção) Orientador: Sérgio Jorge Data da Defesa: xx/02/2026 Crescêncio da Amargura Almeida Mucipo Título: &#8211; (em correção) [&hellip;]</p>
