{"id":4486,"date":"2019-12-09T15:13:54","date_gmt":"2019-12-09T18:13:54","guid":{"rendered":"https:\/\/wp.ufpel.edu.br\/ppgveterinaria\/?page_id=4486"},"modified":"2022-06-08T18:10:27","modified_gmt":"2022-06-08T21:10:27","slug":"parcerias-e-atividades","status":"publish","type":"page","link":"https:\/\/wp.ufpel.edu.br\/ppgveterinaria\/internacionalizacao\/parcerias-e-atividades\/","title":{"rendered":"Parcerias e Atividades"},"content":{"rendered":"<p>&nbsp;<\/p>\n<p style=\"text-align: justify;\"><span style=\"color: #464646;\">ATIVIDADES DE COLABORA\u00c7\u00c3O CIENT\u00cdFICA OU DE PARTICIPA\u00c7\u00c3O ACAD\u00caMICO-CIENT\u00cdFICAS\u00a0 INTERNACIONAIS<\/span><\/p>\n<p style=\"text-align: justify;\"><span style=\"color: #464646;\">O corpo docente do PPGV possui parcerias ativas com docentes e pesquisadores de Universidades e Institui\u00e7\u00f5es de destaque Internacional, nos Estados Unidos, Canad\u00e1, Europa e pa\u00edses da Am\u00e9rica Latina. A rela\u00e7\u00e3o se d\u00e1 entre grupos de pesquisa, podendo ser observada na forma de participa\u00e7\u00f5es em p\u00f3s-doutoramentos, publica\u00e7\u00f5es em colabora\u00e7\u00e3o internacional em revistas de alta qualifica\u00e7\u00e3o, interc\u00e2mbio para doutorado sandu\u00edche em centros de excel\u00eancia, est\u00e1gios no exterior e participa\u00e7\u00e3o de pesquisadores estrangeiros em cursos e palestras junto ao PPGV.<\/span><\/p>\n<p style=\"text-align: justify;\"><span style=\"color: #464646;\"><strong>CIVME<\/strong><\/span><\/p>\n<p style=\"text-align: justify;\"><span style=\"color: #464646;\">O professor Rafael Gianella Mondadori atua como representante da Am\u00e9rica Latina e Caribe do Conselho Internacional de Educa\u00e7\u00e3o M\u00e9dica Veterin\u00e1ria (<em>Council on International Veterinary Medical Education<\/em>\/ CIVME), com sede em Washington D.C., United States.<\/span><\/p>\n<p style=\"text-align: justify;\"><span style=\"color: #464646;\">O CIVME foi criado em 2016, com o objetivo de promover a colabora\u00e7\u00e3o, a inova\u00e7\u00e3o e o compartilhamento de melhores pr\u00e1ticas em escala mundial, para melhorar a qualidade do ensino e da aprendizagem no ensino M\u00e9dico Veterin\u00e1rio. A exist\u00eancia do CIVME serve como um lembrete constante da obriga\u00e7\u00e3o da profiss\u00e3o de garantir que os benef\u00edcios da medicina veterin\u00e1ria moderna sejam compartilhados com o maior n\u00famero poss\u00edvel de pessoas e animais em todo o mundo.<\/span><\/p>\n<p style=\"text-align: justify;\"><span style=\"color: #464646;\">Os objetivos do CIVME s\u00e3o congruentes com a Agenda 2030 das Na\u00e7\u00f5es Unidas para o Desenvolvimento Sustent\u00e1vel, que lista 17 objetivos de desenvolvimento sustent\u00e1vel (ODS) estruturados em um pedido urgente de a\u00e7\u00e3o pelos pa\u00edses em desenvolvimento e desenvolvidos, trabalhando juntos em uma parceria global. Esses objetivos exigem o fim da fome, boa sa\u00fade e bem-estar, educa\u00e7\u00e3o de qualidade, \u00e1gua pot\u00e1vel, crescimento econ\u00f4mico e consumo e produ\u00e7\u00e3o respons\u00e1veis. Profissionais m\u00e9dicos veterin\u00e1rios t\u00eam um grande papel a desempenhar em muitos deles.<\/span><\/p>\n<p style=\"text-align: justify;\"><span style=\"color: #464646;\">O CIVME \u00e9 composto por representantes de oito grandes regi\u00f5es globais.<\/span><\/p>\n<p style=\"text-align: justify;\"><span style=\"color: #464646;\">Mais informa\u00e7\u00f5es podem ser obtidas em <a style=\"color: #464646;\" href=\"https:\/\/www.aavmc.org\/civme\/roster\" target=\"_blank\" rel=\"noopener noreferrer\" data-saferedirecturl=\"https:\/\/www.google.com\/url?q=https:\/\/www.aavmc.org\/civme\/roster&amp;source=gmail&amp;ust=1576085029510000&amp;usg=AFQjCNEzjhCxD3mAbwiUPwTVwuq_cKk_iw\">https:\/\/www.aavmc.org\/civme\/roster<\/a><\/span><\/p>\n<p>&nbsp;<\/p>\n<p style=\"text-align: justify;\"><span style=\"color: #464646;\"><strong>Parcerias com Universidades e Institui\u00e7\u00f5es Internacionais<\/strong><\/span><\/p>\n<p style=\"text-align: justify;\"><span style=\"color: #464646;\">&#8211; Cornell University, Ithaca, NY, USA; <em>Prof. Dr. Diego Gustavo Diel; Prof. Dr. Walter Ronald Butler; PhD. Maureen Hoch Vieira Fernandes<\/em><\/span><\/p>\n<p style=\"text-align: justify;\"><span style=\"color: #464646;\">&#8211; University of Central Florida, Orlando, FL, USA; <em>Prof. Dr. Michal M. Masternak<\/em><\/span><\/p>\n<p style=\"text-align: justify;\"><span style=\"color: #464646;\">&#8211; University of Oklahoma Health Sciences Center, Oklahoma City, OK, USA; <em>Prof. PhD. Michael Stout<\/em><\/span><\/p>\n<p style=\"text-align: justify;\"><span style=\"color: #464646;\">&#8211; University of Illinois, EUA; <em>Prof. Dr. Felipe Cardoso<\/em><\/span><\/p>\n<p style=\"text-align: justify;\"><span style=\"color: #464646;\">&#8211; University of Wyoming, Laramie, WY, EUA; <em>Prof. Dr. Bret Hess<\/em><\/span><\/p>\n<p style=\"text-align: justify;\"><span style=\"color: #464646;\">&#8211; Michigan State University, Diagnostic Center for Population and Animal Health, EUA; <em>Dr.\u00a0Steven R.\u00a0Bolin<\/em><\/span><\/p>\n<p style=\"text-align: justify;\"><span style=\"color: #464646;\">&#8211; Universit\u00e0 Degli Studi di Napoli Federico II, N\u00e1polis, It\u00e1lia; <em>Prof. Dr. Ezio Ricca<\/em><\/span><\/p>\n<p style=\"text-align: justify;\"><span style=\"color: #464646;\">&#8211; University of Surrey, Inglaterra; <em>Prof. PhD. Johnjoe McFadden<\/em><\/span><\/p>\n<p style=\"text-align: justify;\"><span style=\"color: #464646;\">&#8211; University of Saskatchewan, Canad\u00e1; <em>Prof. PhD. AJaswant Singh<\/em><\/span><\/p>\n<p style=\"text-align: justify;\"><span style=\"color: #464646;\">&#8211; McGill University, Canad\u00e1; <em>Prof. Vilceu Bordignon<\/em><\/span><\/p>\n<p style=\"text-align: justify;\"><span style=\"color: #464646;\">&#8211; Institute of Biochemistry and Biotechnology,\u00a0 Technische Universitat Braunschweig, Alemanha; <em>Prof. PhD Michael Hust<\/em><\/span><\/p>\n<p style=\"text-align: justify;\"><span style=\"color: #464646;\">&#8211; Universidad de la Salle, Bogot\u00e1, Col\u00f4mbia; <em>Profa. Dra. Carolina Bespalhok Jacometo<\/em><\/span><\/p>\n<p style=\"text-align: justify;\"><span style=\"color: #464646;\">&#8211; Universidad de la Rep\u00fablica (UDELAR), Uruguai; <em>Prof. Dr. Rodrigo Puentes<\/em><\/span><\/p>\n<p style=\"text-align: justify;\"><span style=\"color: #464646;\">&#8211; Instituto Nacional de Investigaci\u00f3n Agropecuaria do Uruguai (INIA), Estaci\u00f3n Experimental \u201cDr. Alberto Boerger\u201d, Uruguai;<\/span><\/p>\n<p style=\"text-align: justify;\"><span style=\"color: #464646;\">&#8211; Inst. Nacional de Tecnolog\u00eda Agropecuaria (INTA), Argentina; <em>Dra. Sonia Romera<\/em><\/span><\/p>\n<p style=\"text-align: justify;\"><span style=\"color: #464646;\">&#8211; Southern Illinois University Carbondale &#8211; Illinois &#8211; EUA; Prof. PhD Eduardo Leite Gastal<\/span><\/p>\n","protected":false},"excerpt":{"rendered":"<p>&nbsp; ATIVIDADES DE COLABORA\u00c7\u00c3O CIENT\u00cdFICA OU DE PARTICIPA\u00c7\u00c3O ACAD\u00caMICO-CIENT\u00cdFICAS\u00a0 INTERNACIONAIS O corpo docente do PPGV possui parcerias ativas com docentes e pesquisadores de Universidades e Institui\u00e7\u00f5es de destaque Internacional, nos Estados Unidos, Canad\u00e1, Europa e pa\u00edses da Am\u00e9rica Latina. A rela\u00e7\u00e3o se d\u00e1 entre grupos de pesquisa, podendo ser observada na forma de participa\u00e7\u00f5es em [&hellip;]<\/p>\n","protected":false},"author":391,"featured_media":0,"parent":805,"menu_order":4,"comment_status":"closed","ping_status":"closed","template":"","meta":{"footnotes":""},"class_list":["post-4486","page","type-page","status-publish","hentry"],"_links":{"self":[{"href":"https:\/\/wp.ufpel.edu.br\/ppgveterinaria\/wp-json\/wp\/v2\/pages\/4486","targetHints":{"allow":["GET"]}}],"collection":[{"href":"https:\/\/wp.ufpel.edu.br\/ppgveterinaria\/wp-json\/wp\/v2\/pages"}],"about":[{"href":"https:\/\/wp.ufpel.edu.br\/ppgveterinaria\/wp-json\/wp\/v2\/types\/page"}],"author":[{"embeddable":true,"href":"https:\/\/wp.ufpel.edu.br\/ppgveterinaria\/wp-json\/wp\/v2\/users\/391"}],"replies":[{"embeddable":true,"href":"https:\/\/wp.ufpel.edu.br\/ppgveterinaria\/wp-json\/wp\/v2\/comments?post=4486"}],"version-history":[{"count":15,"href":"https:\/\/wp.ufpel.edu.br\/ppgveterinaria\/wp-json\/wp\/v2\/pages\/4486\/revisions"}],"predecessor-version":[{"id":5888,"href":"https:\/\/wp.ufpel.edu.br\/ppgveterinaria\/wp-json\/wp\/v2\/pages\/4486\/revisions\/5888"}],"up":[{"embeddable":true,"href":"https:\/\/wp.ufpel.edu.br\/ppgveterinaria\/wp-json\/wp\/v2\/pages\/805"}],"wp:attachment":[{"href":"https:\/\/wp.ufpel.edu.br\/ppgveterinaria\/wp-json\/wp\/v2\/media?parent=4486"}],"curies":[{"name":"wp","href":"https:\/\/api.w.org\/{rel}","templated":true}]}}