{"id":4371,"date":"2019-10-10T16:49:38","date_gmt":"2019-10-10T19:49:38","guid":{"rendered":"https:\/\/wp.ufpel.edu.br\/ppgveterinaria\/?page_id=4371"},"modified":"2020-03-04T17:24:44","modified_gmt":"2020-03-04T20:24:44","slug":"2020-2","status":"publish","type":"page","link":"https:\/\/wp.ufpel.edu.br\/ppgveterinaria\/editais\/mestrado-e-doutorado\/2020-2\/","title":{"rendered":"2020"},"content":{"rendered":"<p>&nbsp;<\/p>\n<ul>\n<li><span style=\"color: #464646\"><a style=\"color: #464646\" href=\"https:\/\/wp.ufpel.edu.br\/ppgveterinaria\/files\/2019\/12\/SEI_UFPel-0823922-Edital-de-sele\u00e7\u00e3o-PRPPGI.pdf\" target=\"_blank\" rel=\"noopener noreferrer\">Edital Mestrado e Doutorado &#8211; Ingresso em 2020<\/a><\/span><\/li>\n<li><span style=\"color: #464646\"><a style=\"color: #464646\" href=\"https:\/\/wp.ufpel.edu.br\/ppgveterinaria\/files\/2019\/11\/Formul\u00e1rio-de-Inscri\u00e7\u00e3o.docx\" target=\"_blank\" rel=\"noopener noreferrer\">Formul\u00e1rio &#8211; Inscri\u00e7\u00e3o<\/a><\/span><\/li>\n<li><span style=\"color: #464646\"><a style=\"color: #464646\" href=\"https:\/\/wp.ufpel.edu.br\/ppgveterinaria\/files\/2020\/01\/Planilha-Sele\u00e7\u00e3o-2020-PPGV-Site.xlsx\" target=\"_blank\" rel=\"noopener noreferrer\">Planilha Avalia\u00e7\u00e3o do Curr\u00edculo &#8211; Mestrado e Doutorado<\/a> (Nova)<\/span><\/li>\n<li><span style=\"color: #464646\"><a style=\"color: #464646\" href=\"https:\/\/wp.ufpel.edu.br\/ppgveterinaria\/files\/2014\/07\/Declara%C3%A7%C3%A3o-de-Etnia-edit%C3%A1vel.docx\">Declara\u00e7\u00e3o de Etnia<\/a><\/span><\/li>\n<li><span style=\"color: #464646\"><a style=\"color: #464646\" href=\"https:\/\/wp.ufpel.edu.br\/ppgveterinaria\/files\/2019\/11\/Checklist-Inscri\u00e7\u00e3o-Sele\u00e7\u00e3o-2020.docx\" target=\"_blank\" rel=\"noopener noreferrer\">Checklist<\/a><\/span><\/li>\n<li><a href=\"https:\/\/wp.ufpel.edu.br\/ppgveterinaria\/pt\/selecao-2020-classificacao-final-e-matricula\/\" target=\"_blank\" rel=\"noopener noreferrer\"><span style=\"color: #464646\">Resultado<\/span><\/a><\/li>\n<\/ul>\n","protected":false},"excerpt":{"rendered":"<p>&nbsp; Edital Mestrado e Doutorado &#8211; Ingresso em 2020 Formul\u00e1rio &#8211; Inscri\u00e7\u00e3o Planilha Avalia\u00e7\u00e3o do Curr\u00edculo &#8211; Mestrado e Doutorado (Nova) Declara\u00e7\u00e3o de Etnia Checklist Resultado<\/p>\n","protected":false},"author":391,"featured_media":0,"parent":3675,"menu_order":-1,"comment_status":"closed","ping_status":"closed","template":"","meta":{"footnotes":""},"class_list":["post-4371","page","type-page","status-publish","hentry"],"_links":{"self":[{"href":"https:\/\/wp.ufpel.edu.br\/ppgveterinaria\/wp-json\/wp\/v2\/pages\/4371","targetHints":{"allow":["GET"]}}],"collection":[{"href":"https:\/\/wp.ufpel.edu.br\/ppgveterinaria\/wp-json\/wp\/v2\/pages"}],"about":[{"href":"https:\/\/wp.ufpel.edu.br\/ppgveterinaria\/wp-json\/wp\/v2\/types\/page"}],"author":[{"embeddable":true,"href":"https:\/\/wp.ufpel.edu.br\/ppgveterinaria\/wp-json\/wp\/v2\/users\/391"}],"replies":[{"embeddable":true,"href":"https:\/\/wp.ufpel.edu.br\/ppgveterinaria\/wp-json\/wp\/v2\/comments?post=4371"}],"version-history":[{"count":18,"href":"https:\/\/wp.ufpel.edu.br\/ppgveterinaria\/wp-json\/wp\/v2\/pages\/4371\/revisions"}],"predecessor-version":[{"id":4707,"href":"https:\/\/wp.ufpel.edu.br\/ppgveterinaria\/wp-json\/wp\/v2\/pages\/4371\/revisions\/4707"}],"up":[{"embeddable":true,"href":"https:\/\/wp.ufpel.edu.br\/ppgveterinaria\/wp-json\/wp\/v2\/pages\/3675"}],"wp:attachment":[{"href":"https:\/\/wp.ufpel.edu.br\/ppgveterinaria\/wp-json\/wp\/v2\/media?parent=4371"}],"curies":[{"name":"wp","href":"https:\/\/api.w.org\/{rel}","templated":true}]}}