{"id":2391,"date":"2016-03-15T17:39:20","date_gmt":"2016-03-15T20:39:20","guid":{"rendered":"https:\/\/wp.ufpel.edu.br\/ppgveterinaria\/?page_id=2391"},"modified":"2019-01-14T10:06:26","modified_gmt":"2019-01-14T12:06:26","slug":"2016-2","status":"publish","type":"page","link":"https:\/\/wp.ufpel.edu.br\/ppgveterinaria\/dissertacoesteses\/dissertacoes\/2016-2\/","title":{"rendered":"2016"},"content":{"rendered":"<p>&nbsp;<\/p>\n<ul>\n<li><span style=\"color: #464646\"><strong>Disserta\u00e7\u00f5es 2016<\/strong><\/span><\/li>\n<\/ul>\n<p>&nbsp;<\/p>\n<p><span style=\"color: #464646\">___________________________________________________________________________<\/span><\/p>\n<p><span style=\"color: #464646\"><strong>Alegan\u00ed Vieira Monteiro\u00a0\u00a0\u00a0\u00a0\u00a0\u00a0\u00a0\u00a0\u00a0\u00a0\u00a0\u00a0<\/strong><\/span><\/p>\n<p><span style=\"color: #464646\"><strong>T\u00edtulo: <\/strong><a style=\"color: #464646\" href=\"https:\/\/wp.ufpel.edu.br\/ppgveterinaria\/files\/2016\/03\/Alegani-Vieira-Monteiro.pdf\" target=\"_blank\" rel=\"noopener noreferrer\">Influ\u00eancia da ingest\u00e3o de \u00e1gua por vacas leiteiras durante a ordenha em diferentes est\u00e1gios de lacta\u00e7\u00e3o<\/a><\/span><\/p>\n<p><span style=\"color: #464646\"><strong>Orientador:<\/strong>\u00a0Marcio Nunes Corr\u00eaa<\/span><\/p>\n<p><span style=\"color: #464646\"><strong>Data de Defesa:<\/strong><strong>\u00a0<\/strong>15\/02\/2016<\/span><\/p>\n<p><span style=\"color: #464646\">___________________________________________________________________________<\/span><\/p>\n<p><span style=\"color: #464646\"><strong>Alessandra Cardoso da Silva\u00a0\u00a0\u00a0\u00a0\u00a0<\/strong><\/span><\/p>\n<p><span style=\"color: #464646\"><strong>T\u00edtulo: <\/strong><a style=\"color: #464646\" href=\"https:\/\/wp.ufpel.edu.br\/ppgveterinaria\/files\/2016\/03\/Alessandra-Cardoso-da-Silva.pdf\" target=\"_blank\" rel=\"noopener noreferrer\">Uso da lectina do quiabo (<em>Abelmoschus esculentus<\/em>) como marcador da c\u00e9lula esperm\u00e1tica ovina<\/a><\/span><\/p>\n<p><span style=\"color: #464646\"><strong>Orientador:<\/strong>\u00a0 Carine Dahl Corcini<\/span><\/p>\n<p><span style=\"color: #464646\"><strong>Data de Defesa:\u00a0<\/strong>12\/02\/2016<\/span><\/p>\n<p><span style=\"color: #464646\">___________________________________________________________________________<\/span><\/p>\n<p><span style=\"color: #464646\"><strong>Andressa Dutra Piovesan\u00a0\u00a0\u00a0\u00a0\u00a0\u00a0\u00a0\u00a0\u00a0\u00a0\u00a0<\/strong><\/span><\/p>\n<p><span style=\"color: #464646\"><strong>T\u00edtulo:\u00a0<\/strong><a style=\"color: #464646\" href=\"https:\/\/wp.ufpel.edu.br\/ppgveterinaria\/files\/2016\/03\/Andressa-Dutra-Piovesan-Rossato.pdf\" target=\"_blank\" rel=\"noopener noreferrer\">Estudo do Impacto de Fatores Epidemiol\u00f3gicos, Cl\u00ednicos e Anatomopatol\u00f3gicos na Sobrevida de Cadelas Portadoras de Neoplasmas Mam\u00e1rios<\/a><\/span><\/p>\n<p><span style=\"color: #464646\"><strong>Orientador:<\/strong> \u00a0Cristina Gevehr Fernandes<\/span><\/p>\n<p><span style=\"color: #464646\"><strong>Data de Defesa:\u00a0<\/strong>21\/12\/2016<\/span><\/p>\n<p><span style=\"color: #464646\">___________________________________________________________________________<\/span><\/p>\n<p><span style=\"color: #464646\"><strong>Bianca Lemos dos Santos\u00a0\u00a0\u00a0\u00a0\u00a0\u00a0\u00a0\u00a0\u00a0\u00a0\u00a0<\/strong><\/span><\/p>\n<p><span style=\"color: #464646\"><strong>T\u00edtulo: <\/strong><a style=\"color: #464646\" href=\"https:\/\/wp.ufpel.edu.br\/ppgveterinaria\/files\/2016\/03\/Bianca-Lemos-dos-Santos-Resumo.pdf\" target=\"_blank\" rel=\"noopener noreferrer\">Doen\u00e7as do sistema nervoso central que afetam bezerros at\u00e9 12 meses de idade no Sul do Rio Grande do Sul: estudo retrospectivo<\/a><\/span><\/p>\n<p><span style=\"color: #464646\"><strong>Orientador:<\/strong>\u00a0\u00a0Ana Lucia Pereira Schild<\/span><\/p>\n<p><span style=\"color: #464646\"><strong>Data de Defesa:\u00a0<\/strong>26\/02\/2016<\/span><\/p>\n<p><span style=\"color: #464646\">___________________________________________________________________________<\/span><\/p>\n<p><span style=\"color: #464646\"><strong>Bruna dos Santos Su\u00f1\u00e9 Moraes\u00a0\u00a0\u00a0\u00a0\u00a0\u00a0\u00a0\u00a0\u00a0\u00a0\u00a0\u00a0\u00a0\u00a0<\/strong><\/span><\/p>\n<p><span style=\"color: #464646\"><strong>T\u00edtulo: <\/strong><a style=\"color: #464646\" href=\"https:\/\/wp.ufpel.edu.br\/ppgveterinaria\/files\/2016\/03\/Bruna-dos-Santos-Su\u00f1\u00e9-Moraes.pdf\" target=\"_blank\" rel=\"noopener noreferrer\">Biometria de potros da ra\u00e7a Crioula<\/a><\/span><\/p>\n<p><span style=\"color: #464646\"><strong>Orientador:<\/strong>\u00a0\u00a0Carlos Eduardo Wayne Nogueira<\/span><\/p>\n<p><span style=\"color: #464646\"><strong>Data de Defesa:\u00a0<\/strong>16\/02\/2016<\/span><\/p>\n<p><span style=\"color: #464646\">___________________________________________________________________________<\/span><\/p>\n<p><span style=\"color: #464646\"><strong>Camile Milan\u00a0\u00a0\u00a0<\/strong><\/span><\/p>\n<p><span style=\"color: #464646\"><strong>T\u00edtulo: <\/strong><a style=\"color: #464646\" href=\"https:\/\/wp.ufpel.edu.br\/ppgveterinaria\/files\/2016\/03\/Camile-Milan.pdf\" target=\"_blank\" rel=\"noopener noreferrer\">Rastreamento de <em>Campylobacter <\/em>spp. no fluxograma de abate de su\u00ednos<\/a><\/span><\/p>\n<p><span style=\"color: #464646\"><strong>Orientador:<\/strong>\u00a0\u00a0Cl\u00e1udio Dias Timm<\/span><\/p>\n<p><span style=\"color: #464646\"><strong>Data de Defesa:\u00a0<\/strong>18\/02\/2016<\/span><\/p>\n<p><span style=\"color: #464646\">___________________________________________________________________________<\/span><\/p>\n<p><span style=\"color: #464646\"><strong>Carolina da Fonseca Sapin\u00a0\u00a0\u00a0\u00a0\u00a0\u00a0\u00a0\u00a0\u00a0<\/strong><\/span><\/p>\n<p><span style=\"color: #464646\"><strong>T\u00edtulo: <\/strong><a style=\"color: #464646\" href=\"https:\/\/wp.ufpel.edu.br\/ppgveterinaria\/files\/2016\/03\/Carolina-da-Fonseca-Sapin.pdf\" target=\"_blank\" rel=\"noopener noreferrer\">Patologias do sistema urin\u00e1rio de c\u00e3es e gatos<\/a><\/span><\/p>\n<p><span style=\"color: #464646\"><strong>Orientador:<\/strong>\u00a0\u00a0Fabiane Borelli Grecco<\/span><\/p>\n<p><span style=\"color: #464646\"><strong>Data de Defesa:\u00a0<\/strong>19\/02\/2016<\/span><\/p>\n<p><span style=\"color: #464646\">___________________________________________________________________________<\/span><\/p>\n<p><span style=\"color: #464646\"><strong>Claudio Junior Machado Posser\u00a0\u00a0\u00a0\u00a0\u00a0\u00a0\u00a0\u00a0\u00a0\u00a0\u00a0\u00a0\u00a0<\/strong><\/span><\/p>\n<p><span style=\"color: #464646\"><strong>T\u00edtulo: <\/strong><a style=\"color: #464646\" href=\"https:\/\/wp.ufpel.edu.br\/ppgveterinaria\/files\/2016\/03\/Claudio-Junior-Machado-Posser.pdf\" target=\"_blank\" rel=\"noopener noreferrer\">Suplementa\u00e7\u00e3o de \u00e1cidos graxos poliinsaturados \u00f4mega 3 em f\u00eameas su\u00ednas: impacto sobre marcadores metab\u00f3licos e desempenho reprodutivo<\/a><\/span><\/p>\n<p><span style=\"color: #464646\"><strong>Orientador:<\/strong>\u00a0\u00a0Thomaz Lucia Jr<\/span><\/p>\n<p><span style=\"color: #464646\"><strong>Data de Defesa:\u00a0<\/strong>15\/02\/2016<\/span><\/p>\n<p><span style=\"color: #464646\">___________________________________________________________________________<\/span><\/p>\n<p><span style=\"color: #464646\"><strong>Cristine Cioato da Silva\u00a0\u00a0\u00a0\u00a0\u00a0\u00a0\u00a0\u00a0\u00a0\u00a0\u00a0\u00a0\u00a0\u00a0\u00a0<\/strong><\/span><\/p>\n<p><span style=\"color: #464646\"><strong>T\u00edtulo: <\/strong><a style=\"color: #464646\" href=\"https:\/\/wp.ufpel.edu.br\/ppgveterinaria\/files\/2016\/03\/Cristine-Cioato-da-Silva.pdf\" target=\"_blank\" rel=\"noopener noreferrer\">Estudo retrospectivo de melanomas cut\u00e2neos caninos e determina\u00e7\u00e3o da atividade citot\u00f3xica de produtos vegetais frente a c\u00e9lulas neopl\u00e1sicas (B16F10) e n\u00e3o neopl\u00e1sicas (MDBK)<\/a><\/span><\/p>\n<p><span style=\"color: #464646\"><strong>Orientador:<\/strong>\u00a0\u00a0Marlete Brum Cleff<\/span><\/p>\n<p><span style=\"color: #464646\"><strong>Data de Defesa:\u00a0<\/strong>25\/02\/2016<\/span><\/p>\n<p><span style=\"color: #464646\">___________________________________________________________________________<\/span><\/p>\n<p><span style=\"color: #464646\"><strong>Daniel Machado Alves<\/strong><\/span><\/p>\n<p><span style=\"color: #464646\"><strong>T\u00edtulo: <\/strong><a style=\"color: #464646\" href=\"https:\/\/wp.ufpel.edu.br\/ppgveterinaria\/files\/2016\/03\/Daniel-Machado-Alves.pdf\" target=\"_blank\" rel=\"noopener noreferrer\">Doen\u00e7as de felinos na regi\u00e3o sul do Rio Grande do Sul<\/a><\/span><\/p>\n<p><span style=\"color: #464646\"><strong>Orientador:<\/strong>\u00a0\u00a0Eliza Simone Vi\u00e9gas Sallis<\/span><\/p>\n<p><span style=\"color: #464646\"><strong>Data de Defesa:\u00a0<\/strong>26\/02\/2016<\/span><\/p>\n<p><span style=\"color: #464646\">___________________________________________________________________________<\/span><\/p>\n<p><span style=\"color: #464646\"><strong>Felipe Terres de Campos\u00a0\u00a0\u00a0\u00a0\u00a0\u00a0\u00a0\u00a0\u00a0\u00a0\u00a0<\/strong><\/span><\/p>\n<p><span style=\"color: #464646\"><strong>T\u00edtulo: <\/strong><a style=\"color: #464646\" href=\"https:\/\/wp.ufpel.edu.br\/ppgveterinaria\/files\/2016\/03\/Felipe-Terres-de-Campos.pdf\" target=\"_blank\" rel=\"noopener noreferrer\">Efeito do lipopolissacarideo na express\u00e3o g\u00eanica de c\u00e9lulas da granulosa do fol\u00edculo dominante em bovinos<\/a><\/span><\/p>\n<p><span style=\"color: #464646\"><strong>Orientador:<\/strong>\u00a0\u00a0Augusto Schneider<\/span><\/p>\n<p><span style=\"color: #464646\"><strong>Data de Defesa:\u00a0<\/strong>15\/03\/2016<\/span><\/p>\n<p><span style=\"color: #464646\">___________________________________________________________________________<\/span><\/p>\n<p><span style=\"color: #464646\"><strong>Fernanda Dagmar Martins Krug\u00a0\u00a0\u00a0\u00a0\u00a0\u00a0\u00a0\u00a0\u00a0\u00a0\u00a0\u00a0\u00a0\u00a0<\/strong><\/span><\/p>\n<p><span style=\"color: #464646\"><strong>T\u00edtulo: <\/strong><a style=\"color: #464646\" href=\"https:\/\/wp.ufpel.edu.br\/ppgveterinaria\/files\/2016\/03\/Fernanda-Dagmar-Martins-Krug.pdf\" target=\"_blank\" rel=\"noopener noreferrer\">Estudo da disfun\u00e7\u00e3o cognitiva em c\u00e3es idosos<\/a><\/span><\/p>\n<p><span style=\"color: #464646\"><strong>Orientador:<\/strong>\u00a0\u00a0M\u00e1rcia de Oliveira Nobre<\/span><\/p>\n<p><span style=\"color: #464646\"><strong>Data de Defesa: <\/strong>17\/03\/2016<\/span><\/p>\n<p><span style=\"color: #464646\">___________________________________________________________________________<\/span><\/p>\n<p><span style=\"color: #464646\"><strong>Fernanda Porci\u00fancula de Souza\u00a0\u00a0\u00a0\u00a0\u00a0\u00a0\u00a0\u00a0\u00a0\u00a0\u00a0\u00a0\u00a0\u00a0<\/strong><\/span><\/p>\n<p><span style=\"color: #464646\"><strong>T\u00edtulo: <\/strong><a style=\"color: #464646\" href=\"https:\/\/wp.ufpel.edu.br\/ppgveterinaria\/files\/2016\/03\/Fernanda-Porci\u00fancula-de-Souza.pdf\" target=\"_blank\" rel=\"noopener noreferrer\">Otimiza\u00e7\u00e3o do processo de incuba\u00e7\u00e3o industrial de ovos f\u00e9rteis de matrizes de perus<\/a><\/span><\/p>\n<p><span style=\"color: #464646\"><strong>Orientador:<\/strong>\u00a0\u00a0Gilberto D\u2019Avila Vargas<\/span><\/p>\n<p><span style=\"color: #464646\"><strong>Data de Defesa:\u00a0<\/strong>26\/02\/2016<\/span><\/p>\n<p><span style=\"color: #464646\">___________________________________________________________________________<\/span><\/p>\n<p><span style=\"color: #464646\"><strong>Francisco Denis Souza Santos\u00a0\u00a0<\/strong><\/span><\/p>\n<p><span style=\"color: #464646\"><strong>T\u00edtulo: <\/strong><a style=\"color: #464646\" href=\"https:\/\/wp.ufpel.edu.br\/ppgveterinaria\/files\/2016\/03\/Francisco-Denis-Souza-Santos.pdf\" target=\"_blank\" rel=\"noopener noreferrer\">Avalia\u00e7\u00e3o de <em>Bacillus toyonensis<\/em> como bioadjuvante em vacina recombinante<\/a><\/span><\/p>\n<p><span style=\"color: #464646\"><strong>Orientador:<\/strong>\u00a0\u00a0F\u00e1bio Pereira Leivas Leite<\/span><\/p>\n<p><span style=\"color: #464646\"><strong>Data de Defesa:\u00a0<\/strong>24\/02\/2016<\/span><\/p>\n<p><span style=\"color: #464646\">___________________________________________________________________________<\/span><\/p>\n<p><span style=\"color: #464646\"><strong>Gustavo Forlani Soares\u00a0\u00a0\u00a0\u00a0\u00a0\u00a0\u00a0\u00a0\u00a0\u00a0\u00a0\u00a0\u00a0\u00a0\u00a0<\/strong><\/span><\/p>\n<p><span style=\"color: #464646\"><strong>T\u00edtulo: <\/strong><a style=\"color: #464646\" href=\"https:\/\/wp.ufpel.edu.br\/ppgveterinaria\/files\/2016\/03\/Gustavo-Forlani-Soares.pdf\">Atividade da Paraoxanase 1 em c\u00e3es submetidos a terapia antineopl\u00e1sica e avalia\u00e7\u00e3o do balan\u00e7o oxidativo e par\u00e2metros hematopoi\u00e9ticos de ratas submetidas a Carboplatina e tratadas com extrato aquoso de <em>Triticum aestivum<\/em> e <em>Hibiscus rosa-sinensis<\/em><\/a><\/span><\/p>\n<p><span style=\"color: #464646\"><strong>Orientador:<\/strong>\u00a0\u00a0M\u00e1rcia de Oliveira Nobre<\/span><\/p>\n<p><span style=\"color: #464646\"><strong>Data de Defesa:\u00a0<\/strong>24\/02\/2016<\/span><\/p>\n<p><span style=\"color: #464646\">___________________________________________________________________________<\/span><\/p>\n<p><span style=\"color: #464646\"><strong>Leonardo Garcia Oliveira\u00a0\u00a0\u00a0\u00a0\u00a0\u00a0\u00a0\u00a0\u00a0\u00a0\u00a0<\/strong><\/span><\/p>\n<p><span style=\"color: #464646\"><strong>T\u00edtulo:\u00a0<\/strong><a style=\"color: #464646\" href=\"https:\/\/wp.ufpel.edu.br\/ppgveterinaria\/files\/2016\/03\/Leonardo-Garcia-Oliveira.pdf\" target=\"_blank\" rel=\"noopener noreferrer\">M\u00e9todo minimamente invasivo para castra\u00e7\u00e3o de machos bovinos: impactos sobre a dor e inflama\u00e7\u00e3o<\/a><\/span><\/p>\n<p><span style=\"color: #464646\"><strong>Orientador:<\/strong>\u00a0\u00a0Thomaz Lucia Jr<\/span><\/p>\n<p><span style=\"color: #464646\"><strong>Data de Defesa:\u00a0<\/strong>08\/04\/2016<\/span><\/p>\n<p><span style=\"color: #464646\">___________________________________________________________________________<\/span><\/p>\n<p><span style=\"color: #464646\"><strong>Luciana Oliveira de Araujo\u00a0\u00a0\u00a0\u00a0\u00a0\u00a0\u00a0\u00a0<\/strong><\/span><\/p>\n<p><span style=\"color: #464646\"><strong>T\u00edtulo: <\/strong><a style=\"color: #464646\" href=\"https:\/\/wp.ufpel.edu.br\/ppgveterinaria\/files\/2016\/03\/Luciana-Oliveira-de-Araujo.pdf\" target=\"_blank\" rel=\"noopener noreferrer\">Bioqu\u00edmica s\u00e9rica de potros s\u00e9pticos provenientes de \u00e9guas com placentite<\/a><\/span><\/p>\n<p><span style=\"color: #464646\"><strong>Orientador:<\/strong>\u00a0\u00a0Carlos Eduardo Wayne Nogueira<\/span><\/p>\n<p><span style=\"color: #464646\"><strong>Data de Defesa:\u00a0<\/strong>17\/02\/2016<\/span><\/p>\n<p><span style=\"color: #464646\">___________________________________________________________________________<\/span><\/p>\n<p><span style=\"color: #464646\"><strong>Maria Am\u00e9lia Agnes Weiller\u00a0\u00a0\u00a0\u00a0<\/strong><\/span><\/p>\n<p><span style=\"color: #464646\"><strong>T\u00edtulo: <\/strong><a style=\"color: #464646\" href=\"https:\/\/wp.ufpel.edu.br\/ppgveterinaria\/files\/2016\/03\/Maria-Am\u00e9lia-Agnes-Weiller.pdf\" target=\"_blank\" rel=\"noopener noreferrer\">Par\u00e2metros metab\u00f3licos e express\u00e3o de genes relacionados a resist\u00eancia hep\u00e1tica \u00e0 insulina em camundongos tratados com uma fonte de f\u00f3sforo org\u00e2nico e submetidos a restri\u00e7\u00e3o alimentar<\/a><\/span><\/p>\n<p><span style=\"color: #464646\"><strong>Orientador:<\/strong>\u00a0\u00a0Marcio Nunes Corr\u00eaa<\/span><\/p>\n<p><span style=\"color: #464646\"><strong>Data de Defesa:\u00a0<\/strong>15\/02\/2016<\/span><\/p>\n<p><span style=\"color: #464646\">___________________________________________________________________________<\/span><\/p>\n<p><span style=\"color: #464646\"><strong>Ot\u00e1via de Almeida Martins\u00a0\u00a0\u00a0\u00a0\u00a0\u00a0\u00a0<\/strong><\/span><\/p>\n<p><span style=\"color: #464646\"><strong>T\u00edtulo: <\/strong><a style=\"color: #464646\" href=\"https:\/\/wp.ufpel.edu.br\/ppgveterinaria\/files\/2016\/03\/Ot\u00e1via-de-Almeida-Martins.pdf\" target=\"_blank\" rel=\"noopener noreferrer\">Fungos Anem\u00f3filos e Leveduras isolados em ambientes de laborat\u00f3rios de microbiologia em Institui\u00e7\u00e3o de Ensino Superior<\/a><\/span><\/p>\n<p><span style=\"color: #464646\"><strong>Orientador:<\/strong>\u00a0\u00a0M\u00e1rio Carlos Ara\u00fajo Meireles<\/span><\/p>\n<p><span style=\"color: #464646\"><strong>Data de Defesa:\u00a0<\/strong>25\/02\/2016<\/span><\/p>\n<p><span style=\"color: #464646\">___________________________________________________________________________<\/span><\/p>\n<p><span style=\"color: #464646\"><strong>Patricia Soares Vieira\u00a0\u00a0\u00a0<\/strong><\/span><\/p>\n<p><span style=\"color: #464646\"><strong>T\u00edtulo: <\/strong><a style=\"color: #464646\" href=\"https:\/\/wp.ufpel.edu.br\/ppgveterinaria\/files\/2016\/03\/Patricia-Soares-Vieira.pdf\" target=\"_blank\" rel=\"noopener noreferrer\">Morfometrias da \u00e9gua e sua rela\u00e7\u00e3o com o peso no ter\u00e7o m\u00e9dio e final de gesta\u00e7\u00e3o<\/a><\/span><\/p>\n<p><span style=\"color: #464646\"><strong>Orientador:<\/strong>\u00a0\u00a0Bruna da Rosa Curcio<\/span><\/p>\n<p><span style=\"color: #464646\"><strong>Data de Defesa:\u00a0<\/strong>19\/02\/2016<\/span><\/p>\n<p><span style=\"color: #464646\">___________________________________________________________________________<\/span><\/p>\n<p><span style=\"color: #464646\"><strong>Paula Diele Pereira Fonseca Lages\u00a0\u00a0\u00a0\u00a0\u00a0\u00a0\u00a0\u00a0<\/strong><\/span><\/p>\n<p><span style=\"color: #464646\"><strong>T\u00edtulo:\u00a0<\/strong><a style=\"color: #464646\" href=\"https:\/\/wp.ufpel.edu.br\/ppgveterinaria\/files\/2019\/01\/Paula-Diele-Pereira-Fonseca-Lages.pdf\" target=\"_blank\" rel=\"noopener\">Estudo cl\u00ednico em felinos obesos<\/a><\/span><\/p>\n<p><span style=\"color: #464646\"><strong>Orientador:<\/strong> \u00a0M\u00e1rcia de Oliveira Nobre<\/span><\/p>\n<p><span style=\"color: #464646\"><strong>Data de Defesa:\u00a0<\/strong>16\/12\/2016<\/span><\/p>\n<p><span style=\"color: #464646\">___________________________________________________________________________<\/span><\/p>\n<p><span style=\"color: #464646\"><strong>\u00a0<\/strong><\/span><\/p>\n","protected":false},"excerpt":{"rendered":"<p>&nbsp; Disserta\u00e7\u00f5es 2016 &nbsp; ___________________________________________________________________________ Alegan\u00ed Vieira Monteiro\u00a0\u00a0\u00a0\u00a0\u00a0\u00a0\u00a0\u00a0\u00a0\u00a0\u00a0\u00a0 T\u00edtulo: Influ\u00eancia da ingest\u00e3o de \u00e1gua por vacas leiteiras durante a ordenha em diferentes est\u00e1gios de lacta\u00e7\u00e3o Orientador:\u00a0Marcio Nunes Corr\u00eaa Data de Defesa:\u00a015\/02\/2016 ___________________________________________________________________________ Alessandra Cardoso da Silva\u00a0\u00a0\u00a0\u00a0\u00a0 T\u00edtulo: Uso da lectina do quiabo (Abelmoschus esculentus) como marcador da c\u00e9lula esperm\u00e1tica ovina Orientador:\u00a0 Carine Dahl Corcini Data [&hellip;]<\/p>\n","protected":false},"author":391,"featured_media":0,"parent":152,"menu_order":-2,"comment_status":"closed","ping_status":"closed","template":"","meta":{"footnotes":""},"class_list":["post-2391","page","type-page","status-publish","hentry"],"_links":{"self":[{"href":"https:\/\/wp.ufpel.edu.br\/ppgveterinaria\/wp-json\/wp\/v2\/pages\/2391","targetHints":{"allow":["GET"]}}],"collection":[{"href":"https:\/\/wp.ufpel.edu.br\/ppgveterinaria\/wp-json\/wp\/v2\/pages"}],"about":[{"href":"https:\/\/wp.ufpel.edu.br\/ppgveterinaria\/wp-json\/wp\/v2\/types\/page"}],"author":[{"embeddable":true,"href":"https:\/\/wp.ufpel.edu.br\/ppgveterinaria\/wp-json\/wp\/v2\/users\/391"}],"replies":[{"embeddable":true,"href":"https:\/\/wp.ufpel.edu.br\/ppgveterinaria\/wp-json\/wp\/v2\/comments?post=2391"}],"version-history":[{"count":10,"href":"https:\/\/wp.ufpel.edu.br\/ppgveterinaria\/wp-json\/wp\/v2\/pages\/2391\/revisions"}],"predecessor-version":[{"id":3801,"href":"https:\/\/wp.ufpel.edu.br\/ppgveterinaria\/wp-json\/wp\/v2\/pages\/2391\/revisions\/3801"}],"up":[{"embeddable":true,"href":"https:\/\/wp.ufpel.edu.br\/ppgveterinaria\/wp-json\/wp\/v2\/pages\/152"}],"wp:attachment":[{"href":"https:\/\/wp.ufpel.edu.br\/ppgveterinaria\/wp-json\/wp\/v2\/media?parent=2391"}],"curies":[{"name":"wp","href":"https:\/\/api.w.org\/{rel}","templated":true}]}}