{"id":168,"date":"2014-07-08T08:07:15","date_gmt":"2014-07-08T11:07:15","guid":{"rendered":"https:\/\/wp.ufpel.edu.br\/ppgveterinaria\/?page_id=168"},"modified":"2016-04-07T17:56:42","modified_gmt":"2016-04-07T20:56:42","slug":"2005-2","status":"publish","type":"page","link":"https:\/\/wp.ufpel.edu.br\/ppgveterinaria\/dissertacoesteses\/dissertacoes\/2005-2\/","title":{"rendered":"2005"},"content":{"rendered":"<div id=\"interno1\" style=\"color: #006600\">\n<p>&nbsp;<\/p>\n<ul>\n<li><span style=\"color: #464646\"><strong>Disserta\u00e7\u00f5es 2005<\/strong><\/span><\/li>\n<\/ul>\n<p>&nbsp;<\/p>\n<p><span style=\"color: #464646\">___________________________________________________________________________<\/span><\/p>\n<div class=\"discertacoes\" style=\"font-weight: inherit;font-style: inherit\">\n<p class=\"titulo_discertacoes\" style=\"font-weight: inherit;font-style: inherit;color: #395d24\"><span style=\"color: #464646\"><strong>Andr\u00e9 Michelon<\/strong><\/span><\/p>\n<p class=\"titulo_discertacoes\"><span style=\"color: #464646\"><strong>T\u00edtulo:\u00a0<\/strong><a style=\"color: #464646\" href=\"http:\/\/www2.ufpel.edu.br\/tede\/tde_busca\/arquivo.php?codArquivo=244\" target=\"_blank\">Mycobacterium bovis bcg expressando o ant\u00edgeno msp1a de anaplasma marginale: uma vacina candidata contra anaplasmose bovina.<\/a>\u00a0<\/span><\/p>\n<p class=\"dicente_texto\"><span style=\"color: #464646\"><strong>Orientador:<\/strong> Odir Ant\u00f4nio Dellagostin<\/span><\/p>\n<p class=\"dicente_texto\"><span style=\"color: #464646\"><strong>Defesa:<\/strong> 29\/07\/2005<\/span><\/p>\n<div class=\"discertacoes\">\n<p class=\"dicente_texto\"><span style=\"color: #464646\">___________________________________________________________________________<\/span><\/p>\n<p class=\"dicente_texto\"><span style=\"color: #464646\"><strong>Ant\u00f4nio S\u00e9rgio Varela J\u00fanior<\/strong><\/span><\/p>\n<p class=\"dicente_texto\"><span style=\"color: #464646\"><strong>T\u00edtulo:\u00a0<\/strong><a style=\"color: #464646\" href=\"http:\/\/www2.ufpel.edu.br\/tede\/tde_busca\/arquivo.php?codArquivo=246\" target=\"_blank\">Efeito da lipoprote\u00edna de baixa densidade sobre a qualidade do s\u00eamen canino submetido a criopreserva\u00e7\u00e3o.<\/a>\u00a0<\/span><\/p>\n<\/div>\n<div class=\"discertacoes\">\n<p class=\"dicente_texto\"><span style=\"color: #464646\"><strong>Orientador:<\/strong> Jo\u00e3o Carlos Deschamps<\/span><\/p>\n<p class=\"dicente_texto\"><span style=\"color: #464646\"><strong>Defesa:<\/strong> 31\/01\/2005<\/span><\/p>\n<p class=\"dicente_texto\"><span style=\"color: #464646\">___________________________________________________________________________<\/span><\/p>\n<p class=\"titulo_discertacoes\"><span style=\"color: #464646\"><strong>Bruna da Rosa Curcio<\/strong><\/span><\/p>\n<p class=\"titulo_discertacoes\"><span style=\"color: #464646\"><strong>T\u00edtulo:\u00a0<\/strong><a style=\"color: #464646\" href=\"http:\/\/www2.ufpel.edu.br\/tede\/tde_busca\/arquivo.php?codArquivo=250\" target=\"_blank\">Matura\u00e7\u00e3o e vitrifica\u00e7\u00e3o de o\u00f3citos eq\u00fcinos incubados em meio contendo horm\u00f4nio do crescimento e fator de crescimento semelhante \u00e0 insulina-I.<\/a><\/span><\/p>\n<p class=\"titulo_discertacoes\"><span style=\"color: #464646\"><strong>Orientador:<\/strong>\u00a0Carlos Eduardo Wayne Nogueira<\/span><\/p>\n<p class=\"titulo_discertacoes\"><span style=\"color: #464646\"><strong>Defesa:<\/strong>\u00a003\/02\/2005<\/span><\/p>\n<\/div>\n<\/div>\n<\/div>\n<p class=\"titulo_discertacoes\"><span style=\"color: #464646\">___________________________________________________________________________<\/span><\/p>\n<div id=\"interno1\" style=\"color: #006600\">\n<div class=\"discertacoes\" style=\"font-weight: inherit;font-style: inherit\">\n<p class=\"titulo_discertacoes\"><span style=\"color: #464646\"><strong>Caren Gularte Quincozes<\/strong><\/span><\/p>\n<p class=\"titulo_discertacoes\"><span style=\"color: #464646\"><strong>T\u00edtulo:\u00a0<\/strong><a style=\"color: #464646\" href=\"http:\/\/www2.ufpel.edu.br\/tede\/tde_busca\/arquivo.php?codArquivo=245\" target=\"_blank\">Preval\u00eancia e fatores de risco associados \u00e0s infec\u00e7\u00f5es pelos herpesv\u00edrus bovino tipo 1 e 5 (bhv-1 e 5) e pelo v\u00edrus da diarr\u00e9ia viral bovina (bvdv) nos rebanhos dos munic\u00edpios de santa vit\u00f3ria do palmar e chu\u00ed.\u00a0<\/a><\/span><\/p>\n<p class=\"dicente_texto\"><span style=\"color: #464646\"><strong>Orientador:<\/strong> Telmo Vidor<\/span><\/p>\n<p class=\"dicente_texto\"><span style=\"color: #464646\"><strong>Defesa:<\/strong> 16\/08\/2005<\/span><\/p>\n<p class=\"dicente_texto\"><span style=\"color: #464646\">\u00a0___________________________________________________________________________<\/span><\/p>\n<p class=\"titulo_discertacoes\"><span style=\"color: #464646\"><strong>Carina Martins de Moraes<\/strong><\/span><\/p>\n<p class=\"titulo_discertacoes\"><span style=\"color: #464646\"><strong>T\u00edtulo:\u00a0<\/strong><a style=\"color: #464646\" href=\"http:\/\/www2.ufpel.edu.br\/tede\/tde_busca\/arquivo.php?codArquivo=247\" target=\"_blank\">Caracteriza\u00e7\u00e3o fenot\u00edpica e estimativa da reatividade cruzada de cepas de streptococcus equi isoladas de eq\u00fcinos da regi\u00e3o sul do rio grande do sul<\/a>\u00a0<\/span><\/p>\n<p class=\"dicente_texto\"><span style=\"color: #464646\"><strong>Orientador:<\/strong> Carlos Gil Turnes<\/span><\/p>\n<p class=\"dicente_texto\"><span style=\"color: #464646\"><strong>Defesa:<\/strong> 14\/02\/2005<\/span><\/p>\n<p class=\"dicente_texto\"><span style=\"color: #464646\">\u00a0___________________________________________________________________________<\/span><\/p>\n<p class=\"titulo_discertacoes\"><span style=\"color: #464646\"><strong>Carlos Eduardo Gomes Martins<\/strong><\/span><\/p>\n<p class=\"titulo_discertacoes\"><span style=\"color: #464646\"><strong>T\u00edtulo:\u00a0<\/strong><a style=\"color: #464646\" href=\"http:\/\/www2.ufpel.edu.br\/tede\/tde_busca\/arquivo.php?codArquivo=248\" target=\"_blank\">Efeito da lipoprote\u00edna de baixa densidade sobre algumas caracter\u00edsticas funcionais dos espermatoz\u00f3ides eq\u00fcinos criopreservados.<\/a>\u00a0<\/span><\/p>\n<p class=\"dicente_texto\"><span style=\"color: #464646\"><strong>Orientador:<\/strong> Jo\u00e3o Carlos Deschamps<\/span><\/p>\n<p class=\"dicente_texto\"><span style=\"color: #464646\"><strong>Defesa:<\/strong> 08\/04\/2005<\/span><\/p>\n<p class=\"dicente_texto\"><span style=\"color: #464646\">\u00a0___________________________________________________________________________<\/span><\/p>\n<p class=\"titulo_discertacoes\"><span style=\"color: #464646\"><strong>Cristiano Silva da Rosa<\/strong><\/span><\/p>\n<p class=\"titulo_discertacoes\"><span style=\"color: #464646\"><strong>T\u00edtulo:\u00a0<\/strong><a style=\"color: #464646\" href=\"http:\/\/www2.ufpel.edu.br\/tede\/tde_busca\/arquivo.php?codArquivo=249\" target=\"_blank\">Estudo do g\u00eanero malassezia em felinos (felis catus).<\/a>\u00a0<\/span><\/p>\n<p class=\"dicente_texto\"><span style=\"color: #464646\"><strong>Orientador:<\/strong> M\u00e1rio Carlos Ara\u00fajo Meireles<\/span><\/p>\n<p class=\"dicente_texto\"><span style=\"color: #464646\"><strong>Defesa:<\/strong> 01\/06\/2005<\/span><\/p>\n<p class=\"dicente_texto\"><span style=\"color: #464646\">\u00a0___________________________________________________________________________<\/span><\/p>\n<p class=\"titulo_discertacoes\"><span style=\"color: #464646\"><strong>Diego Moscarelli Pinto<\/strong><\/span><\/p>\n<p class=\"titulo_discertacoes\"><span style=\"color: #464646\"><strong>T\u00edtulo:\u00a0<\/strong><a style=\"color: #464646\" href=\"http:\/\/www2.ufpel.edu.br\/tede\/tde_busca\/arquivo.php?codArquivo=253\" target=\"_blank\">Compara\u00e7\u00e3o de m\u00e9todos para monitorar popula\u00e7\u00f5es de alphitobius diaperinus (panzer, 1797) (coleoptera: tenebrionidae) e ocorr\u00eancia da comunidade de artr\u00f3podes em granja av\u00edcola, em pelotas, rs.<\/a><\/span><\/p>\n<p class=\"titulo_discertacoes\"><span style=\"color: #464646\"><strong>Orientador:<\/strong> Paulo Bretanha Ribeiro<\/span><\/p>\n<p class=\"dicente_texto\"><span style=\"color: #464646\"><strong>Defesa:<\/strong> 11\/01\/2005<\/span><\/p>\n<p class=\"dicente_texto\"><span style=\"color: #464646\">\u00a0___________________________________________________________________________<\/span><\/p>\n<div class=\"discertacoes\">\n<p class=\"titulo_discertacoes\"><span style=\"color: #464646\"><strong>Eduardo Schmitt<\/strong><\/span><\/p>\n<p class=\"titulo_discertacoes\"><span style=\"color: #464646\"><strong>T\u00edtulo:<\/strong>\u00a0<a style=\"color: #464646\" href=\"http:\/\/www2.ufpel.edu.br\/tede\/tde_busca\/arquivo.php?codArquivo=251\" target=\"_blank\">Efeito de diferentes combina\u00e7\u00f5es hormonais sobre a taxa de retorno ao cio e prenhez em vacas de corte lactando, submetidas a insemina\u00e7\u00e3o artificial em tempo fixo.<\/a>\u00a0<\/span><\/p>\n<p class=\"dicente_texto\"><span style=\"color: #464646\"><strong>Orientador:<\/strong> Jo\u00e3o Carlos Deschamps<\/span><\/p>\n<p class=\"dicente_texto\"><span style=\"color: #464646\"><strong>Defesa:<\/strong> 08\/04\/2005<\/span><\/p>\n<p><span style=\"color: #464646\">___________________________________________________________________________<\/span><\/p>\n<\/div>\n<div class=\"discertacoes\">\n<p class=\"titulo_discertacoes\"><span style=\"color: #464646\"><strong>Fernanda Fernandez Mu\u00f1oz<\/strong><\/span><\/p>\n<p class=\"titulo_discertacoes\"><span style=\"color: #464646\"><strong>T\u00edtulo:\u00a0<\/strong><a style=\"color: #464646\" href=\"http:\/\/www2.ufpel.edu.br\/tede\/tde_busca\/arquivo.php?codArquivo=252\" target=\"_blank\">Identifica\u00e7\u00e3o de bovinos portadores sadios de babesia bigemina (smith &amp; kilborne, 1893) atrav\u00e9s da t\u00e9cnica de rea\u00e7\u00e3o em cadeia da polimerase &#8211; pcr.<\/a>\u00a0<\/span><\/p>\n<p class=\"dicente_texto\"><span style=\"color: #464646\"><strong>Orientador:<\/strong> Maria Elisabeth Aires Berne<\/span><\/p>\n<p class=\"dicente_texto\"><span style=\"color: #464646\"><strong>Defesa:<\/strong> 03\/02\/2005<\/span><\/p>\n<p class=\"dicente_texto\"><span style=\"color: #464646\">\u00a0___________________________________________________________________________<\/span><\/p>\n<p class=\"titulo_discertacoes\"><span style=\"color: #464646\"><strong>Fl\u00e1vio Juliano<\/strong><\/span><\/p>\n<p class=\"titulo_discertacoes\"><span style=\"color: #464646\"><strong>T\u00edtulo:\u00a0<\/strong><a style=\"color: #464646\" href=\"http:\/\/www2.ufpel.edu.br\/tede\/tde_busca\/arquivo.php?codArquivo=254\" target=\"_blank\">Efeito dos diluentes pigpel-5 e pigpel-5 plus sobre a qualidade do s\u00eamen su\u00edno acondicionado \u00e0 5\u00b0c e 17\u00b0c.<\/a>\u00a0<\/span><\/p>\n<\/div>\n<p class=\"dicente_texto\"><span style=\"color: #464646\"><strong>Orientador:<\/strong> M\u00e1rcio Nunes Corr\u00eaa<\/span><\/p>\n<div class=\"discertacoes\">\n<p class=\"dicente_texto\"><span style=\"color: #464646\"><strong>Defesa:<\/strong> 09\/08\/2005<\/span><\/p>\n<p class=\"dicente_texto\"><span style=\"color: #464646\">\u00a0___________________________________________________________________________<\/span><\/p>\n<\/div>\n<p class=\"titulo_discertacoes\"><span style=\"color: #464646\"><strong>Isabel Cristina Pereira<\/strong><\/span><\/p>\n<p class=\"titulo_discertacoes\"><span style=\"color: #464646\"><strong>T\u00edtulo:\u00a0<\/strong><a style=\"color: #464646\" href=\"http:\/\/www2.ufpel.edu.br\/tede\/tde_busca\/arquivo.php?codArquivo=255\" target=\"_blank\">Soropreval\u00eancia de anticorpos para Toxoplasma gondii em su\u00ednos e caracter\u00edsticas epidemiol\u00f3gicas de estabelecimentos de cria\u00e7\u00e3o industrial e artesanal da regi\u00e3o de Pelotas-RS.<\/a>\u00a0<\/span><\/p>\n<p class=\"dicente_texto\"><span style=\"color: #464646\"><strong>Orientador:<\/strong> Nara Am\u00e9lia da Rosa Farias<\/span><\/p>\n<p class=\"dicente_texto\"><span style=\"color: #464646\"><strong>Defesa:<\/strong> 25\/08\/2005<\/span><\/p>\n<p class=\"dicente_texto\"><span style=\"color: #464646\">___________________________________________________________________________<\/span><\/p>\n<p class=\"titulo_discertacoes\" style=\"font-weight: inherit;font-style: inherit;color: #395d24\"><span style=\"color: #464646\"><strong>Leandro Quintana Nizoli<\/strong><\/span><\/p>\n<p class=\"titulo_discertacoes\" style=\"font-weight: inherit;font-style: inherit;color: #395d24\"><span style=\"color: #464646\"><strong>T\u00edtulo:\u00a0<\/strong><a style=\"color: #464646\" href=\"http:\/\/www2.ufpel.edu.br\/tede\/tde_busca\/arquivo.php?codArquivo=258\" target=\"_blank\">Caracteriza\u00e7\u00e3o fenot\u00edpica e estimativa da reatividade cruzada de cepas de streptococcus equi isoladas de eq\u00fcinos da regi\u00e3o sul do rio grande do sul<\/a><\/span><\/p>\n<p class=\"dicente_texto\" style=\"font-weight: inherit;font-style: inherit;color: #006600\"><span style=\"color: #464646\"><strong>Orientador:<\/strong> Carlos Eduardo Wayne Nogueira<\/span><\/p>\n<p class=\"dicente_texto\" style=\"font-weight: inherit;font-style: inherit;color: #006600\"><span style=\"color: #464646\"><strong>Defesa:<\/strong> 18\/02\/2005<\/span><\/p>\n<p><span style=\"color: #464646\">___________________________________________________________________________<\/span><\/p>\n<\/div>\n<div class=\"discertacoes\" style=\"font-weight: inherit;font-style: inherit\">\n<p class=\"titulo_discertacoes\" style=\"font-weight: inherit;font-style: inherit;color: #395d24\"><span style=\"color: #464646\"><strong>Luiz Francisco Machado Pfeifer<\/strong><\/span><\/p>\n<\/div>\n<div class=\"discertacoes\" style=\"font-weight: inherit;font-style: inherit\">\n<p class=\"titulo_discertacoes\" style=\"font-weight: inherit;font-style: inherit;color: #395d24\"><span style=\"color: #464646\"><strong>T\u00edtulo:\u00a0<\/strong><a style=\"color: #464646\" href=\"http:\/\/www2.ufpel.edu.br\/tede\/tde_busca\/arquivo.php?codArquivo=256\" target=\"_blank\">Influ\u00eancia de diferentes tratamentos com progesterona ex\u00f3gena em doadoras de ov\u00f3citos na produ\u00e7\u00e3o in vitro de embri\u00f5es bovinos.<\/a><strong>\u00a0<\/strong><\/span><\/p>\n<p class=\"dicente_texto\" style=\"font-weight: inherit;font-style: inherit;color: #006600\"><span style=\"color: #464646\"><strong>Orientador:<\/strong> M\u00e1rcio Nunes Corr\u00eaa<\/span><\/p>\n<p class=\"dicente_texto\" style=\"font-weight: inherit;font-style: inherit;color: #006600\"><span style=\"color: #464646\"><strong>Defesa:<\/strong> 08\/03\/2005<\/span><\/p>\n<p><span style=\"color: #464646\">___________________________________________________________________________<\/span><\/p>\n<p class=\"titulo_discertacoes\" style=\"font-weight: inherit;font-style: inherit;color: #395d24\"><span style=\"color: #464646\">\u00a0<strong>Patr\u00edcia Silva Vives<\/strong><\/span><\/p>\n<\/div>\n<div class=\"discertacoes\" style=\"font-weight: inherit;font-style: inherit\">\n<p class=\"titulo_discertacoes\" style=\"font-weight: inherit;font-style: inherit;color: #395d24\"><span style=\"color: #464646\"><strong>T\u00edtulo:\u00a0<\/strong><a style=\"color: #464646\" href=\"http:\/\/www2.ufpel.edu.br\/tede\/tde_busca\/arquivo.php?codArquivo=259\" target=\"_blank\">Morfologia do plexo mient\u00e9rico do ceco de gatos (fellis domesticus) revelado atrav\u00e9s de nadph-diaforase: aspectos descritivos e morfom\u00e9tricos.<\/a><\/span><\/p>\n<p class=\"dicente_texto\" style=\"font-weight: inherit;font-style: inherit;color: #006600\"><span style=\"color: #464646\"><strong>Orientador:<\/strong> Cristina Gevehr Fernandes<\/span><\/p>\n<p class=\"dicente_texto\" style=\"font-weight: inherit;font-style: inherit;color: #006600\"><span style=\"color: #464646\"><strong>Defesa:<\/strong> 06\/07\/2005<\/span><\/p>\n<p><span style=\"color: #464646\">___________________________________________________________________________<\/span><\/p>\n<\/div>\n<div class=\"discertacoes\" style=\"font-weight: inherit;font-style: inherit\"><\/div>\n<div class=\"discertacoes\" style=\"font-weight: inherit;font-style: inherit\">\n<p class=\"dicente_texto\" style=\"font-weight: inherit;font-style: inherit;color: #006600\"><span style=\"color: #464646\">\u00a0<\/span><\/p>\n<\/div>\n<\/div>\n","protected":false},"excerpt":{"rendered":"<p>&nbsp; Disserta\u00e7\u00f5es 2005 &nbsp; ___________________________________________________________________________ Andr\u00e9 Michelon T\u00edtulo:\u00a0Mycobacterium bovis bcg expressando o ant\u00edgeno msp1a de anaplasma marginale: uma vacina candidata contra anaplasmose bovina.\u00a0 Orientador: Odir Ant\u00f4nio Dellagostin Defesa: 29\/07\/2005 ___________________________________________________________________________ Ant\u00f4nio S\u00e9rgio Varela J\u00fanior T\u00edtulo:\u00a0Efeito da lipoprote\u00edna de baixa densidade sobre a qualidade do s\u00eamen canino submetido a criopreserva\u00e7\u00e3o.\u00a0 Orientador: Jo\u00e3o Carlos Deschamps Defesa: 31\/01\/2005 [&hellip;]<\/p>\n","protected":false},"author":391,"featured_media":0,"parent":152,"menu_order":59,"comment_status":"closed","ping_status":"closed","template":"","meta":{"footnotes":""},"class_list":["post-168","page","type-page","status-publish","hentry"],"_links":{"self":[{"href":"https:\/\/wp.ufpel.edu.br\/ppgveterinaria\/wp-json\/wp\/v2\/pages\/168","targetHints":{"allow":["GET"]}}],"collection":[{"href":"https:\/\/wp.ufpel.edu.br\/ppgveterinaria\/wp-json\/wp\/v2\/pages"}],"about":[{"href":"https:\/\/wp.ufpel.edu.br\/ppgveterinaria\/wp-json\/wp\/v2\/types\/page"}],"author":[{"embeddable":true,"href":"https:\/\/wp.ufpel.edu.br\/ppgveterinaria\/wp-json\/wp\/v2\/users\/391"}],"replies":[{"embeddable":true,"href":"https:\/\/wp.ufpel.edu.br\/ppgveterinaria\/wp-json\/wp\/v2\/comments?post=168"}],"version-history":[{"count":19,"href":"https:\/\/wp.ufpel.edu.br\/ppgveterinaria\/wp-json\/wp\/v2\/pages\/168\/revisions"}],"predecessor-version":[{"id":2462,"href":"https:\/\/wp.ufpel.edu.br\/ppgveterinaria\/wp-json\/wp\/v2\/pages\/168\/revisions\/2462"}],"up":[{"embeddable":true,"href":"https:\/\/wp.ufpel.edu.br\/ppgveterinaria\/wp-json\/wp\/v2\/pages\/152"}],"wp:attachment":[{"href":"https:\/\/wp.ufpel.edu.br\/ppgveterinaria\/wp-json\/wp\/v2\/media?parent=168"}],"curies":[{"name":"wp","href":"https:\/\/api.w.org\/{rel}","templated":true}]}}