{"id":166,"date":"2014-07-08T08:06:39","date_gmt":"2014-07-08T11:06:39","guid":{"rendered":"https:\/\/wp.ufpel.edu.br\/ppgveterinaria\/?page_id=166"},"modified":"2016-04-07T17:43:35","modified_gmt":"2016-04-07T20:43:35","slug":"2014-2","status":"publish","type":"page","link":"https:\/\/wp.ufpel.edu.br\/ppgveterinaria\/dissertacoesteses\/dissertacoes\/2014-2\/","title":{"rendered":"2014"},"content":{"rendered":"<p>&nbsp;<\/p>\n<ul>\n<li><span style=\"color: #464646\"><strong>Disserta\u00e7\u00f5es 2014<\/strong><\/span><\/li>\n<\/ul>\n<p>&nbsp;<\/p>\n<p><span style=\"color: #464646\">___________________________________________________________________________<\/span><\/p>\n<p><span style=\"color: #464646\"><strong>Carolina Lambrecht Gon\u00e7alves<\/strong><\/span><\/p>\n<p style=\"text-align: justify\"><span style=\"color: #464646\"><strong>T\u00edtulo:<\/strong> <span style=\"text-decoration: underline\"><a style=\"color: #464646;text-decoration: underline\" href=\"https:\/\/wp.ufpel.edu.br\/ppgveterinaria\/files\/2014\/07\/Carolina-Lambrecht-Gon\u00e7alves.pdf\" target=\"_blank\">Bacteriostasia, citotoxidade, atividades antioxidante e sinergismo com antibacterianos comerciais de plantas bioativas com indicativo medicinal<\/a><\/span><\/span><\/p>\n<p><span style=\"color: #464646\"><strong>Orientador: \u00a0<\/strong>Prof. Luiz Filipe Dam\u00e9 Schuch<\/span><\/p>\n<p><span style=\"color: #464646\"><strong>Defesa: <\/strong>24\/02\/14<\/span><\/p>\n<p><span style=\"color: #464646\">___________________________________________________________________________<\/span><\/p>\n<p><span style=\"color: #464646\"><strong>Caroline Bohnen de Matos<\/strong><\/span><\/p>\n<p><span style=\"color: #464646\"><strong>T\u00edtulo:<\/strong>\u00a0<span style=\"text-decoration: underline\"><a style=\"color: #464646;text-decoration: underline\" href=\"http:\/\/www2.ufpel.edu.br\/tede\/tde_busca\/arquivo.php?codArquivo=2067\" target=\"_blank\">Efic\u00e1cia de extratos vegetais na desinfec\u00e7\u00e3o de superf\u00edcies contaminadas com fungos do complexo Sporothrix<\/a><\/span><\/span><\/p>\n<p><span style=\"color: #464646\"><strong>Orientador: \u00a0<\/strong>Prof\u00aa. Marlete Brum Cleff<\/span><\/p>\n<p><span style=\"color: #464646\"><strong>Defesa: <\/strong>12\/02\/14<\/span><\/p>\n<p><span style=\"color: #464646\">___________________________________________________________________________<\/span><\/p>\n<p><span style=\"color: #464646\"><strong>Cl\u00e1udia Haetinger<\/strong><\/span><\/p>\n<p style=\"text-align: justify\"><span style=\"color: #464646\"><strong>T\u00edtulo:\u00a0<\/strong><span style=\"text-decoration: underline\"><a style=\"color: #464646;text-decoration: underline\" href=\"https:\/\/wp.ufpel.edu.br\/ppgveterinaria\/files\/2014\/07\/Cl\u00e1udia-Haetinger.pdf\" target=\"_blank\">Prote\u00ednas de fase aguda no periparto de \u00e9guas com plancetite e seus respectivos neonatos<\/a><\/span><\/span><\/p>\n<p><span style=\"color: #464646\"><strong>Orientador: \u00a0<\/strong>Prof. Carlos Eduardo Wayne Nogueira<\/span><\/p>\n<p><span style=\"color: #464646\"><strong>Defesa: <\/strong>21\/02\/14<\/span><\/p>\n<p><span style=\"color: #464646\">___________________________________________________________________________<\/span><\/p>\n<p><span style=\"color: #464646\"><strong>Daiana Maciel Medeiros<\/strong><\/span><\/p>\n<p style=\"text-align: justify\"><span style=\"color: #464646\"><strong>T\u00edtulo:\u00a0<\/strong><span style=\"text-decoration: underline\"><a style=\"color: #464646;text-decoration: underline\" href=\"https:\/\/wp.ufpel.edu.br\/ppgveterinaria\/files\/2014\/07\/Daiana-Maciel-Medeiros.pdf\" target=\"_blank\">Infec\u00e7\u00f5es por Herpesv\u00edrus bovino tipo 1 e 5 em b\u00fafalos (Bubalus bulalis) provenientes da regi\u00e3o sul do Brasil<\/a><\/span><\/span><\/p>\n<p><span style=\"color: #464646\"><strong>Orientador: \u00a0<\/strong>Prof. Geferson Fischer<\/span><\/p>\n<p><span style=\"color: #464646\"><strong>Defesa: <\/strong>21\/02\/14<\/span><\/p>\n<p><span style=\"color: #464646\">___________________________________________________________________________<\/span><\/p>\n<p><span style=\"color: #464646\"><strong>Daniela Silva da Silva<\/strong><\/span><\/p>\n<p style=\"text-align: justify\"><span style=\"color: #464646\"><strong>T\u00edtulo:\u00a0<\/strong><span style=\"text-decoration: underline\"><a style=\"color: #464646;text-decoration: underline\" href=\"https:\/\/wp.ufpel.edu.br\/ppgveterinaria\/files\/2014\/07\/Daniela-Silva-da-Silva.pdf\" target=\"_blank\">Avalia\u00e7\u00e3o da Densidade Microvascular e Gradua\u00e7\u00e3o Histol\u00f3gica em Tumores Mam\u00e1rios Caninos<\/a><\/span><\/span><\/p>\n<p><span style=\"color: #464646\"><strong>Orientador: \u00a0<\/strong>Prof\u00aa. Cristina Gevehr Fernandes<\/span><\/p>\n<p><span style=\"color: #464646\"><strong>Defesa: <\/strong>28\/02\/14<\/span><\/p>\n<p><span style=\"color: #464646\">___________________________________________________________________________<\/span><\/p>\n<p><span style=\"color: #464646\"><strong>Eduardo Garcia Fontoura<\/strong><\/span><\/p>\n<p><span style=\"color: #464646\"><a style=\"color: #464646\" href=\"http:\/\/www2.ufpel.edu.br\/tede\/tde_busca\/arquivo.php?codArquivo=2068\" target=\"_blank\"><strong>T\u00edtulo:\u00a0<\/strong><span style=\"text-decoration: underline\">Rosmarinus officinalis L. e Triticum aestivum no tratamento da otite externa infecciosa<\/span><\/a><\/span><\/p>\n<p><span style=\"color: #464646\"><strong>Orientador: \u00a0<\/strong>Prof\u00aa. M\u00e1rcia de Oliveira Nobre<\/span><\/p>\n<p><span style=\"color: #464646\"><strong>Defesa: <\/strong>14\/02\/14<\/span><\/p>\n<p><span style=\"color: #464646\">___________________________________________________________________________<\/span><\/p>\n<p><span style=\"color: #464646\"><strong>Fernanda Carlini Cunha dos Santos<\/strong><\/span><\/p>\n<p style=\"text-align: justify\"><span style=\"color: #464646\"><strong>T\u00edtulo:<\/strong> <span style=\"text-decoration: underline\"><a style=\"color: #464646;text-decoration: underline\" href=\"https:\/\/wp.ufpel.edu.br\/ppgveterinaria\/files\/2014\/07\/Fernanda-Carlini-Cunha-dos-Santos.pdf\" target=\"_blank\">Utiliza\u00e7\u00e3o de extrato de pr\u00f3polis verde no resfriamento de s\u00eamen equino<\/a><\/span><\/span><\/p>\n<p><span style=\"color: #464646\"><strong>Orientador:<\/strong> Antonio Sergio Varela Junior<\/span><\/p>\n<p><span style=\"color: #464646\"><strong>Defesa:<\/strong> 02\/07\/14<\/span><\/p>\n<p><span style=\"color: #464646\">___________________________________________________________________________<\/span><\/p>\n<p><span style=\"color: #464646\"><strong>Fernanda Voigt Mota<\/strong><\/span><\/p>\n<p style=\"text-align: justify\"><span style=\"color: #464646\"><strong>T\u00edtulo:\u00a0<\/strong><span style=\"text-decoration: underline\"><a style=\"color: #464646;text-decoration: underline\" href=\"https:\/\/wp.ufpel.edu.br\/ppgveterinaria\/files\/2014\/07\/Fernanda-Voigt-Mota.pdf\" target=\"_blank\">Estabilidade da atividade antibacteriana do extrato hidroalco\u00f3lico de Schinus terebinthifolius Raddi sob diferentes condi\u00e7\u00f5es de armazenamento<\/a><\/span><\/span><\/p>\n<p><span style=\"color: #464646\"><strong>Orientador: \u00a0<\/strong>Prof. Luiz Filipe Dam\u00e9 Schuch<\/span><\/p>\n<p><span style=\"color: #464646\"><strong>Defesa: <\/strong>26\/02\/14<\/span><\/p>\n<p><span style=\"color: #464646\">___________________________________________________________________________<\/span><\/p>\n<p><span style=\"color: #464646\"><strong>Francine Bretanha Ribeiro de Souza<\/strong><\/span><\/p>\n<p style=\"text-align: justify\"><span style=\"color: #464646\"><strong>T\u00edtulo:\u00a0<\/strong><span style=\"text-decoration: underline\"><a style=\"color: #464646;text-decoration: underline\" href=\"https:\/\/wp.ufpel.edu.br\/ppgveterinaria\/files\/2014\/07\/Francine-Bretanha-Ribeiro-de-Souza.pdf\" target=\"_blank\">Atividade antibacteriana e antif\u00fangica, in vitro e in situ, do extrato etan\u00f3lico de pr\u00f3polis verde, frente a micro-organismos presentes em bebedouros av\u00edcolas<\/a><\/span><\/span><\/p>\n<p><span style=\"color: #464646\"><strong>Orientador: \u00a0<\/strong>Prof. Gilberto D&#8217;Avila Vargas<\/span><\/p>\n<p><span style=\"color: #464646\"><strong>Defesa: <\/strong>21\/02\/14<\/span><\/p>\n<p><span style=\"color: #464646\">___________________________________________________________________________<\/span><\/p>\n<p><span style=\"color: #464646\"><strong>Franklin de Moraes Vaz da Silva<\/strong><\/span><\/p>\n<p><span style=\"color: #464646\"><a style=\"color: #464646\" href=\"http:\/\/www2.ufpel.edu.br\/tede\/tde_busca\/arquivo.php?codArquivo=2069\" target=\"_blank\"><strong>T\u00edtulo:\u00a0<\/strong><span style=\"text-decoration: underline\">Efic\u00e1cia de extratos vegetais na desinfec\u00e7\u00e3o de superf\u00edcies contaminadas com fungos do complexo Sporothrix<\/span><\/a><\/span><\/p>\n<p><span style=\"color: #464646\"><strong>Orientador: \u00a0<\/strong>Prof. M\u00e1rio Carlos Ara\u00fajo Meireles<\/span><\/p>\n<p><span style=\"color: #464646\"><strong>Defesa: <\/strong>28\/02\/14<\/span><\/p>\n<p><span style=\"color: #464646\">___________________________________________________________________________<\/span><\/p>\n<p><span style=\"color: #464646\"><strong>Gilmar Batista Machado<\/strong><\/span><\/p>\n<p style=\"text-align: justify\"><span style=\"color: #464646\"><strong>T\u00edtulo:\u00a0<\/strong><span style=\"text-decoration: underline\"><a style=\"color: #464646;text-decoration: underline\" href=\"https:\/\/wp.ufpel.edu.br\/ppgveterinaria\/files\/2014\/07\/Gilmar-Batista-Machado.pdf\" target=\"_blank\">Avalia\u00e7\u00e3o microbiol\u00f3gica e epidemiol\u00f3gica de causas de condena\u00e7\u00e3o e contamina\u00e7\u00e3o de carca\u00e7as e \u00f3rg\u00e3os durante o abate de B\u00fafalos e Su\u00ednos, em frigor\u00edficos de Pelotas e do Rio Grande do Sul<\/a><\/span><\/span><\/p>\n<p><span style=\"color: #464646\"><strong>Orientador: \u00a0<\/strong>Prof. \u00c9verton Fagonde da Silva<\/span><\/p>\n<p><span style=\"color: #464646\"><strong>Defesa: <\/strong>21\/02\/14<\/span><\/p>\n<p><span style=\"color: #464646\">___________________________________________________________________________<\/span><\/p>\n<p><span style=\"color: #464646\"><strong>Ilusca Sampaio Finger<\/strong><\/span><\/p>\n<p style=\"text-align: justify\"><span style=\"color: #464646\"><strong>T\u00edtulo:\u00a0<\/strong><span style=\"text-decoration: underline\"><a style=\"color: #464646;text-decoration: underline\" href=\"https:\/\/wp.ufpel.edu.br\/ppgveterinaria\/files\/2014\/07\/Ilusca-Sampaio-Finger.pdf\" target=\"_blank\">Identifica\u00e7\u00e3o de Marcadores Bioqu\u00edmicos e Prote\u00ednas de Fase Aguda no Liquido Amni\u00f3tico de \u00e9guas no momento do parto<\/a><\/span><\/span><\/p>\n<p><span style=\"color: #464646\"><strong>Orientador: \u00a0<\/strong>Prof. Carlos Eduardo Wayne Nogueira<\/span><\/p>\n<p><span style=\"color: #464646\"><strong>Defesa: <\/strong>20\/02\/14<\/span><\/p>\n<p><span style=\"color: #464646\">___________________________________________________________________________<\/span><\/p>\n<p><span style=\"color: #464646\"><strong>Jana\u00edna Viana da Rosa<\/strong><\/span><\/p>\n<p><span style=\"color: #464646\"><strong>T\u00edtulo:\u00a0<\/strong><span style=\"text-decoration: underline\"><a style=\"color: #464646;text-decoration: underline\" href=\"https:\/\/wp.ufpel.edu.br\/ppgveterinaria\/files\/2014\/07\/Janaina-Viana-da-Rosa.pdf\" target=\"_blank\">Micro-organismos patog\u00eanicos em pescados do estu\u00e1rio da Lagoa dos Patos<\/a><\/span><\/span><\/p>\n<p><span style=\"color: #464646\"><strong>Orientador: \u00a0<\/strong>Prof. Cl\u00e1udio Dias Timm<\/span><\/p>\n<p><span style=\"color: #464646\"><strong>Defesa: <\/strong>20\/02\/14<\/span><\/p>\n<p><span style=\"color: #464646\">___________________________________________________________________________<\/span><\/p>\n<p><span style=\"color: #464646\"><strong>Leonardo Mortagua de Castro<\/strong><\/span><\/p>\n<p style=\"text-align: justify\"><span style=\"color: #464646\"><strong>T\u00edtulo:\u00a0<\/strong><span style=\"text-decoration: underline\"><a style=\"color: #464646;text-decoration: underline\" href=\"https:\/\/wp.ufpel.edu.br\/ppgveterinaria\/files\/2014\/07\/Leonardo-Mortagua-de-Castro.pdf\" target=\"_blank\">Atividade ovicida de Ocimum basilicum em nemat\u00f3deos gastrintestinais de ovinos<\/a><\/span><\/span><\/p>\n<p><span style=\"color: #464646\"><strong>Orientador: \u00a0<\/strong>Prof\u00aa. Maria Elisabeth Aires Berne<\/span><\/p>\n<p><span style=\"color: #464646\"><strong>Defesa: <\/strong>10\/02\/14<\/span><\/p>\n<p><span style=\"color: #464646\">___________________________________________________________________________<\/span><\/p>\n<p><span style=\"color: #464646\"><strong>L\u00edvia Silveira Munhoz<\/strong><\/span><\/p>\n<p style=\"text-align: justify\"><span style=\"color: #464646\"><strong>T\u00edtulo:\u00a0<\/strong><span style=\"text-decoration: underline\"><a style=\"color: #464646;text-decoration: underline\" href=\"https:\/\/wp.ufpel.edu.br\/ppgveterinaria\/files\/2014\/07\/L\u00edvia-Silveira-Munhoz.pdf\" target=\"_blank\">Express\u00e3o transit\u00f3ria da glicoprote\u00edna S1 recombinante do v\u00edrus da bronquite infecciosa em c\u00e9lulas de mam\u00edferos<\/a><\/span><\/span><\/p>\n<p><span style=\"color: #464646\"><strong>Orientador: \u00a0<\/strong>Prof\u00aa. Silvia de Oliveira H\u00fcbner<\/span><\/p>\n<p><span style=\"color: #464646\"><strong>Defesa: <\/strong>24\/02\/14<\/span><\/p>\n<p><span style=\"color: #464646\">___________________________________________________________________________<\/span><\/p>\n<p><span style=\"color: #464646\"><strong>Lorena Soares Feij\u00f3<\/strong><\/span><\/p>\n<p style=\"text-align: justify\"><span style=\"color: #464646\"><strong>T\u00edtulo:<\/strong> <span style=\"text-decoration: underline\"><a style=\"color: #464646;text-decoration: underline\" href=\"https:\/\/wp.ufpel.edu.br\/ppgveterinaria\/files\/2014\/07\/Lorena-Soares-Feij\u00f3.pdf\" target=\"_blank\">Avalia\u00e7\u00e3o cl\u00ednica e metab\u00f3lica de potros nascidos de \u00e9guas com placentite<\/a><\/span><\/span><\/p>\n<p><span style=\"color: #464646\"><strong>Orientador:<\/strong> Carlos Eduardo Wayne Nogueira<\/span><\/p>\n<p><span style=\"color: #464646\"><strong>Defesa:<\/strong> 21\/10\/14<br \/>\n<\/span><\/p>\n<p><span style=\"color: #464646\">___________________________________________________________________________<\/span><\/p>\n<p><span style=\"color: #464646\"><strong>Luciana Laitano Dias de Castro<\/strong><\/span><\/p>\n<p style=\"text-align: justify\"><span style=\"color: #464646\"><strong>T\u00edtulo:\u00a0<\/strong><span style=\"text-decoration: underline\"><a style=\"color: #464646;text-decoration: underline\" href=\"https:\/\/wp.ufpel.edu.br\/ppgveterinaria\/files\/2014\/07\/Luciana-Laitano-Dias-de-Castro.pdf\" target=\"_blank\">Avalia\u00e7\u00e3o do potencial anti-helm\u00edntico de Origanum vulgare e Eugenia uniflora em nemat\u00f3deos gastrointestinais de ruminantes<\/a><\/span><\/span><\/p>\n<p><span style=\"color: #464646\"><strong>Orientador: \u00a0<\/strong>Prof. F\u00e1bio Pereira Leivas Leite<\/span><\/p>\n<p><span style=\"color: #464646\"><strong>Defesa: <\/strong>18\/02\/14<\/span><\/p>\n<p><span style=\"color: #464646\">___________________________________________________________________________<\/span><\/p>\n<p><span style=\"color: #464646\"><strong>M\u00e1rcio Erpen Lima<\/strong><\/span><\/p>\n<p style=\"text-align: justify\"><span style=\"color: #464646\"><strong>T\u00edtulo:\u00a0<\/strong><span style=\"text-decoration: underline\"><a style=\"color: #464646;text-decoration: underline\" href=\"https:\/\/wp.ufpel.edu.br\/ppgveterinaria\/files\/2014\/07\/M\u00e1rcio-Erpen-Lima.pdf\" target=\"_blank\">Efeito do butafosfan e cianocobalamina sobre a produ\u00e7\u00e3o de o\u00f3citos e embri\u00f5es in vitro de vacas Jersey<\/a><\/span><\/span><\/p>\n<p><span style=\"color: #464646\"><strong>Orientador: \u00a0<\/strong>Prof. Marcio Nunes Corr\u00eaa<\/span><\/p>\n<p><span style=\"color: #464646\"><strong>Defesa: <\/strong>20\/02\/14<\/span><\/p>\n<p><span style=\"color: #464646\">___________________________________________________________________________<\/span><\/p>\n<p><span style=\"color: #464646\"><strong>Pedro Augusto da Silva Silveira<\/strong><\/span><\/p>\n<p style=\"text-align: justify\"><span style=\"color: #464646\"><strong>T\u00edtulo:\u00a0<\/strong><span style=\"text-decoration: underline\"><a style=\"color: #464646;text-decoration: underline\" href=\"https:\/\/wp.ufpel.edu.br\/ppgveterinaria\/files\/2014\/07\/Pedro-Augusto-da-Silva-Silveira.pdf\" target=\"_blank\">Caracteriza\u00e7\u00e3o de polimorfismos na regi\u00e3o do promotor do gene da paraoxonase 1 (PON1) e seu efeito sobre a atividade enzim\u00e1tica em vacas leiteiras<\/a><\/span><\/span><\/p>\n<p><span style=\"color: #464646\"><strong>Orientador: \u00a0<\/strong>Prof. Augusto Schneider<\/span><\/p>\n<p><span style=\"color: #464646\"><strong>Defesa: <\/strong>14\/02\/14<\/span><\/p>\n<p><span style=\"color: #464646\">___________________________________________________________________________<\/span><\/p>\n<p><span style=\"color: #464646\"><strong>Thiago Vaz Lopes<\/strong><\/span><\/p>\n<p style=\"text-align: justify\"><span style=\"color: #464646\"><strong>T\u00edtulo:<\/strong> <span style=\"text-decoration: underline\"><a style=\"color: #464646;text-decoration: underline\" href=\"https:\/\/wp.ufpel.edu.br\/ppgveterinaria\/files\/2014\/07\/Thiago-Vaz-Lopes.pdf\" target=\"_blank\">Avalia\u00e7\u00e3o da a\u00e7\u00e3o cicatricial da seiva do Croton lechleri<\/a><\/span><\/span><\/p>\n<p><span style=\"color: #464646\"><strong>Orientador:<\/strong> M\u00e1rcia de Oliveira Nobre<\/span><\/p>\n<p><span style=\"color: #464646\"><strong>Defesa:<\/strong> 21\/08\/14<\/span><\/p>\n<p><span style=\"color: #464646\">___________________________________________________________________________<\/span><\/p>\n<p>&nbsp;<\/p>\n","protected":false},"excerpt":{"rendered":"<p>&nbsp; Disserta\u00e7\u00f5es 2014 &nbsp; ___________________________________________________________________________ Carolina Lambrecht Gon\u00e7alves T\u00edtulo: Bacteriostasia, citotoxidade, atividades antioxidante e sinergismo com antibacterianos comerciais de plantas bioativas com indicativo medicinal Orientador: \u00a0Prof. Luiz Filipe Dam\u00e9 Schuch Defesa: 24\/02\/14 ___________________________________________________________________________ Caroline Bohnen de Matos T\u00edtulo:\u00a0Efic\u00e1cia de extratos vegetais na desinfec\u00e7\u00e3o de superf\u00edcies contaminadas com fungos do complexo Sporothrix Orientador: \u00a0Prof\u00aa. Marlete Brum [&hellip;]<\/p>\n","protected":false},"author":391,"featured_media":0,"parent":152,"menu_order":50,"comment_status":"closed","ping_status":"closed","template":"","meta":{"footnotes":""},"class_list":["post-166","page","type-page","status-publish","hentry"],"_links":{"self":[{"href":"https:\/\/wp.ufpel.edu.br\/ppgveterinaria\/wp-json\/wp\/v2\/pages\/166","targetHints":{"allow":["GET"]}}],"collection":[{"href":"https:\/\/wp.ufpel.edu.br\/ppgveterinaria\/wp-json\/wp\/v2\/pages"}],"about":[{"href":"https:\/\/wp.ufpel.edu.br\/ppgveterinaria\/wp-json\/wp\/v2\/types\/page"}],"author":[{"embeddable":true,"href":"https:\/\/wp.ufpel.edu.br\/ppgveterinaria\/wp-json\/wp\/v2\/users\/391"}],"replies":[{"embeddable":true,"href":"https:\/\/wp.ufpel.edu.br\/ppgveterinaria\/wp-json\/wp\/v2\/comments?post=166"}],"version-history":[{"count":20,"href":"https:\/\/wp.ufpel.edu.br\/ppgveterinaria\/wp-json\/wp\/v2\/pages\/166\/revisions"}],"predecessor-version":[{"id":2449,"href":"https:\/\/wp.ufpel.edu.br\/ppgveterinaria\/wp-json\/wp\/v2\/pages\/166\/revisions\/2449"}],"up":[{"embeddable":true,"href":"https:\/\/wp.ufpel.edu.br\/ppgveterinaria\/wp-json\/wp\/v2\/pages\/152"}],"wp:attachment":[{"href":"https:\/\/wp.ufpel.edu.br\/ppgveterinaria\/wp-json\/wp\/v2\/media?parent=166"}],"curies":[{"name":"wp","href":"https:\/\/api.w.org\/{rel}","templated":true}]}}