{"id":160,"date":"2014-07-08T08:05:16","date_gmt":"2014-07-08T11:05:16","guid":{"rendered":"https:\/\/wp.ufpel.edu.br\/ppgveterinaria\/?page_id=160"},"modified":"2016-04-07T18:04:00","modified_gmt":"2016-04-07T21:04:00","slug":"2011-2","status":"publish","type":"page","link":"https:\/\/wp.ufpel.edu.br\/ppgveterinaria\/dissertacoesteses\/dissertacoes\/2011-2\/","title":{"rendered":"2011"},"content":{"rendered":"<div id=\"interno1\" style=\"color: #006600\">\n<p>&nbsp;<\/p>\n<ul>\n<li><span style=\"color: #464646;font-size: 12pt\"><strong>Disserta\u00e7\u00f5es 2011<\/strong><\/span><\/li>\n<\/ul>\n<p>&nbsp;<\/p>\n<p><span style=\"color: #464646;font-size: 12pt\">_________________________________________________________________________<\/span><\/p>\n<p class=\"titulo_interno\" style=\"font-weight: inherit;font-style: inherit\"><span style=\"color: #464646;font-size: 12pt\"><strong>\u00c1lvaro Carlos Menezes Arteche\u00a0<\/strong><\/span><\/p>\n<p class=\"titulo_discertacoes\" style=\"text-align: justify\"><span style=\"color: #464646;font-size: 12pt\"><a style=\"color: #464646\" href=\"http:\/\/www2.ufpel.edu.br\/tede\/tde_busca\/arquivo.php?codArquivo=1089\" target=\"_blank\"><strong>T\u00edtulo:\u00a0<\/strong><span style=\"text-decoration: underline\">Avalia\u00e7\u00e3o do desempenho e n\u00edveis de prote\u00e7\u00e3o sorol\u00f3gica em terneiros vacinados contra tristeza parasit\u00e1ria bovina comparados aos naturalmente infectados por carrapatos<\/span><\/a><\/span><\/p>\n<p class=\"dicente_texto\"><span style=\"color: #464646;font-size: 12pt\"><strong>Orientador:<\/strong> Nara Am\u00e9lia da Rosa<\/span><\/p>\n<p class=\"dicente_texto\"><span style=\"color: #464646;font-size: 12pt\"><strong>Defesa:<\/strong> 21\/11\/2011<\/span><\/p>\n<p><span style=\"color: #464646\">___________________________________________________________________________<\/span><\/p>\n<div class=\"discertacoes\" style=\"font-weight: inherit;font-style: inherit\">\n<p class=\"titulo_discertacoes\" style=\"font-weight: inherit;font-style: inherit;color: #395d24\"><span style=\"color: #464646;font-size: 12pt\"><strong>Anelise Oliveira da Silva Fonseca<\/strong><\/span><\/p>\n<p class=\"titulo_discertacoes\" style=\"font-weight: inherit;font-style: inherit;color: #395d24\"><span style=\"color: #464646;font-size: 12pt\"><a style=\"color: #464646\" href=\"http:\/\/www2.ufpel.edu.br\/tede\/tde_busca\/arquivo.php?codArquivo=977\" target=\"_blank\"><strong>T\u00edtulo:\u00a0<\/strong><span style=\"text-decoration: underline\">A\u00e7\u00e3o antif\u00fangica dos \u00f3leos essenciais de Origanum vulgare e Rosmarinus officinalis frente a isolados de Pythium insidiosum e dermat\u00f3fitos<\/span><\/a><\/span><\/p>\n<p class=\"dicente_texto\" style=\"font-weight: inherit;font-style: inherit;color: #006600\"><span style=\"color: #464646;font-size: 12pt\"><strong>Orientador:<\/strong> M\u00e1rio Carlos Ara\u00fajo Meireles<\/span><\/p>\n<p class=\"dicente_texto\" style=\"font-weight: inherit;font-style: inherit;color: #006600\"><span style=\"color: #464646;font-size: 12pt\"><strong>Defesa:<\/strong> 10\/03\/2011<\/span><\/p>\n<p><span style=\"color: #464646\">___________________________________________________________________________<\/span><\/p>\n<p class=\"dicente_texto\"><span style=\"color: #464646;font-size: 12pt\">\u00a0<strong>Caroline Ferreira Simon<\/strong><\/span><\/p>\n<p class=\"dicente_texto\"><span style=\"color: #464646;font-size: 12pt\"><a style=\"color: #464646\" href=\"http:\/\/www2.ufpel.edu.br\/tede\/tde_busca\/arquivo.php?codArquivo=978\" target=\"_blank\"><strong>T\u00edtulo:\u00a0<\/strong><span style=\"text-decoration: underline\">Avalia\u00e7\u00e3o da histotoxicidade e de altera\u00e7\u00f5es metab\u00f3licas ap\u00f3s o uso do etil-cianoacrilato e n-butil cianoacrilato em camundongos<\/span><\/a><\/span><\/p>\n<p class=\"dicente_texto\"><span style=\"color: #464646;font-size: 12pt\"><strong>Orientador:<\/strong> M\u00e1rcia de Oliveira Nobre<\/span><\/p>\n<p class=\"dicente_texto\"><span style=\"color: #464646;font-size: 12pt\"><strong>Defesa:<\/strong> 16\/05\/2011<\/span><\/p>\n<p class=\"dicente_texto\"><span style=\"color: #464646\">___________________________________________________________________________<\/span><\/p>\n<div class=\"discertacoes\">\n<p class=\"titulo_discertacoes\"><span style=\"color: #464646;font-size: 12pt\"><strong>Clarissa Caetano de Castro<\/strong><\/span><\/p>\n<p class=\"titulo_discertacoes\"><span style=\"color: #464646;font-size: 12pt\"><a style=\"color: #464646\" href=\"http:\/\/www2.ufpel.edu.br\/tede\/tde_busca\/arquivo.php?codArquivo=937\" target=\"_blank\"><strong>T\u00edtulo:\u00a0<\/strong><span style=\"text-decoration: underline\">Avalia\u00e7\u00e3o do teste de imunoperoxidase para detec\u00e7\u00e3o de anticorpos contra o v\u00edrus da leucose bovina (BLV)<\/span><\/a><\/span><\/p>\n<p class=\"dicente_texto\"><span style=\"color: #464646;font-size: 12pt\"><strong>Orientador:<\/strong> Silvia de Oliveira H\u00fcbner<\/span><\/p>\n<p class=\"dicente_texto\"><span style=\"color: #464646;font-size: 12pt\"><strong>Defesa:<\/strong> 31\/03\/2011<\/span><\/p>\n<p class=\"dicente_texto\"><span style=\"color: #464646\">___________________________________________________________________________<\/span><\/p>\n<\/div>\n<div class=\"discertacoes\">\n<p class=\"titulo_discertacoes\" style=\"text-align: justify\"><span style=\"color: #464646;font-size: 12pt\"><strong>Cristina Freitas Nunes<\/strong><\/span><\/p>\n<p class=\"titulo_discertacoes\" style=\"text-align: justify\"><span style=\"color: #464646;font-size: 12pt\"><a style=\"color: #464646\" href=\"http:\/\/www2.ufpel.edu.br\/tede\/tde_busca\/arquivo.php?codArquivo=936\" target=\"_blank\"><strong>T\u00edtulo:\u00a0<\/strong><span style=\"text-decoration: underline\">Atividade virucida de um extrato etan\u00f3lico de pr\u00f3polis verde contra o v\u00edrus da doen\u00e7a de Newcastle<\/span><\/a><\/span><\/p>\n<p class=\"dicente_texto\" style=\"text-align: justify\"><span style=\"color: #464646;font-size: 12pt\"><strong>Orientador:<\/strong> Gilberto D\u0092Avila Vargas<\/span><\/p>\n<p class=\"dicente_texto\" style=\"text-align: justify\"><span style=\"color: #464646;font-size: 12pt\"><strong>Defesa:<\/strong> 28\/02\/2011<\/span><\/p>\n<\/div>\n<p><span style=\"color: #464646\">___________________________________________________________________________<\/span><\/p>\n<p class=\"dicente_texto\" style=\"text-align: justify\"><span style=\"color: #464646;font-size: 12pt\"><strong>Daniel Borges S\u00e1vio<\/strong><\/span><\/p>\n<p class=\"dicente_texto\" style=\"text-align: justify\"><span style=\"color: #464646;font-size: 12pt\"><a style=\"color: #464646\" href=\"http:\/\/www2.ufpel.edu.br\/tede\/tde_busca\/arquivo.php?codArquivo=1206\" target=\"_blank\"><strong>T\u00edtulo:\u00a0<\/strong><span style=\"text-decoration: underline\">Desempenho reprodutivo com insemina\u00e7\u00e3o artificial em su\u00ednos com doses homosp\u00e9rmicas e heterosp\u00e9rmicas<\/span><\/a><\/span><\/p>\n<p class=\"dicente_texto\"><span style=\"color: #464646;font-size: 12pt\"><strong>Orientador:<\/strong> Thomaz Lucia Jr.<\/span><\/p>\n<p class=\"dicente_texto\"><span style=\"color: #464646;font-size: 12pt\"><strong>Defesa:<\/strong> 15\/12\/2011<\/span><\/p>\n<p class=\"dicente_texto\"><span style=\"color: #464646\">___________________________________________________________________________<\/span><\/p>\n<div class=\"discertacoes\">\n<p class=\"titulo_discertacoes\"><span style=\"color: #464646;font-size: 12pt\"><strong>Diane Bender Almeida Schiavon<\/strong><\/span><\/p>\n<p class=\"titulo_discertacoes\" style=\"text-align: justify\"><span style=\"color: #464646;font-size: 12pt\"><a style=\"color: #464646\" href=\"http:\/\/www2.ufpel.edu.br\/tede\/tde_busca\/arquivo.php?codArquivo=983\" target=\"_blank\"><strong>T\u00edtulo:\u00a0<\/strong><span style=\"text-decoration: underline\">Aplicac\u00e3o de um fitoter\u00e1pico a base de Tagetes minuta na anti-sepsia de tetos de vacas p\u00f3s-ordenha<\/span><\/a><\/span><\/p>\n<p class=\"dicente_texto\"><span style=\"color: #464646;font-size: 12pt\"><strong>Orientador:<\/strong> Luiz Filipe Dam\u00e9 Schuch<\/span><\/p>\n<p class=\"dicente_texto\"><span style=\"color: #464646;font-size: 12pt\"><strong>Defesa:<\/strong> 24\/02\/2011<\/span><\/p>\n<p><span style=\"color: #464646\">___________________________________________________________________________<\/span><\/p>\n<p class=\"dicente_texto\"><span style=\"color: #464646;font-size: 12pt\"><strong>Elis\u00e2ngela Mirapalheta Madeira<\/strong><\/span><\/p>\n<p class=\"dicente_texto\" style=\"text-align: justify\"><span style=\"color: #464646;font-size: 12pt\"><a style=\"color: #464646\" href=\"http:\/\/www2.ufpel.edu.br\/tede\/tde_busca\/arquivo.php?codArquivo=933\"><strong>T\u00edtulo:\u00a0<\/strong><span style=\"text-decoration: underline\">Efic\u00e1cia da inclus\u00e3o de antibi\u00f3ticos em diluente para criopreserva\u00e7\u00e3o de s\u00eamen ovino e sua influ\u00eancia na viabilidade esperm\u00e1tica<\/span><\/a><\/span><\/p>\n<p class=\"dicente_texto\"><span style=\"color: #464646;font-size: 12pt\"><strong>Orientador:<\/strong> Ivan Bianchi<\/span><\/p>\n<p class=\"dicente_texto\"><span style=\"color: #464646;font-size: 12pt\"><strong>Defesa:<\/strong> 28\/02\/2011<\/span><\/p>\n<p class=\"dicente_texto\"><span style=\"color: #464646\">___________________________________________________________________________<\/span><\/p>\n<div class=\"discertacoes\">\n<p class=\"titulo_discertacoes\"><span style=\"color: #464646;font-size: 12pt\"><strong>Liziane Lemos Vianna<\/strong><\/span><\/p>\n<p class=\"titulo_discertacoes\" style=\"text-align: justify\"><span style=\"color: #464646;font-size: 12pt\"><a style=\"color: #464646\" href=\"http:\/\/www2.ufpel.edu.br\/tede\/tde_busca\/arquivo.php?codArquivo=922\" target=\"_blank\"><strong>T\u00edtulo:\u00a0<\/strong><span style=\"text-decoration: underline\">Minigradientes isolate e optiprep como alternativas ao gradiente de percoll na produ\u00e7\u00e3o in vitro de embri\u00f5es bovinos<\/span><\/a><\/span><\/p>\n<p class=\"dicente_texto\"><span style=\"color: #464646;font-size: 12pt\"><strong>Orientador:<\/strong> M\u00e1rcio Nunes Corr\u00eaa<\/span><\/p>\n<p class=\"dicente_texto\"><span style=\"color: #464646;font-size: 12pt\"><strong>Defesa:<\/strong> 28\/02\/2011<\/span><\/p>\n<p class=\"dicente_texto\"><span style=\"color: #464646\">___________________________________________________________________________<\/span><\/p>\n<\/div>\n<div class=\"discertacoes\">\n<p class=\"titulo_discertacoes\"><span style=\"color: #464646;font-size: 12pt\"><strong>Luciana Araujo Lins<\/strong><\/span><\/p>\n<p class=\"titulo_discertacoes\" style=\"text-align: justify\"><span style=\"color: #464646;font-size: 12pt\"><strong>T\u00edtulo:\u00a0<\/strong>Estudo histopatol\u00f3gico da placenta na \u00e9gua: Rela\u00e7\u00e3o com o metabolismo neonatal e achados da gesta\u00e7\u00e3o<\/span><\/p>\n<p class=\"dicente_texto\"><span style=\"color: #464646;font-size: 12pt\"><strong>Orientador:<\/strong> Marcio Nunes Corr\u00eaa<\/span><\/p>\n<p class=\"dicente_texto\"><span style=\"color: #464646;font-size: 12pt\"><strong>Defesa:<\/strong> 28\/02\/2011<\/span><\/p>\n<\/div>\n<\/div>\n<p><span style=\"color: #464646\">___________________________________________________________________________<\/span><\/p>\n<\/div>\n<div class=\"discertacoes\" style=\"font-weight: inherit;font-style: inherit\">\n<p class=\"titulo_discertacoes\" style=\"font-weight: inherit;font-style: inherit;color: #395d24\"><span style=\"color: #464646;font-size: 12pt\"><strong>Mariana Teixeira Tillmann<\/strong><\/span><\/p>\n<p class=\"titulo_discertacoes\" style=\"font-weight: inherit;font-style: inherit;color: #395d24;text-align: justify\"><span style=\"color: #464646;font-size: 12pt\"><a style=\"color: #464646\" href=\"http:\/\/www2.ufpel.edu.br\/tede\/tde_busca\/arquivo.php?codArquivo=984\" target=\"_blank\"><strong>T\u00edtulo:\u00a0<\/strong><span style=\"text-decoration: underline\">Anti-s\u00e9pticos e Fitoter\u00e1pico na cicatriza\u00e7\u00e3o de feridas<\/span><\/a><\/span><\/p>\n<p class=\"dicente_texto\" style=\"font-weight: inherit;font-style: inherit;color: #006600\"><span style=\"color: #464646;font-size: 12pt\"><strong>Orientador:<\/strong> M\u00e1rcia de Oliveira Nobre<\/span><\/p>\n<p class=\"dicente_texto\" style=\"font-weight: inherit;font-style: inherit;color: #006600\"><span style=\"color: #464646;font-size: 12pt\"><strong>Defesa:<\/strong> 21\/02\/2011<\/span><\/p>\n<p><span style=\"color: #464646\">___________________________________________________________________________<\/span><\/p>\n<p class=\"dicente_texto\" style=\"font-weight: inherit;font-style: inherit;color: #006600\"><span style=\"color: #464646;font-size: 12pt\">\u00a0<strong>Michele Berselli<\/strong><\/span><\/p>\n<div class=\"discertacoes\">\n<p class=\"titulo_discertacoes\" style=\"text-align: justify\"><span style=\"color: #464646;font-size: 12pt\"><a style=\"color: #464646\" href=\"http:\/\/www2.ufpel.edu.br\/tede\/tde_busca\/arquivo.php?codArquivo=938\" target=\"_blank\"><strong>T\u00edtulo:\u00a0<\/strong><span style=\"text-decoration: underline\">Estudo da incid\u00eancia, identifica\u00e7\u00e3o e par\u00e2metros progn\u00f3sticos dos Hemangiomas e Hemangiossarcomas em animais<\/span><\/a><\/span><\/p>\n<p class=\"dicente_texto\"><span style=\"color: #464646;font-size: 12pt\"><strong>Orientador:<\/strong> Cristina Gevehr Fernandes<\/span><\/p>\n<p class=\"dicente_texto\"><span style=\"color: #464646;font-size: 12pt\"><strong>Defesa:<\/strong> 22\/02\/2011<\/span><\/p>\n<p><span style=\"color: #464646\">___________________________________________________________________________<\/span><\/p>\n<p class=\"dicente_texto\"><span style=\"color: #464646;font-size: 12pt\">\u00a0<strong>Paula Fonseca Finger<\/strong><\/span><\/p>\n<\/div>\n<h6 class=\"discertacoes\" style=\"text-align: justify\"><span style=\"color: #464646;font-size: 12pt\"><a style=\"color: #464646\" href=\"http:\/\/www2.ufpel.edu.br\/tede\/tde_busca\/arquivo.php?codArquivo=1221\" target=\"_blank\"><strong>T\u00edtulo:\u00a0<\/strong><span style=\"text-decoration: underline\">Express\u00e3o da glicoprote\u00edna S1 do v\u00edrus da bronquite infecciosa das galinhas em sistemas procarioto e eucarioto para utiliza\u00e7\u00e3o em imunodiagn\u00f3stico<\/span><\/a><\/span><\/h6>\n<h6 class=\"discertacoes\"><span style=\"color: #464646;font-size: 12pt\"><strong>Orientador:<\/strong> Silvia de Oliveira H\u00fcbner<\/span><\/h6>\n<div class=\"discertacoes\">\n<p class=\"dicente_texto\"><span style=\"color: #464646;font-size: 12pt\"><strong>Defesa:<\/strong> 19\/12\/2011<\/span><\/p>\n<p><span style=\"color: #464646\">___________________________________________________________________________<\/span><\/p>\n<p class=\"dicente_texto\"><span style=\"color: #464646;font-size: 12pt\">\u00a0\u00a0<strong>Priscila Alves Dias<\/strong><\/span><\/p>\n<\/div>\n<\/div>\n<div class=\"discertacoes\" style=\"font-weight: inherit;font-style: inherit\">\n<p class=\"titulo_discertacoes\" style=\"font-weight: inherit;font-style: inherit;color: #395d24;text-align: justify\"><span style=\"color: #464646;font-size: 12pt\"><a style=\"color: #464646\" href=\"http:\/\/www2.ufpel.edu.br\/tede\/tde_busca\/arquivo.php?codArquivo=935\" target=\"_blank\"><strong>T\u00edtulo:\u00a0<\/strong><span style=\"text-decoration: underline\">Atividade Antimicrobiana de Microrganismo Presentes em Gr\u00e3os de Kefir<\/span><\/a><\/span><\/p>\n<p class=\"dicente_texto\" style=\"font-weight: inherit;font-style: inherit;color: #006600\"><span style=\"color: #464646;font-size: 12pt\"><strong>Orientador:<\/strong> Cl\u00e1udio Dias Timm<\/span><\/p>\n<p class=\"dicente_texto\" style=\"font-weight: inherit;font-style: inherit;color: #006600\"><span style=\"color: #464646;font-size: 12pt\"><strong>Defesa:<\/strong> 24\/02\/2011<\/span><\/p>\n<p><span style=\"color: #464646\">___________________________________________________________________________<\/span><\/p>\n<p class=\"dicente_texto\" style=\"font-weight: inherit;font-style: inherit;color: #006600\"><span style=\"color: #464646;font-size: 12pt\">\u00a0<strong>Rafael da Rosa Ulguim<\/strong><\/span><\/p>\n<\/div>\n<div class=\"discertacoes\" style=\"font-weight: inherit;font-style: inherit\">\n<p class=\"titulo_discertacoes\" style=\"font-weight: inherit;font-style: inherit;color: #395d24;text-align: justify\"><span style=\"color: #464646;font-size: 12pt\"><a style=\"color: #464646\" href=\"http:\/\/www2.ufpel.edu.br\/tede\/tde_busca\/arquivo.php?codArquivo=985\" target=\"_blank\"><strong>T\u00edtulo:\u00a0<\/strong><span style=\"text-decoration: underline\">Descarte de f\u00eameas su\u00ednas em granjas de quarto s\u00edtio e em unidades produtoras de leit\u00f5es com reposi\u00e7\u00e3o de leitoas gestantes: efici\u00eancia reprodutiva e valida\u00e7\u00e3o das raz\u00f5es<\/span><\/a><\/span><\/p>\n<p class=\"dicente_texto\" style=\"font-weight: inherit;font-style: inherit;color: #006600\"><span style=\"color: #464646;font-size: 12pt\"><strong>Orientador:<\/strong> Thomaz Lucia Jr.<\/span><\/p>\n<p class=\"dicente_texto\" style=\"font-weight: inherit;font-style: inherit;color: #006600\"><span style=\"color: #464646;font-size: 12pt\"><strong>Defesa:<\/strong> 25\/03\/2011<\/span><\/p>\n<p><span style=\"color: #464646\">___________________________________________________________________________<\/span><\/p>\n<p class=\"dicente_texto\" style=\"font-weight: inherit;font-style: inherit;color: #006600\"><span style=\"color: #464646\">\u00a0<\/span><\/p>\n<\/div>\n<\/div>\n","protected":false},"excerpt":{"rendered":"<p>&nbsp; Disserta\u00e7\u00f5es 2011 &nbsp; _________________________________________________________________________ \u00c1lvaro Carlos Menezes Arteche\u00a0 T\u00edtulo:\u00a0Avalia\u00e7\u00e3o do desempenho e n\u00edveis de prote\u00e7\u00e3o sorol\u00f3gica em terneiros vacinados contra tristeza parasit\u00e1ria bovina comparados aos naturalmente infectados por carrapatos Orientador: Nara Am\u00e9lia da Rosa Defesa: 21\/11\/2011 ___________________________________________________________________________ Anelise Oliveira da Silva Fonseca T\u00edtulo:\u00a0A\u00e7\u00e3o antif\u00fangica dos \u00f3leos essenciais de Origanum vulgare e Rosmarinus officinalis frente [&hellip;]<\/p>\n","protected":false},"author":391,"featured_media":0,"parent":152,"menu_order":53,"comment_status":"closed","ping_status":"closed","template":"","meta":{"footnotes":""},"class_list":["post-160","page","type-page","status-publish","hentry"],"_links":{"self":[{"href":"https:\/\/wp.ufpel.edu.br\/ppgveterinaria\/wp-json\/wp\/v2\/pages\/160","targetHints":{"allow":["GET"]}}],"collection":[{"href":"https:\/\/wp.ufpel.edu.br\/ppgveterinaria\/wp-json\/wp\/v2\/pages"}],"about":[{"href":"https:\/\/wp.ufpel.edu.br\/ppgveterinaria\/wp-json\/wp\/v2\/types\/page"}],"author":[{"embeddable":true,"href":"https:\/\/wp.ufpel.edu.br\/ppgveterinaria\/wp-json\/wp\/v2\/users\/391"}],"replies":[{"embeddable":true,"href":"https:\/\/wp.ufpel.edu.br\/ppgveterinaria\/wp-json\/wp\/v2\/comments?post=160"}],"version-history":[{"count":33,"href":"https:\/\/wp.ufpel.edu.br\/ppgveterinaria\/wp-json\/wp\/v2\/pages\/160\/revisions"}],"predecessor-version":[{"id":2465,"href":"https:\/\/wp.ufpel.edu.br\/ppgveterinaria\/wp-json\/wp\/v2\/pages\/160\/revisions\/2465"}],"up":[{"embeddable":true,"href":"https:\/\/wp.ufpel.edu.br\/ppgveterinaria\/wp-json\/wp\/v2\/pages\/152"}],"wp:attachment":[{"href":"https:\/\/wp.ufpel.edu.br\/ppgveterinaria\/wp-json\/wp\/v2\/media?parent=160"}],"curies":[{"name":"wp","href":"https:\/\/api.w.org\/{rel}","templated":true}]}}