{"id":154,"date":"2014-07-07T16:41:52","date_gmt":"2014-07-07T19:41:52","guid":{"rendered":"https:\/\/wp.ufpel.edu.br\/ppgveterinaria\/?page_id=154"},"modified":"2016-04-07T17:50:45","modified_gmt":"2016-04-07T20:50:45","slug":"2010-2","status":"publish","type":"page","link":"https:\/\/wp.ufpel.edu.br\/ppgveterinaria\/dissertacoesteses\/dissertacoes\/2010-2\/","title":{"rendered":"2010"},"content":{"rendered":"<div id=\"interno1\" style=\"color: #006600\">\n<div class=\"discertacoes\" style=\"font-weight: inherit;font-style: inherit\">\n<p>&nbsp;<\/p>\n<ul>\n<li><span style=\"color: #464646\"><strong>Disserta\u00e7\u00f5es 2010<\/strong><\/span><\/li>\n<\/ul>\n<p>&nbsp;<\/p>\n<p><span style=\"color: #464646\">___________________________________________________________________________<\/span><\/p>\n<p class=\"titulo_discertacoes\" style=\"font-weight: inherit;font-style: inherit;color: #395d24\"><span style=\"color: #464646\"><strong>Anelize de Oliveira Campello Felix<\/strong><\/span><\/p>\n<p class=\"titulo_discertacoes\" style=\"font-weight: inherit;font-style: inherit;color: #395d24;text-align: justify\"><span style=\"color: #464646\"><strong>T\u00edtulo:<\/strong> <a style=\"color: #464646\" href=\"http:\/\/www2.ufpel.edu.br\/tede\/tde_busca\/arquivo.php?codArquivo=779\" target=\"_blank\">Acompanhamento cl\u00ednico, histopatol\u00f3gico e avalia\u00e7\u00e3o dos n\u00edveis de interleucina 10 de c\u00e3es com demodicose cr\u00f4nica<\/a><\/span><\/p>\n<p class=\"dicente_texto\" style=\"font-weight: inherit;font-style: inherit;color: #006600\"><span style=\"color: #464646\"><strong>Orientador:<\/strong> M\u00e1rcia de Oliveira Nobre<\/span><\/p>\n<p class=\"dicente_texto\" style=\"font-weight: inherit;font-style: inherit;color: #006600\"><span style=\"color: #464646\"><strong>Defesa:<\/strong> 24\/02\/2010<\/span><\/p>\n<p><span style=\"color: #464646\">___________________________________________________________________________<\/span><\/p>\n<\/div>\n<\/div>\n<p class=\"dicente_texto\" style=\"font-weight: inherit;font-style: inherit;color: #006600\"><span style=\"color: #464646\"><strong>Anibal Janczak Torres<\/strong><\/span><\/p>\n<div id=\"interno1\" style=\"color: #006600\">\n<div class=\"discertacoes\" style=\"font-weight: inherit;font-style: inherit\">\n<p class=\"titulo_discertacoes\" style=\"text-align: justify\"><span style=\"color: #464646\"><strong>T\u00edtulo:\u00a0<\/strong><a style=\"color: #464646\" href=\"http:\/\/www2.ufpel.edu.br\/tede\/tde_busca\/arquivo.php?codArquivo=780\" target=\"_blank\">Aspectos epidemiol\u00f3gicos e controle de theileriose equina na regi\u00e3o da campanha do Rio Grande do Sul \u0096 Brasil<\/a><\/span><\/p>\n<p class=\"dicente_texto\"><span style=\"color: #464646\"><strong>Orientador:<\/strong> Carlos Eduardo Wayne Nogueira<\/span><\/p>\n<p class=\"dicente_texto\"><span style=\"color: #464646\"><strong>Defesa: <\/strong>22\/02\/2010<\/span><\/p>\n<p><span style=\"color: #464646\">___________________________________________________________________________<\/span><\/p>\n<\/div>\n<\/div>\n<p class=\"dicente_texto\"><span style=\"color: #464646\"><strong>Antonella Souza Mattei<\/strong><\/span><\/p>\n<div id=\"interno1\" style=\"color: #006600\">\n<div class=\"discertacoes\" style=\"font-weight: inherit;font-style: inherit\">\n<p class=\"titulo_discertacoes\" style=\"text-align: justify\"><span style=\"color: #464646\"><strong>T\u00edtulo:\u00a0<\/strong><a style=\"color: #464646\" href=\"http:\/\/www2.ufpel.edu.br\/tede\/tde_busca\/arquivo.php?codArquivo=785\" target=\"_blank\">Pesquisa de fungos com potencial patog\u00eanico em ambientes e equipamentos de uso veterin\u00e1rio e avalia\u00e7\u00e3o da desinfec\u00e7\u00e3o hospitalar<\/a><\/span><\/p>\n<p class=\"dicente_texto\"><span style=\"color: #464646\"><strong>Orientador:<\/strong> M\u00e1rio Carlos Ara\u00fajo Meireles<\/span><\/p>\n<p class=\"dicente_texto\"><span style=\"color: #464646\"><strong>Defesa: <\/strong>23\/02\/2010<\/span><\/p>\n<p><span style=\"color: #464646\">___________________________________________________________________________<\/span><\/p>\n<\/div>\n<\/div>\n<p class=\"dicente_texto\"><span style=\"color: #464646\"><strong>Camila de Oliveira Vilela<\/strong><\/span><\/p>\n<div id=\"interno1\" style=\"color: #006600\">\n<div class=\"discertacoes\" style=\"font-weight: inherit;font-style: inherit\">\n<p class=\"titulo_discertacoes\"><span style=\"color: #464646\"><strong>T\u00edtulo:\u00a0<\/strong><a style=\"color: #464646\" href=\"http:\/\/www2.ufpel.edu.br\/tede\/tde_busca\/arquivo.php?codArquivo=786\" target=\"_blank\">Atividade antimicrobiana de extrato etan\u00f3lico de pr\u00f3polis verde<\/a><\/span><\/p>\n<p class=\"dicente_texto\"><span style=\"color: #464646\"><strong>Orientador:<\/strong> Gilberto D\u0092Avila Vargas<\/span><\/p>\n<p class=\"dicente_texto\"><span style=\"color: #464646\"><strong>Defesa:\u00a0<\/strong>23\/02\/2010<\/span><\/p>\n<p><span style=\"color: #464646\">___________________________________________________________________________<\/span><\/p>\n<\/div>\n<div class=\"discertacoes\" style=\"font-weight: inherit;font-style: inherit\"><span style=\"color: #464646\"><strong>Clairton Marcolongo Pereira<\/strong><\/span><\/div>\n<\/div>\n<div id=\"interno1\" style=\"color: #006600\">\n<div class=\"discertacoes\" style=\"font-weight: inherit;font-style: inherit\">\n<p class=\"titulo_discertacoes\" style=\"text-align: justify\"><span style=\"color: #464646\"><strong>T\u00edtulo:\u00a0<\/strong><a style=\"color: #464646\" href=\"http:\/\/www2.ufpel.edu.br\/tede\/tde_busca\/arquivo.php?codArquivo=812\" target=\"_blank\">Defeitos cong\u00eanitos diagnosticados em ruminantes na regi\u00e3o sul do rio grande do sul<\/a><\/span><\/p>\n<p class=\"dicente_texto\"><span style=\"color: #464646\"><strong>Orientador:<\/strong> Ana Lucia Schild<\/span><\/p>\n<p class=\"dicente_texto\"><span style=\"color: #464646\"><strong>Defesa:\u00a0<\/strong>22\/02\/2010<\/span><\/p>\n<p><span style=\"color: #464646\">___________________________________________________________________________<\/span><\/p>\n<\/div>\n<\/div>\n<p class=\"dicente_texto\"><span style=\"color: #464646\"><strong>Fernanda da Silva Xavier<\/strong><\/span><\/p>\n<div id=\"interno1\" style=\"color: #006600\">\n<div class=\"discertacoes\" style=\"font-weight: inherit;font-style: inherit\">\n<p class=\"titulo_discertacoes\" style=\"text-align: justify\"><span style=\"color: #464646\"><strong>T\u00edtulo:\u00a0<\/strong><a style=\"color: #464646\" href=\"http:\/\/www2.ufpel.edu.br\/tede\/tde_busca\/arquivo.php?codArquivo=776\" target=\"_blank\">Les\u00f5es proliferativas em p\u00eanis e prep\u00facio eq\u00fcinos<\/a><\/span><\/p>\n<p class=\"dicente_texto\"><span style=\"color: #464646\"><strong>Orientador:<\/strong> Cristina Gevehr Fernandes<\/span><\/p>\n<p class=\"dicente_texto\"><span style=\"color: #464646\"><strong>Defesa:\u00a0<\/strong>24\/02\/2010<\/span><\/p>\n<p><span style=\"color: #464646\">___________________________________________________________________________<\/span><\/p>\n<\/div>\n<\/div>\n<p class=\"dicente_texto\"><span style=\"color: #464646\"><strong>Graziela Wilhelm<\/strong><\/span><\/p>\n<div id=\"interno1\" style=\"color: #006600\">\n<div class=\"discertacoes\" style=\"font-weight: inherit;font-style: inherit\">\n<p class=\"titulo_discertacoes\" style=\"text-align: justify\"><span style=\"color: #464646\"><strong>T\u00edtulo:\u00a0<\/strong><a style=\"color: #464646\" href=\"http:\/\/www2.ufpel.edu.br\/tede\/tde_busca\/arquivo.php?codArquivo=778\" target=\"_blank\">Ressec\u00e7\u00e3o lateral do conduto auditivo externo: Avalia\u00e7\u00e3o no tratamento da otite externa cr\u00f4nica e proposta do uso de adesivos<\/a><\/span><\/p>\n<p class=\"dicente_texto\"><span style=\"color: #464646\"><strong>Orientador:<\/strong> M\u00e1rcia de Oliveira Nobre<\/span><\/p>\n<p class=\"dicente_texto\"><span style=\"color: #464646\"><strong>Defesa:\u00a0<\/strong>30\/04\/2010<\/span><\/p>\n<p><span style=\"color: #464646\">___________________________________________________________________________<\/span><\/p>\n<\/div>\n<\/div>\n<p class=\"dicente_texto\"><span style=\"color: #464646\"><strong>Luiza da Gama Os\u00f3rio<\/strong><\/span><\/p>\n<div id=\"interno1\" style=\"color: #006600\">\n<div class=\"discertacoes\" style=\"font-weight: inherit;font-style: inherit\">\n<p class=\"titulo_discertacoes\" style=\"text-align: justify\"><span style=\"color: #464646\"><strong>T\u00edtulo:\u00a0<\/strong><a style=\"color: #464646\" href=\"http:\/\/www2.ufpel.edu.br\/tede\/tde_busca\/arquivo.php?codArquivo=723\" target=\"_blank\">Estudo do bumblefoot (pododermatite) em pinguins-demagalh\u00e3es (spheniscus magellanicus) em centro de recupera\u00e7\u00e3o<\/a><\/span><\/p>\n<p class=\"titulo_discertacoes\"><span style=\"color: #464646\"><strong>Orientador:<\/strong> M\u00e1rio Carlos Ara\u00fajo Meireles<\/span><\/p>\n<p class=\"dicente_texto\"><span style=\"color: #464646\"><strong>Defesa:\u00a0<\/strong>24\/02\/2010<\/span><\/p>\n<p><span style=\"color: #464646\">___________________________________________________________________________<\/span><\/p>\n<p class=\"titulo_discertacoes\"><span style=\"color: #464646\"><strong>Mara Rubia Romeu Pinto<\/strong><\/span><\/p>\n<p class=\"titulo_discertacoes\" style=\"text-align: justify\"><span style=\"color: #464646\"><strong>T\u00edtulo:\u00a0<\/strong><a style=\"color: #464646\" href=\"http:\/\/www2.ufpel.edu.br\/tede\/tde_busca\/arquivo.php?codArquivo=725\" target=\"_blank\">Alimenta\u00e7\u00e3o de Apis mellifera africanizadas: Rela\u00e7\u00e3o com a fisiologia, produ\u00e7\u00e3o, sanidade e seguran\u00e7a alimentar<\/a><\/span><\/p>\n<p class=\"dicente_texto\"><span style=\"color: #464646\"><strong>Orientador:<\/strong> F\u00e1bio Pereira Leivas Leite<\/span><\/p>\n<p class=\"dicente_texto\"><span style=\"color: #464646\"><strong>Defesa:\u00a0<\/strong>11\/05\/2010<\/span><\/p>\n<p><span style=\"color: #464646\">___________________________________________________________________________<\/span><\/p>\n<\/div>\n<\/div>\n<p class=\"dicente_texto\"><span style=\"color: #464646\"><strong>Pedro de Souza Quevedo<\/strong><\/span><\/p>\n<div id=\"interno1\" style=\"color: #006600\">\n<div class=\"discertacoes\" style=\"font-weight: inherit;font-style: inherit\">\n<p class=\"titulo_discertacoes\" style=\"text-align: justify\"><span style=\"color: #464646\"><strong>T\u00edtulo:\u00a0<\/strong><a style=\"color: #464646\" href=\"http:\/\/www2.ufpel.edu.br\/tede\/tde_busca\/arquivo.php?codArquivo=934\" target=\"_blank\">Clostridioses em ruminantes no sul do rio grande do sul<\/a><\/span><\/p>\n<p class=\"dicente_texto\"><span style=\"color: #464646\"><strong>Orientador:<\/strong> Ana Lucia Schild<\/span><\/p>\n<p class=\"dicente_texto\"><span style=\"color: #464646\"><strong>Defesa:\u00a0<\/strong>20\/12\/2010<\/span><\/p>\n<p><span style=\"color: #464646\">___________________________________________________________________________<\/span><\/p>\n<\/div>\n<\/div>\n<p class=\"dicente_texto\"><span style=\"color: #464646\"><strong>Tain\u00e3 Normanton Guim<\/strong><\/span><\/p>\n<div id=\"interno1\" style=\"color: #006600\">\n<div class=\"discertacoes\" style=\"font-weight: inherit;font-style: inherit\">\n<p class=\"titulo_discertacoes\" style=\"text-align: justify\"><span style=\"color: #464646\"><strong>T\u00edtulo:\u00a0<\/strong><a style=\"color: #464646\" href=\"http:\/\/www2.ufpel.edu.br\/tede\/tde_busca\/arquivo.php?codArquivo=813\" target=\"_blank\">Avalia\u00e7\u00e3o da sobrevida e de marcadores histomorfol\u00f3gicos como potenciais fatores progn\u00f3sticos para carcinoma de c\u00e9lulas escamosas em c\u00e3es e gatos<\/a><\/span><\/p>\n<p class=\"dicente_texto\"><span style=\"color: #464646\"><strong>Orientador:<\/strong> Cristina Gevehr Fernandes<\/span><\/p>\n<p class=\"dicente_texto\"><span style=\"color: #464646\"><strong>Defesa:\u00a0<\/strong>26\/02\/2010<\/span><\/p>\n<p class=\"dicente_texto\"><span style=\"color: #464646\">\u00a0___________________________________________________________________________<\/span><\/p>\n<\/div>\n<\/div>\n","protected":false},"excerpt":{"rendered":"<p>&nbsp; Disserta\u00e7\u00f5es 2010 &nbsp; ___________________________________________________________________________ Anelize de Oliveira Campello Felix T\u00edtulo: Acompanhamento cl\u00ednico, histopatol\u00f3gico e avalia\u00e7\u00e3o dos n\u00edveis de interleucina 10 de c\u00e3es com demodicose cr\u00f4nica Orientador: M\u00e1rcia de Oliveira Nobre Defesa: 24\/02\/2010 ___________________________________________________________________________ Anibal Janczak Torres T\u00edtulo:\u00a0Aspectos epidemiol\u00f3gicos e controle de theileriose equina na regi\u00e3o da campanha do Rio Grande do Sul \u0096 Brasil [&hellip;]<\/p>\n","protected":false},"author":391,"featured_media":0,"parent":152,"menu_order":54,"comment_status":"closed","ping_status":"closed","template":"","meta":{"footnotes":""},"class_list":["post-154","page","type-page","status-publish","hentry"],"_links":{"self":[{"href":"https:\/\/wp.ufpel.edu.br\/ppgveterinaria\/wp-json\/wp\/v2\/pages\/154","targetHints":{"allow":["GET"]}}],"collection":[{"href":"https:\/\/wp.ufpel.edu.br\/ppgveterinaria\/wp-json\/wp\/v2\/pages"}],"about":[{"href":"https:\/\/wp.ufpel.edu.br\/ppgveterinaria\/wp-json\/wp\/v2\/types\/page"}],"author":[{"embeddable":true,"href":"https:\/\/wp.ufpel.edu.br\/ppgveterinaria\/wp-json\/wp\/v2\/users\/391"}],"replies":[{"embeddable":true,"href":"https:\/\/wp.ufpel.edu.br\/ppgveterinaria\/wp-json\/wp\/v2\/comments?post=154"}],"version-history":[{"count":19,"href":"https:\/\/wp.ufpel.edu.br\/ppgveterinaria\/wp-json\/wp\/v2\/pages\/154\/revisions"}],"predecessor-version":[{"id":2454,"href":"https:\/\/wp.ufpel.edu.br\/ppgveterinaria\/wp-json\/wp\/v2\/pages\/154\/revisions\/2454"}],"up":[{"embeddable":true,"href":"https:\/\/wp.ufpel.edu.br\/ppgveterinaria\/wp-json\/wp\/v2\/pages\/152"}],"wp:attachment":[{"href":"https:\/\/wp.ufpel.edu.br\/ppgveterinaria\/wp-json\/wp\/v2\/media?parent=154"}],"curies":[{"name":"wp","href":"https:\/\/api.w.org\/{rel}","templated":true}]}}