{"id":9977,"date":"2025-05-20T10:40:00","date_gmt":"2025-05-20T13:40:00","guid":{"rendered":"https:\/\/wp.ufpel.edu.br\/ppgs\/?page_id=9977"},"modified":"2025-06-02T14:48:10","modified_gmt":"2025-06-02T17:48:10","slug":"dissertacoes-turma-2023","status":"publish","type":"page","link":"https:\/\/wp.ufpel.edu.br\/ppgs\/producaoeeventos\/dissertacoes\/dissertacoes-turma-2023\/","title":{"rendered":"Disserta\u00e7\u00f5es: Turma 2023"},"content":{"rendered":"<p class=\"\" data-start=\"91\" data-end=\"426\"><strong data-start=\"91\" data-end=\"122\">RAQUEL DE OLIVEIRA MODERNEL<\/strong><\/p>\n<p class=\"\" data-start=\"91\" data-end=\"426\"><br data-start=\"122\" data-end=\"125\" \/>Trabalho de conclus\u00e3o: <strong><em><a href=\"https:\/\/wp.ufpel.edu.br\/ppgs\/files\/2025\/05\/RAQUEL-DE-OLIVEIRA-MODERNEL-DISSERTACAO.pdf\">Ca\u00e7a \u00e0s bruxas contempor\u00e2nea: a criminaliza\u00e7\u00e3o do ativismo feminista atrav\u00e9s do lawfare de g\u00eanero no Brasil entre o per\u00edodo de 2012 a 2023.<\/a><\/em><\/strong><\/p>\n<p class=\"\" data-start=\"91\" data-end=\"426\"><br data-start=\"288\" data-end=\"291\" \/>Orientadora: Prof.\u00aa Dr.\u00aa Simone da Silva Ribeiro Gomes<br data-start=\"345\" data-end=\"348\" \/>Data da Defesa: 24 de fevereiro de 2025.<\/p>\n<hr class=\"\" data-start=\"428\" data-end=\"431\" \/>\n<p class=\"\" data-start=\"433\" data-end=\"812\"><strong data-start=\"433\" data-end=\"462\">TAIN\u00c1 CARDOZO DE OLIVEIRA<\/strong><\/p>\n<p class=\"\" data-start=\"433\" data-end=\"812\"><br data-start=\"462\" data-end=\"465\" \/>Trabalho de conclus\u00e3o: <strong><em><a href=\"https:\/\/wp.ufpel.edu.br\/ppgs\/files\/2025\/05\/Taina-Cardozo-de-Oliveira.pdf\">Entre a viol\u00eancia e a justi\u00e7a: a justificativa moral do linchamento virtual a partir da controv\u00e9rsia da rela\u00e7\u00e3o moral entre autor e obra.<\/a><\/em><\/strong><\/p>\n<p class=\"\" data-start=\"433\" data-end=\"812\"><br data-start=\"626\" data-end=\"629\" \/>Orientador: Prof. Dr. Marcus Vinicius Spolle<br data-start=\"673\" data-end=\"676\" \/>Coorientador: Prof. Dr. Marcos Aur\u00e9lio Lacerda da Silva<br data-start=\"731\" data-end=\"734\" \/>Data da Defesa: 26 de fevereiro de 2025.<\/p>\n<hr class=\"\" data-start=\"814\" data-end=\"817\" \/>\n<p class=\"\" data-start=\"819\" data-end=\"1107\"><strong data-start=\"819\" data-end=\"849\">WANDER CATARINA DOS SANTOS<\/strong><\/p>\n<p class=\"\" data-start=\"819\" data-end=\"1107\"><br data-start=\"849\" data-end=\"852\" \/>Trabalho de conclus\u00e3o:<em>\u00a0<strong data-start=\"91\" data-end=\"122\"><a style=\"color: #333333;\" href=\"https:\/\/wp.ufpel.edu.br\/ppgs\/files\/2025\/05\/DISSERTAC\u0327A\u0303O-REVISADA_-A_ALIANC\u0327A_SINORUSSA_GUERRA_NA_UCRA\u0302NIA_INDI\u0301CIOS_HISTO\u0301RICOS_SE\u0301CXXI_FOLHA-DE-APROVA.pdf\">A alian\u00e7a sino-russia e a Guerra na Ucr\u00e2nia: ind\u00edcios hist\u00f3ricos do s\u00e9c XXI.<\/a><\/strong><\/em><\/p>\n<p class=\"\" data-start=\"819\" data-end=\"1107\"><br data-start=\"954\" data-end=\"957\" \/>Orientador: Prof. Dr. Rodrigo Cantu de Souza<br data-start=\"1001\" data-end=\"1004\" \/>Data da Defesa: 27 de fevereiro de 2025.<\/p>\n<p>&nbsp;<\/p>\n","protected":false},"excerpt":{"rendered":"<p>RAQUEL DE OLIVEIRA MODERNEL Trabalho de conclus\u00e3o: Ca\u00e7a \u00e0s bruxas contempor\u00e2nea: a criminaliza\u00e7\u00e3o do ativismo feminista atrav\u00e9s do lawfare de g\u00eanero no Brasil entre o per\u00edodo de 2012 a 2023. Orientadora: Prof.\u00aa Dr.\u00aa Simone da Silva Ribeiro GomesData da Defesa: 24 de fevereiro de 2025. TAIN\u00c1 CARDOZO DE OLIVEIRA Trabalho de conclus\u00e3o: Entre a viol\u00eancia [&hellip;]<\/p>\n","protected":false},"author":396,"featured_media":0,"parent":225,"menu_order":0,"comment_status":"closed","ping_status":"closed","template":"","meta":{"jetpack_post_was_ever_published":false,"footnotes":""},"class_list":["post-9977","page","type-page","status-publish","hentry"],"jetpack_sharing_enabled":true,"jetpack_shortlink":"https:\/\/wp.me\/P9dZ0f-2AV","jetpack_likes_enabled":true,"jetpack-related-posts":[],"_links":{"self":[{"href":"https:\/\/wp.ufpel.edu.br\/ppgs\/wp-json\/wp\/v2\/pages\/9977","targetHints":{"allow":["GET"]}}],"collection":[{"href":"https:\/\/wp.ufpel.edu.br\/ppgs\/wp-json\/wp\/v2\/pages"}],"about":[{"href":"https:\/\/wp.ufpel.edu.br\/ppgs\/wp-json\/wp\/v2\/types\/page"}],"author":[{"embeddable":true,"href":"https:\/\/wp.ufpel.edu.br\/ppgs\/wp-json\/wp\/v2\/users\/396"}],"replies":[{"embeddable":true,"href":"https:\/\/wp.ufpel.edu.br\/ppgs\/wp-json\/wp\/v2\/comments?post=9977"}],"version-history":[{"count":8,"href":"https:\/\/wp.ufpel.edu.br\/ppgs\/wp-json\/wp\/v2\/pages\/9977\/revisions"}],"predecessor-version":[{"id":10037,"href":"https:\/\/wp.ufpel.edu.br\/ppgs\/wp-json\/wp\/v2\/pages\/9977\/revisions\/10037"}],"up":[{"embeddable":true,"href":"https:\/\/wp.ufpel.edu.br\/ppgs\/wp-json\/wp\/v2\/pages\/225"}],"wp:attachment":[{"href":"https:\/\/wp.ufpel.edu.br\/ppgs\/wp-json\/wp\/v2\/media?parent=9977"}],"curies":[{"name":"wp","href":"https:\/\/api.w.org\/{rel}","templated":true}]}}