{"id":9973,"date":"2025-05-20T10:37:56","date_gmt":"2025-05-20T13:37:56","guid":{"rendered":"https:\/\/wp.ufpel.edu.br\/ppgs\/?page_id=9973"},"modified":"2025-12-10T09:25:26","modified_gmt":"2025-12-10T12:25:26","slug":"teses-turma-2021","status":"publish","type":"page","link":"https:\/\/wp.ufpel.edu.br\/ppgs\/producaoeeventos\/teses\/teses-turma-2021\/","title":{"rendered":"Teses Turma 2021"},"content":{"rendered":"<p><strong>Rodrigo Tarouco da Fonseca<\/strong><\/p>\n<p>Trabalho de Conclus\u00e3o: Tese &#8211; <strong><a href=\"https:\/\/wp.ufpel.edu.br\/ppgs\/files\/2025\/05\/Rodrigo-Tarouco-da-Fonseca.pdf\">Entre a idealiza\u00e7\u00e3o do padr\u00e3o de organiza\u00e7\u00e3o e a materialidade da estrutura: como o processo de poder modelou o sistema mundial no s\u00e9culo XXI<\/a><\/strong><\/p>\n<p>Orientadora: Prof\u00aa. Dr\u00aa Elaine Silveira Leite<br \/>\nCoorientador: Prof. Dr. Rodrigo Cantu de Souza<\/p>\n<p>Data da defesa: 18 de mar\u00e7o de 2025.<\/p>\n<p><strong>Gabriel Alves Bresque<\/strong><\/p>\n<p>Trabalho de Conclus\u00e3o: Tese &#8211; <strong><a href=\"https:\/\/wp.ufpel.edu.br\/ppgs\/files\/2025\/12\/tese_final_gabriel_bresque.pdf\">A atua\u00e7\u00e3o do jornalismo na normaliza\u00e7\u00e3o de uma masculinidade nociva: um estudo sobre o framing dado ao g\u00eanero durante o governo Jair Bolsonaro (2019-2022)<\/a><\/strong><\/p>\n<p>Orientadora: Profa. Dra. Simone da Silva Ribeiro Gomes<\/p>\n<p>Data da defesa: 21 de julho de 2025<\/p>\n","protected":false},"excerpt":{"rendered":"<p>Rodrigo Tarouco da Fonseca Trabalho de Conclus\u00e3o: Tese &#8211; Entre a idealiza\u00e7\u00e3o do padr\u00e3o de organiza\u00e7\u00e3o e a materialidade da estrutura: como o processo de poder modelou o sistema mundial no s\u00e9culo XXI Orientadora: Prof\u00aa. Dr\u00aa Elaine Silveira Leite Coorientador: Prof. Dr. Rodrigo Cantu de Souza Data da defesa: 18 de mar\u00e7o de 2025. Gabriel [&hellip;]<\/p>\n","protected":false},"author":396,"featured_media":0,"parent":3813,"menu_order":0,"comment_status":"closed","ping_status":"closed","template":"","meta":{"jetpack_post_was_ever_published":false,"footnotes":""},"class_list":["post-9973","page","type-page","status-publish","hentry"],"jetpack_sharing_enabled":true,"jetpack_shortlink":"https:\/\/wp.me\/P9dZ0f-2AR","jetpack_likes_enabled":true,"jetpack-related-posts":[],"_links":{"self":[{"href":"https:\/\/wp.ufpel.edu.br\/ppgs\/wp-json\/wp\/v2\/pages\/9973","targetHints":{"allow":["GET"]}}],"collection":[{"href":"https:\/\/wp.ufpel.edu.br\/ppgs\/wp-json\/wp\/v2\/pages"}],"about":[{"href":"https:\/\/wp.ufpel.edu.br\/ppgs\/wp-json\/wp\/v2\/types\/page"}],"author":[{"embeddable":true,"href":"https:\/\/wp.ufpel.edu.br\/ppgs\/wp-json\/wp\/v2\/users\/396"}],"replies":[{"embeddable":true,"href":"https:\/\/wp.ufpel.edu.br\/ppgs\/wp-json\/wp\/v2\/comments?post=9973"}],"version-history":[{"count":3,"href":"https:\/\/wp.ufpel.edu.br\/ppgs\/wp-json\/wp\/v2\/pages\/9973\/revisions"}],"predecessor-version":[{"id":10615,"href":"https:\/\/wp.ufpel.edu.br\/ppgs\/wp-json\/wp\/v2\/pages\/9973\/revisions\/10615"}],"up":[{"embeddable":true,"href":"https:\/\/wp.ufpel.edu.br\/ppgs\/wp-json\/wp\/v2\/pages\/3813"}],"wp:attachment":[{"href":"https:\/\/wp.ufpel.edu.br\/ppgs\/wp-json\/wp\/v2\/media?parent=9973"}],"curies":[{"name":"wp","href":"https:\/\/api.w.org\/{rel}","templated":true}]}}