{"id":9834,"date":"2025-04-17T11:59:27","date_gmt":"2025-04-17T14:59:27","guid":{"rendered":"https:\/\/wp.ufpel.edu.br\/ppgs\/?page_id=9834"},"modified":"2025-04-17T11:59:27","modified_gmt":"2025-04-17T14:59:27","slug":"cohorte-2019","status":"publish","type":"page","link":"https:\/\/wp.ufpel.edu.br\/ppgs\/cohorte-2019\/","title":{"rendered":"Cohorte 2019"},"content":{"rendered":"<p><strong>Aline Elias Lamas<\/strong><\/p>\n<p>Trabajo de Conclusi\u00f3n: Tesis\u00a0\u2013\u00a0<strong><a href=\"https:\/\/wp.ufpel.edu.br\/ppgs\/files\/2024\/02\/Tese-final-Aline-Lamas-Estrategias-de-sobrevivencia-de-agrupamentos-familiares-durante-a-pandemia-de-Covid-19-no-RS.pdf\">Estrategias de supervivencia de agrupaciones familiares durante la pandemia de COVID\u201119 en el estado de Rio\u00a0Grande\u00a0do\u00a0Sul: un estudio a partir de poblaciones vulnerables<\/a><\/strong><\/p>\n<p>Director: Prof.\u00a0Dr.\u00a0L\u00e9o\u00a0Peixoto\u00a0Rodrigues<br \/>\nFecha de la defensa: 16 de octubre de 2023<\/p>\n<p>\u00a0<\/p>\n<p><strong>Eduardo Rosa Guedes<\/strong><\/p>\n<p>Trabajo de Conclusi\u00f3n: Tesis\u00a0\u2013\u00a0<strong><a href=\"https:\/\/wp.ufpel.edu.br\/ppgs\/files\/2023\/04\/Tese-Eduardo-Rosa-Guedes-2023-versao-correta.pdf\">La episteme reflexiva aplicada al tiempo social: observaci\u00f3n de la interacci\u00f3n entre teor\u00eda sociol\u00f3gica, tecnolog\u00eda y cambio en el tiempo social<\/a><\/strong><\/p>\n<p>Director: Prof.\u00a0Dr.\u00a0L\u00e9o\u00a0Peixoto\u00a0Rodrigues<br \/>\nFecha de la defensa: 08 de marzo de 2023<\/p>\n<p><strong>Jo\u00e3o Matheus Soares Miranda<\/strong><\/p>\n<p>Trabajo de Conclusi\u00f3n: Tesis\u00a0\u2013\u00a0<strong><a href=\"https:\/\/wp.ufpel.edu.br\/ppgs\/files\/2024\/12\/JOAO-MATHEUS-MIRANDA-TESE-PPGSOCIOLOGIA.pdf\">\u00abMary\u00a0Kay es para todo el mundo, pero no todo el mundo es para Mary\u00a0Kay\u00bb: las consultoras y las subjetividades reconfiguradas por la l\u00f3gica del pos\u2011CLT<\/a><\/strong><\/p>\n<p>Directora: Prof.\u00a0Dra.\u00a0Lorena\u00a0Almeida\u00a0Gill<br \/>\nFecha de la defensa: 23 de febrero de 2024<\/p>\n<p><strong>Julio Marinho Ferreira<\/strong><\/p>\n<p>Trabajo de Conclusi\u00f3n: Tesis\u00a0\u2013\u00a0<strong><a href=\"https:\/\/wp.ufpel.edu.br\/ppgs\/files\/2023\/08\/JulioMF-Lector-Digitalis-TeseUFPel-2023-FINAL.pdf\">Lector\u00a0Digitalis: la pr\u00e1ctica booktube, la creaci\u00f3n de p\u00fablicos lectores en internet y su relaci\u00f3n con el capitalismo de vigilancia en la producci\u00f3n de sociabilidades laborales<\/a><\/strong><\/p>\n<p>Directora: Prof.\u00a0Dra.\u00a0Elaine\u00a0da\u00a0Silveira\u00a0Leite<br \/>\nFecha de la defensa: 16 de junio de 2023<\/p>\n<p>\u00a0<\/p>\n<p><strong>Sandro Ari Andrade de Miranda<\/strong><\/p>\n<p>Trabajo de Conclusi\u00f3n: Tesis\u00a0\u2013\u00a0<strong><a href=\"https:\/\/wp.ufpel.edu.br\/ppgs\/files\/2023\/07\/Tese-Doutorado-Sandro-Ari-Andrade-de-Miranda-Versao-Final-corrigida.pdf\">Negacionismo, sindemia y riesgo: el impacto social de la pandemia de COVID\u201119 en el municipio de Pelotas\/RS<\/a><\/strong><\/p>\n<p>Director: Prof.\u00a0Dr.\u00a0William\u00a0H\u00e9ctor\u00a0G\u00f3mez\u00a0Soto<br \/>\nFecha de la defensa: 23 de junio de 2023<\/p>\n","protected":false},"excerpt":{"rendered":"<p>Aline Elias Lamas Trabajo de Conclusi\u00f3n: Tesis\u00a0\u2013\u00a0Estrategias de supervivencia de agrupaciones familiares durante la pandemia de COVID\u201119 en el estado de Rio\u00a0Grande\u00a0do\u00a0Sul: un estudio a partir de poblaciones vulnerables Director: Prof.\u00a0Dr.\u00a0L\u00e9o\u00a0Peixoto\u00a0Rodrigues Fecha de la defensa: 16 de octubre de 2023 \u00a0 Eduardo Rosa Guedes Trabajo de Conclusi\u00f3n: Tesis\u00a0\u2013\u00a0La episteme reflexiva aplicada al tiempo social: observaci\u00f3n [&hellip;]<\/p>\n","protected":false},"author":396,"featured_media":0,"parent":0,"menu_order":0,"comment_status":"closed","ping_status":"closed","template":"","meta":{"jetpack_post_was_ever_published":false,"footnotes":""},"class_list":["post-9834","page","type-page","status-publish","hentry"],"jetpack_sharing_enabled":true,"jetpack_shortlink":"https:\/\/wp.me\/P9dZ0f-2yC","jetpack_likes_enabled":true,"jetpack-related-posts":[],"_links":{"self":[{"href":"https:\/\/wp.ufpel.edu.br\/ppgs\/wp-json\/wp\/v2\/pages\/9834","targetHints":{"allow":["GET"]}}],"collection":[{"href":"https:\/\/wp.ufpel.edu.br\/ppgs\/wp-json\/wp\/v2\/pages"}],"about":[{"href":"https:\/\/wp.ufpel.edu.br\/ppgs\/wp-json\/wp\/v2\/types\/page"}],"author":[{"embeddable":true,"href":"https:\/\/wp.ufpel.edu.br\/ppgs\/wp-json\/wp\/v2\/users\/396"}],"replies":[{"embeddable":true,"href":"https:\/\/wp.ufpel.edu.br\/ppgs\/wp-json\/wp\/v2\/comments?post=9834"}],"version-history":[{"count":1,"href":"https:\/\/wp.ufpel.edu.br\/ppgs\/wp-json\/wp\/v2\/pages\/9834\/revisions"}],"predecessor-version":[{"id":9837,"href":"https:\/\/wp.ufpel.edu.br\/ppgs\/wp-json\/wp\/v2\/pages\/9834\/revisions\/9837"}],"wp:attachment":[{"href":"https:\/\/wp.ufpel.edu.br\/ppgs\/wp-json\/wp\/v2\/media?parent=9834"}],"curies":[{"name":"wp","href":"https:\/\/api.w.org\/{rel}","templated":true}]}}

<p><strong>Aline Elias Lamas</strong></p>
<p>Trabajo de Conclusión: Tesis – <strong><a href="https://wp.ufpel.edu.br/ppgs/files/2024/02/Tese-final-Aline-Lamas-Estrategias-de-sobrevivencia-de-agrupamentos-familiares-durante-a-pandemia-de-Covid-19-no-RS.pdf">Estrategias de supervivencia de agrupaciones familiares durante la pandemia de COVID‑19 en el estado de Rio Grande do Sul: un estudio a partir de poblaciones vulnerables</a></strong></p>
<p>Director: Prof. Dr. Léo Peixoto Rodrigues<br />
Fecha de la defensa: 16 de octubre de 2023</p>
<p> </p>
<p><strong>Eduardo Rosa Guedes</strong></p>
<p>Trabajo de Conclusión: Tesis – <strong><a href="https://wp.ufpel.edu.br/ppgs/files/2023/04/Tese-Eduardo-Rosa-Guedes-2023-versao-correta.pdf">La episteme reflexiva aplicada al tiempo social: observación de la interacción entre teoría sociológica, tecnología y cambio en el tiempo social</a></strong></p>
<p>Director: Prof. Dr. Léo Peixoto Rodrigues<br />
Fecha de la defensa: 08 de marzo de 2023</p>
<p><strong>João Matheus Soares Miranda</strong></p>
<p>Trabajo de Conclusión: Tesis – <strong><a href="https://wp.ufpel.edu.br/ppgs/files/2024/12/JOAO-MATHEUS-MIRANDA-TESE-PPGSOCIOLOGIA.pdf">«Mary Kay es para todo el mundo, pero no todo el mundo es para Mary Kay»: las consultoras y las subjetividades reconfiguradas por la lógica del pos‑CLT</a></strong></p>
<p>Directora: Prof. Dra. Lorena Almeida Gill<br />
Fecha de la defensa: 23 de febrero de 2024</p>
<p><strong>Julio Marinho Ferreira</strong></p>
<p>Trabajo de Conclusión: Tesis – <strong><a href="https://wp.ufpel.edu.br/ppgs/files/2023/08/JulioMF-Lector-Digitalis-TeseUFPel-2023-FINAL.pdf">Lector Digitalis: la práctica booktube, la creación de públicos lectores en internet y su relación con el capitalismo de vigilancia en la producción de sociabilidades laborales</a></strong></p>
<p>Directora: Prof. Dra. Elaine da Silveira Leite<br />
Fecha de la defensa: 16 de junio de 2023</p>
<p> </p>
<p><strong>Sandro Ari Andrade de Miranda</strong></p>
<p>Trabajo de Conclusión: Tesis – <strong><a href="https://wp.ufpel.edu.br/ppgs/files/2023/07/Tese-Doutorado-Sandro-Ari-Andrade-de-Miranda-Versao-Final-corrigida.pdf">Negacionismo, sindemia y riesgo: el impacto social de la pandemia de COVID‑19 en el municipio de Pelotas/RS</a></strong></p>
<p>Director: Prof. Dr. William Héctor Gómez Soto<br />
Fecha de la defensa: 23 de junio de 2023</p>

<p>Aline Elias Lamas Trabajo de Conclusión: Tesis – Estrategias de supervivencia de agrupaciones familiares durante la pandemia de COVID‑19 en el estado de Rio Grande do Sul: un estudio a partir de poblaciones vulnerables Director: Prof. Dr. Léo Peixoto Rodrigues Fecha de la defensa: 16 de octubre de 2023   Eduardo Rosa Guedes Trabajo de Conclusión: Tesis – La episteme reflexiva aplicada al tiempo social: observación [&hellip;]</p>
