{"id":8972,"date":"2024-09-18T13:07:02","date_gmt":"2024-09-18T16:07:02","guid":{"rendered":"https:\/\/wp.ufpel.edu.br\/ppgs\/?page_id=8972"},"modified":"2025-05-20T10:33:09","modified_gmt":"2025-05-20T13:33:09","slug":"turma-2020","status":"publish","type":"page","link":"https:\/\/wp.ufpel.edu.br\/ppgs\/producaoeeventos\/teses\/turma-2020\/","title":{"rendered":"Teses Turma 2020"},"content":{"rendered":"<p><strong>Eduardo Pinheiro Urrutia<\/strong><\/p>\n<p>Trabalho de Conclus\u00e3o: Tese &#8211; <strong><a href=\"https:\/\/wp.ufpel.edu.br\/ppgs\/files\/2024\/08\/TESE_O-CIRCUITO-DE-COMERCIO-DO-SISTEMA-PRISIONAL-BRASILEIRO_Eduardo-Urrutia.pdf\">O circuito de com\u00e9rcio do sistema prisional brasileiro<\/a><\/strong><\/p>\n<p>Orientadoras: Profa. Dra. Elaine da Silveira Leite e Prof. Dra. Simone da Silva Ribeiro Gomes.<br \/>\nData da defesa: 07\/05\/2024<\/p>\n<p><strong>Jiulia Estela Heling<\/strong><\/p>\n<p>Trabalho de Conclus\u00e3o: Tese &#8211; \u00a0<a href=\"https:\/\/wp.ufpel.edu.br\/ppgs\/files\/2025\/02\/Tese-Jiulia.pdf\"><span class=\"fontstyle0\"><strong>O Conselho da Comunidade e o usufruto da cidadania da pessoa privada de liberdade: <\/strong><\/span><strong><span class=\"fontstyle2\">um estudo de caso na Comarca de Pelotas\/RS<\/span><\/strong><\/a><\/p>\n<p>Orientadora:\u00a0 Profa. Dra. Simone da Silva Ribeiro Gomes.<br \/>\nData da defesa: 12\/12\/2024<\/p>\n<p><strong>Luana Costa Bidigaray<\/strong><\/p>\n<p>Trabalho de Conclus\u00e3o: Tese &#8211;<a href=\"https:\/\/wp.ufpel.edu.br\/ppgs\/files\/2025\/02\/Tese-Luana.pdf\"><strong> Trajet\u00f3rias laborais e projetos de aposentadorias de mulheres em processo de<\/strong><strong> envelhecimento: possibilidades no novo cen\u00e1rio previdenci\u00e1rio<\/strong><\/a><\/p>\n<p>Orientadora:\u00a0 Profa. Dra. Marilis Lemos de Almeida<br \/>\nData da defesa: 17\/12\/2024<\/p>\n<p><strong>\u00a0<span class=\"fontstyle0\">Mara Beatriz Nunes Gomes<\/span><\/strong><\/p>\n<p>Trabalho de Conclus\u00e3o: Tese &#8211;<a href=\"https:\/\/wp.ufpel.edu.br\/ppgs\/files\/2025\/02\/Tese-Mara-Beatriz.pdf\"><strong> <span class=\"fontstyle0\">Decis\u00f5es do TRF4 sobre comiss\u00f5es de heteroidentifica\u00e7\u00e3o: <\/span><\/strong><\/a><a href=\"https:\/\/wp.ufpel.edu.br\/ppgs\/files\/2025\/02\/Tese-Mara-Beatriz.pdf\"><strong><span class=\"fontstyle2\">epistemologias e moralidades em disputa?<\/span><br \/>\n<\/strong><\/a><\/p>\n<p>Orientador:\u00a0 Prof. Dr. Marcus Vinicius Spolle<br \/>\nData da defesa: 28\/11\/2024<\/p>\n<p><strong> Renata Vieira Rodrigues Severo<\/strong><\/p>\n<p>Trabalho de Conclus\u00e3o: Tese &#8211;<a href=\"https:\/\/wp.ufpel.edu.br\/ppgs\/files\/2025\/02\/TESE-PPGS-Renata-Vieira-Rodrigues-Severo-PPG-Sociologia-UFPel.pdf\"><strong> Sociabilidade e identidade entre mulheres: viv\u00eancias partilhadas do grupo de mulheres que atuam na Pastoral da Sa\u00fade da Comunidade Jo\u00e3o XXIII <\/strong><\/a><\/p>\n<p>Orientadora:\u00a0 Profa. Dra. Marilis Lemos de Almeida<\/p>\n<p>Data da defesa: 16\/12\/2024<\/p>\n","protected":false},"excerpt":{"rendered":"<p>Eduardo Pinheiro Urrutia Trabalho de Conclus\u00e3o: Tese &#8211; O circuito de com\u00e9rcio do sistema prisional brasileiro Orientadoras: Profa. Dra. Elaine da Silveira Leite e Prof. Dra. Simone da Silva Ribeiro Gomes. Data da defesa: 07\/05\/2024 Jiulia Estela Heling Trabalho de Conclus\u00e3o: Tese &#8211; \u00a0O Conselho da Comunidade e o usufruto da cidadania da pessoa privada [&hellip;]<\/p>\n","protected":false},"author":396,"featured_media":0,"parent":3813,"menu_order":0,"comment_status":"closed","ping_status":"closed","template":"","meta":{"jetpack_post_was_ever_published":false,"footnotes":""},"class_list":["post-8972","page","type-page","status-publish","hentry"],"jetpack_sharing_enabled":true,"jetpack_shortlink":"https:\/\/wp.me\/P9dZ0f-2kI","jetpack_likes_enabled":true,"jetpack-related-posts":[],"_links":{"self":[{"href":"https:\/\/wp.ufpel.edu.br\/ppgs\/wp-json\/wp\/v2\/pages\/8972","targetHints":{"allow":["GET"]}}],"collection":[{"href":"https:\/\/wp.ufpel.edu.br\/ppgs\/wp-json\/wp\/v2\/pages"}],"about":[{"href":"https:\/\/wp.ufpel.edu.br\/ppgs\/wp-json\/wp\/v2\/types\/page"}],"author":[{"embeddable":true,"href":"https:\/\/wp.ufpel.edu.br\/ppgs\/wp-json\/wp\/v2\/users\/396"}],"replies":[{"embeddable":true,"href":"https:\/\/wp.ufpel.edu.br\/ppgs\/wp-json\/wp\/v2\/comments?post=8972"}],"version-history":[{"count":5,"href":"https:\/\/wp.ufpel.edu.br\/ppgs\/wp-json\/wp\/v2\/pages\/8972\/revisions"}],"predecessor-version":[{"id":9969,"href":"https:\/\/wp.ufpel.edu.br\/ppgs\/wp-json\/wp\/v2\/pages\/8972\/revisions\/9969"}],"up":[{"embeddable":true,"href":"https:\/\/wp.ufpel.edu.br\/ppgs\/wp-json\/wp\/v2\/pages\/3813"}],"wp:attachment":[{"href":"https:\/\/wp.ufpel.edu.br\/ppgs\/wp-json\/wp\/v2\/media?parent=8972"}],"curies":[{"name":"wp","href":"https:\/\/api.w.org\/{rel}","templated":true}]}}

<p><strong>Eduardo Pinheiro Urrutia</strong></p>
<p>Trabalho de Conclusão: Tese &#8211; <strong><a href="https://wp.ufpel.edu.br/ppgs/files/2024/08/TESE_O-CIRCUITO-DE-COMERCIO-DO-SISTEMA-PRISIONAL-BRASILEIRO_Eduardo-Urrutia.pdf">O circuito de comércio do sistema prisional brasileiro</a></strong></p>
<p>Orientadoras: Profa. Dra. Elaine da Silveira Leite e Prof. Dra. Simone da Silva Ribeiro Gomes.<br />
Data da defesa: 07/05/2024</p>
<p><strong>Jiulia Estela Heling</strong></p>
<p>Trabalho de Conclusão: Tese &#8211;  <a href="https://wp.ufpel.edu.br/ppgs/files/2025/02/Tese-Jiulia.pdf"><span class="fontstyle0"><strong>O Conselho da Comunidade e o usufruto da cidadania da pessoa privada de liberdade: </strong></span><strong><span class="fontstyle2">um estudo de caso na Comarca de Pelotas/RS</span></strong></a></p>
<p>Orientadora:  Profa. Dra. Simone da Silva Ribeiro Gomes.<br />
Data da defesa: 12/12/2024</p>
<p><strong>Luana Costa Bidigaray</strong></p>
<p>Trabalho de Conclusão: Tese &#8211;<a href="https://wp.ufpel.edu.br/ppgs/files/2025/02/Tese-Luana.pdf"><strong> Trajetórias laborais e projetos de aposentadorias de mulheres em processo de</strong><strong> envelhecimento: possibilidades no novo cenário previdenciário</strong></a></p>
<p>Orientadora:  Profa. Dra. Marilis Lemos de Almeida<br />
Data da defesa: 17/12/2024</p>
<p><strong> <span class="fontstyle0">Mara Beatriz Nunes Gomes</span></strong></p>
<p>Trabalho de Conclusão: Tese &#8211;<a href="https://wp.ufpel.edu.br/ppgs/files/2025/02/Tese-Mara-Beatriz.pdf"><strong> <span class="fontstyle0">Decisões do TRF4 sobre comissões de heteroidentificação: </span></strong></a><a href="https://wp.ufpel.edu.br/ppgs/files/2025/02/Tese-Mara-Beatriz.pdf"><strong><span class="fontstyle2">epistemologias e moralidades em disputa?</span><br />
</strong></a></p>
<p>Orientador:  Prof. Dr. Marcus Vinicius Spolle<br />
Data da defesa: 28/11/2024</p>
<p><strong> Renata Vieira Rodrigues Severo</strong></p>
<p>Trabalho de Conclusão: Tese &#8211;<a href="https://wp.ufpel.edu.br/ppgs/files/2025/02/TESE-PPGS-Renata-Vieira-Rodrigues-Severo-PPG-Sociologia-UFPel.pdf"><strong> Sociabilidade e identidade entre mulheres: vivências partilhadas do grupo de mulheres que atuam na Pastoral da Saúde da Comunidade João XXIII </strong></a></p>
<p>Orientadora:  Profa. Dra. Marilis Lemos de Almeida</p>
<p>Data da defesa: 16/12/2024</p>

<p>Eduardo Pinheiro Urrutia Trabalho de Conclusão: Tese &#8211; O circuito de comércio do sistema prisional brasileiro Orientadoras: Profa. Dra. Elaine da Silveira Leite e Prof. Dra. Simone da Silva Ribeiro Gomes. Data da defesa: 07/05/2024 Jiulia Estela Heling Trabalho de Conclusão: Tese &#8211;  O Conselho da Comunidade e o usufruto da cidadania da pessoa privada [&hellip;]</p>
