{"id":4987,"date":"2019-10-16T15:55:40","date_gmt":"2019-10-16T18:55:40","guid":{"rendered":"https:\/\/wp.ufpel.edu.br\/ppgs\/?page_id=4987"},"modified":"2025-02-06T11:25:05","modified_gmt":"2025-02-06T14:25:05","slug":"planejamento-e-autoavaliacao","status":"publish","type":"page","link":"https:\/\/wp.ufpel.edu.br\/ppgs\/planejamento-e-autoavaliacao\/","title":{"rendered":"Planejamento e Autoavalia\u00e7\u00e3o"},"content":{"rendered":"<ul>\n<li><a href=\"https:\/\/wp.ufpel.edu.br\/ppgs\/files\/2025\/02\/Planejamento-PPGS-ANALISE-DO-AMBIENTE.pdf\">Planejamento Estrat\u00e9gico (2025-2028)<\/a><\/li>\n<li><a href=\"https:\/\/wp.ufpel.edu.br\/ppgs\/2024\/10\/15\/ppgs-realiza-reunioes-de-autoavaliacao-e-planejamento-estrategico\/\">Reuni\u00e3o de planejamento estrat\u00e9gico para o pr\u00f3ximo quadri\u00eanio (2025-2028).<\/a><\/li>\n<\/ul>\n<p>&nbsp;<\/p>\n<ul>\n<li><a href=\"https:\/\/wp.ufpel.edu.br\/ppgs\/seminario-de-autoavaliacao-da-pos-graduacao-stricto-sensu-da-ufpel-semana-inaugural-da-pos-graduacao-da-ufpel\">Semin\u00e1rio de Autoavalia\u00e7\u00e3o da P\u00f3s-Gradua\u00e7\u00e3o\u00a0<i>Stricto Sensu\u00a0<\/i>da UFPel\u00a0 e Semana Inaugural da P\u00f3s-Gradua\u00e7\u00e3o da UFPel (2020)<\/a><\/li>\n<li><a href=\"https:\/\/wp.me\/P9dZ0f-1xZ\">Live \u201cAutoavalia\u00e7\u00e3o na P\u00f3s-Gradua\u00e7\u00e3o como componente do processo avaliativo CAPES\u201d (2020)<\/a><\/li>\n<li><a href=\"https:\/\/wp.ufpel.edu.br\/ppgs\/files\/2021\/05\/seminario-final-avaliativo-PPGS.pdf\">Semin\u00e1rio Final de Autoavalia\u00e7\u00e3o do PPGSociologia\/UFPel (2017-2020)<\/a><\/li>\n<li><a href=\"https:\/\/wp.ufpel.edu.br\/ppgs\/files\/2020\/09\/Reuniao-de-implementacao-03-de-setembro-de-2020.pdf\">Reuni\u00e3o de implementa\u00e7\u00e3o e balan\u00e7o de resultados parciais da Autoavalia\u00e7\u00e3o (2020)<\/a><\/li>\n<li><a href=\"https:\/\/wp.ufpel.edu.br\/ppgs\/files\/2020\/06\/proposta-oficial-plano-de-atividades-2020-ppgs.pdf\">PLANO DE ATIVIDADES \u2013 calend\u00e1rio alternativo &#8211; PPGSociologia\/UFPel (2020)<\/a><\/li>\n<li>Planejamento Estrat\u00e9gico\/Futuro (2020)<\/li>\n<\/ul>\n<p>&nbsp;<\/p>\n<ul>\n<li><a href=\"https:\/\/wp.ufpel.edu.br\/ppgs\/files\/2020\/06\/III-Semin\u00e1rio-de-Autoavalia\u00e7\u00e3o-do-PPGSociologia.pdf\">III Semin\u00e1rio de Autoavalia\u00e7\u00e3o do Quadri\u00eanio (2017-2020)<\/a><\/li>\n<li><a href=\"https:\/\/wp.ufpel.edu.br\/ppgs\/planejamento-futuro\/\">Planejamento Estrat\u00e9gico\/Futuro (15 de outubro de 2019)<\/a><\/li>\n<li><a class=\"row-title\" href=\"http:\/\/wp.ufpel.edu.br\/ppgs\/ii-seminario-interno-de-autoavaliacao\" aria-label=\"\u201cII Semin\u00e1rio Interno de Autoavalia\u00e7\u00e3o\u201d (Editar)\">II Semin\u00e1rio Interno de Autoavalia\u00e7\u00e3o do Quadri\u00eanio (2017-2020)<\/a><\/li>\n<li><a class=\"row-title\" href=\"https:\/\/wp.ufpel.edu.br\/ppgs\/2019\/06\/29\/i-seminario-interno-de-autoavaliacao-do-quadrienio-2017-2020-do-programa-de-pos-graduacao-em-sociologia\/\" aria-label=\"\u201cII Semin\u00e1rio Interno de Autoavalia\u00e7\u00e3o\u201d (Editar)\">I Semin\u00e1rio Interno de Autoavalia\u00e7\u00e3o (2017-2020)<\/a><\/li>\n<li><a href=\"https:\/\/docs.google.com\/forms\/d\/e\/1FAIpQLSdzcnoiKNUH3NVkEfH-8_hBpVqH2MaK4zJYZ8Az9o5AIjNcnQ\/viewform\">Formul\u00e1rio Egressos PPGS (2014-2019)<\/a><\/li>\n<li><a href=\"https:\/\/wp.ufpel.edu.br\/ppgs\/2019\/11\/05\/espaco-do-egresso-na-vi-jbs\/\">Espa\u00e7o do Egresso na VI JBS (2019)<\/a><\/li>\n<\/ul>\n","protected":false},"excerpt":{"rendered":"<p>Planejamento Estrat\u00e9gico (2025-2028) Reuni\u00e3o de planejamento estrat\u00e9gico para o pr\u00f3ximo quadri\u00eanio (2025-2028). &nbsp; Semin\u00e1rio de Autoavalia\u00e7\u00e3o da P\u00f3s-Gradua\u00e7\u00e3o\u00a0Stricto Sensu\u00a0da UFPel\u00a0 e Semana Inaugural da P\u00f3s-Gradua\u00e7\u00e3o da UFPel (2020) Live \u201cAutoavalia\u00e7\u00e3o na P\u00f3s-Gradua\u00e7\u00e3o como componente do processo avaliativo CAPES\u201d (2020) Semin\u00e1rio Final de Autoavalia\u00e7\u00e3o do PPGSociologia\/UFPel (2017-2020) Reuni\u00e3o de implementa\u00e7\u00e3o e balan\u00e7o de resultados parciais da [&hellip;]<\/p>\n","protected":false},"author":396,"featured_media":0,"parent":0,"menu_order":0,"comment_status":"closed","ping_status":"closed","template":"","meta":{"jetpack_post_was_ever_published":false,"footnotes":""},"class_list":["post-4987","page","type-page","status-publish","hentry"],"jetpack_sharing_enabled":true,"jetpack_shortlink":"https:\/\/wp.me\/P9dZ0f-1ir","jetpack_likes_enabled":true,"jetpack-related-posts":[],"_links":{"self":[{"href":"https:\/\/wp.ufpel.edu.br\/ppgs\/wp-json\/wp\/v2\/pages\/4987","targetHints":{"allow":["GET"]}}],"collection":[{"href":"https:\/\/wp.ufpel.edu.br\/ppgs\/wp-json\/wp\/v2\/pages"}],"about":[{"href":"https:\/\/wp.ufpel.edu.br\/ppgs\/wp-json\/wp\/v2\/types\/page"}],"author":[{"embeddable":true,"href":"https:\/\/wp.ufpel.edu.br\/ppgs\/wp-json\/wp\/v2\/users\/396"}],"replies":[{"embeddable":true,"href":"https:\/\/wp.ufpel.edu.br\/ppgs\/wp-json\/wp\/v2\/comments?post=4987"}],"version-history":[{"count":21,"href":"https:\/\/wp.ufpel.edu.br\/ppgs\/wp-json\/wp\/v2\/pages\/4987\/revisions"}],"predecessor-version":[{"id":9570,"href":"https:\/\/wp.ufpel.edu.br\/ppgs\/wp-json\/wp\/v2\/pages\/4987\/revisions\/9570"}],"wp:attachment":[{"href":"https:\/\/wp.ufpel.edu.br\/ppgs\/wp-json\/wp\/v2\/media?parent=4987"}],"curies":[{"name":"wp","href":"https:\/\/api.w.org\/{rel}","templated":true}]}}