{"id":4605,"date":"2019-06-14T02:12:08","date_gmt":"2019-06-14T05:12:08","guid":{"rendered":"https:\/\/wp.ufpel.edu.br\/ppgs\/?page_id=4605"},"modified":"2019-06-14T02:27:58","modified_gmt":"2019-06-14T05:27:58","slug":"aula-inaugural-2019","status":"publish","type":"page","link":"https:\/\/wp.ufpel.edu.br\/ppgs\/aula-inaugural-2019\/","title":{"rendered":"Aula Inaugural 2019"},"content":{"rendered":"<p>O Programa de P\u00f3s-Gradua\u00e7\u00e3o em Sociologia da Universidade Federal de Pelotas (PPGS\/UFPel) estar\u00e1 promovendo, no dia 19 de junho, a sua aula inaugural de 2019. O evento, que ter\u00e1 como tema &#8220;Din\u00e2micas contempor\u00e2neas e o desafio da teoria social latino-americana&#8221;, contar\u00e1 com palestra ministrada pelo Prof. Dr. Alfredo Falero (UDELAR).<\/p>\n<p><strong>Data:<\/strong> 19 de junho de 2019<\/p>\n<p><strong>Hor\u00e1rio:<\/strong> 18h30<\/p>\n<p><strong>Local:<\/strong> Mini-audit\u00f3rio 2 do CEHUS\/UFPel<a href=\"https:\/\/i0.wp.com\/wp.ufpel.edu.br\/ppgs\/files\/2019\/06\/Capture.png?ssl=1\"><br \/>\n<img data-recalc-dims=\"1\" data-attachment-id=\"4596\" data-permalink=\"https:\/\/wp.ufpel.edu.br\/ppgs\/2019\/06\/13\/aula-inaugural-2019\/capture\/\" data-orig-file=\"https:\/\/i0.wp.com\/wp.ufpel.edu.br\/ppgs\/files\/2019\/06\/Capture.png?fit=1276%2C716&amp;ssl=1\" data-orig-size=\"1276,716\" data-comments-opened=\"0\" data-image-meta=\"{&quot;aperture&quot;:&quot;0&quot;,&quot;credit&quot;:&quot;&quot;,&quot;camera&quot;:&quot;&quot;,&quot;caption&quot;:&quot;&quot;,&quot;created_timestamp&quot;:&quot;0&quot;,&quot;copyright&quot;:&quot;&quot;,&quot;focal_length&quot;:&quot;0&quot;,&quot;iso&quot;:&quot;0&quot;,&quot;shutter_speed&quot;:&quot;0&quot;,&quot;title&quot;:&quot;&quot;,&quot;orientation&quot;:&quot;0&quot;}\" data-image-title=\"Capture\" data-image-description=\"\" data-image-caption=\"\" data-medium-file=\"https:\/\/i0.wp.com\/wp.ufpel.edu.br\/ppgs\/files\/2019\/06\/Capture.png?fit=400%2C224&amp;ssl=1\" data-large-file=\"https:\/\/i0.wp.com\/wp.ufpel.edu.br\/ppgs\/files\/2019\/06\/Capture.png?fit=1024%2C575&amp;ssl=1\" class=\"alignleft wp-image-4596 size-large\" src=\"https:\/\/i0.wp.com\/wp.ufpel.edu.br\/ppgs\/files\/2019\/06\/Capture.png?resize=1024%2C575&#038;ssl=1\" alt=\"\" width=\"1024\" height=\"575\" srcset=\"https:\/\/i0.wp.com\/wp.ufpel.edu.br\/ppgs\/files\/2019\/06\/Capture.png?resize=1024%2C575&amp;ssl=1 1024w, https:\/\/i0.wp.com\/wp.ufpel.edu.br\/ppgs\/files\/2019\/06\/Capture.png?resize=400%2C224&amp;ssl=1 400w, https:\/\/i0.wp.com\/wp.ufpel.edu.br\/ppgs\/files\/2019\/06\/Capture.png?resize=768%2C431&amp;ssl=1 768w, https:\/\/i0.wp.com\/wp.ufpel.edu.br\/ppgs\/files\/2019\/06\/Capture.png?w=1276&amp;ssl=1 1276w\" sizes=\"(max-width: 1000px) 100vw, 1000px\" \/><\/a><\/p>\n","protected":false},"excerpt":{"rendered":"<p>O Programa de P\u00f3s-Gradua\u00e7\u00e3o em Sociologia da Universidade Federal de Pelotas (PPGS\/UFPel) estar\u00e1 promovendo, no dia 19 de junho, a sua aula inaugural de 2019. O evento, que ter\u00e1 como tema &#8220;Din\u00e2micas contempor\u00e2neas e o desafio da teoria social latino-americana&#8221;, contar\u00e1 com palestra ministrada pelo Prof. Dr. Alfredo Falero (UDELAR). Data: 19 de junho de [&hellip;]<\/p>\n","protected":false},"author":396,"featured_media":0,"parent":0,"menu_order":0,"comment_status":"closed","ping_status":"closed","template":"","meta":{"jetpack_post_was_ever_published":false,"footnotes":""},"class_list":["post-4605","page","type-page","status-publish","hentry"],"jetpack_sharing_enabled":true,"jetpack_shortlink":"https:\/\/wp.me\/P9dZ0f-1ch","jetpack_likes_enabled":true,"jetpack-related-posts":[],"_links":{"self":[{"href":"https:\/\/wp.ufpel.edu.br\/ppgs\/wp-json\/wp\/v2\/pages\/4605","targetHints":{"allow":["GET"]}}],"collection":[{"href":"https:\/\/wp.ufpel.edu.br\/ppgs\/wp-json\/wp\/v2\/pages"}],"about":[{"href":"https:\/\/wp.ufpel.edu.br\/ppgs\/wp-json\/wp\/v2\/types\/page"}],"author":[{"embeddable":true,"href":"https:\/\/wp.ufpel.edu.br\/ppgs\/wp-json\/wp\/v2\/users\/396"}],"replies":[{"embeddable":true,"href":"https:\/\/wp.ufpel.edu.br\/ppgs\/wp-json\/wp\/v2\/comments?post=4605"}],"version-history":[{"count":3,"href":"https:\/\/wp.ufpel.edu.br\/ppgs\/wp-json\/wp\/v2\/pages\/4605\/revisions"}],"predecessor-version":[{"id":4610,"href":"https:\/\/wp.ufpel.edu.br\/ppgs\/wp-json\/wp\/v2\/pages\/4605\/revisions\/4610"}],"wp:attachment":[{"href":"https:\/\/wp.ufpel.edu.br\/ppgs\/wp-json\/wp\/v2\/media?parent=4605"}],"curies":[{"name":"wp","href":"https:\/\/api.w.org\/{rel}","templated":true}]}}