{"id":4498,"date":"2019-06-04T13:08:23","date_gmt":"2019-06-04T16:08:23","guid":{"rendered":"https:\/\/wp.ufpel.edu.br\/ppgs\/?page_id=4498"},"modified":"2019-06-04T13:08:23","modified_gmt":"2019-06-04T16:08:23","slug":"ppgs-na-semana-de-acolhida-integracao-da-graduacao-em-ciencias-sociais-ufpel","status":"publish","type":"page","link":"https:\/\/wp.ufpel.edu.br\/ppgs\/ppgs-na-semana-de-acolhida-integracao-da-graduacao-em-ciencias-sociais-ufpel\/","title":{"rendered":"PPGS na Semana de Acolhida\/Integra\u00e7\u00e3o da gradua\u00e7\u00e3o em Ci\u00eancias Sociais\/UFPel"},"content":{"rendered":"<p style=\"font-weight: 400\">O PPGSociologia participar\u00e1 da Semana de Acolhida\/Integra\u00e7\u00e3o dos cursos de gradua\u00e7\u00e3o em Ci\u00eancias Sociais\/UFPel &#8211; Licenciatura e Bacharelado, objetivando manter a integra\u00e7\u00e3o com a gradua\u00e7\u00e3o em Ci\u00eancias Sociais (Licenciatura e Bacharelado). O PPGS\u00a0\u00a0far\u00e1 uma exposi\u00e7\u00e3o sobre os cursos de Mestrado e Doutorado em Sociologia, e ser\u00e3o apresentados os projetos de pesquisa que integram as tr\u00eas linhas de pesquisa do Programa.<\/p>\n<p style=\"font-weight: 400\">A palestra acontecer\u00e1 no dia 04 de junho de 2019 \u2013 \u00e0s 18hs30min \u2013 sala 206.<\/p>\n","protected":false},"excerpt":{"rendered":"<p>O PPGSociologia participar\u00e1 da Semana de Acolhida\/Integra\u00e7\u00e3o dos cursos de gradua\u00e7\u00e3o em Ci\u00eancias Sociais\/UFPel &#8211; Licenciatura e Bacharelado, objetivando manter a integra\u00e7\u00e3o com a gradua\u00e7\u00e3o em Ci\u00eancias Sociais (Licenciatura e Bacharelado). O PPGS\u00a0\u00a0far\u00e1 uma exposi\u00e7\u00e3o sobre os cursos de Mestrado e Doutorado em Sociologia, e ser\u00e3o apresentados os projetos de pesquisa que integram as tr\u00eas [&hellip;]<\/p>\n","protected":false},"author":396,"featured_media":0,"parent":0,"menu_order":0,"comment_status":"closed","ping_status":"closed","template":"","meta":{"jetpack_post_was_ever_published":false,"footnotes":""},"class_list":["post-4498","page","type-page","status-publish","hentry"],"jetpack_sharing_enabled":true,"jetpack_shortlink":"https:\/\/wp.me\/P9dZ0f-1ay","jetpack_likes_enabled":true,"jetpack-related-posts":[],"_links":{"self":[{"href":"https:\/\/wp.ufpel.edu.br\/ppgs\/wp-json\/wp\/v2\/pages\/4498","targetHints":{"allow":["GET"]}}],"collection":[{"href":"https:\/\/wp.ufpel.edu.br\/ppgs\/wp-json\/wp\/v2\/pages"}],"about":[{"href":"https:\/\/wp.ufpel.edu.br\/ppgs\/wp-json\/wp\/v2\/types\/page"}],"author":[{"embeddable":true,"href":"https:\/\/wp.ufpel.edu.br\/ppgs\/wp-json\/wp\/v2\/users\/396"}],"replies":[{"embeddable":true,"href":"https:\/\/wp.ufpel.edu.br\/ppgs\/wp-json\/wp\/v2\/comments?post=4498"}],"version-history":[{"count":1,"href":"https:\/\/wp.ufpel.edu.br\/ppgs\/wp-json\/wp\/v2\/pages\/4498\/revisions"}],"predecessor-version":[{"id":4500,"href":"https:\/\/wp.ufpel.edu.br\/ppgs\/wp-json\/wp\/v2\/pages\/4498\/revisions\/4500"}],"wp:attachment":[{"href":"https:\/\/wp.ufpel.edu.br\/ppgs\/wp-json\/wp\/v2\/media?parent=4498"}],"curies":[{"name":"wp","href":"https:\/\/api.w.org\/{rel}","templated":true}]}}

PPGS na Semana de Acolhida/Integração da graduação em Ciências Sociais/UFPel

<p style="font-weight: 400">O PPGSociologia participará da Semana de Acolhida/Integração dos cursos de graduação em Ciências Sociais/UFPel &#8211; Licenciatura e Bacharelado, objetivando manter a integração com a graduação em Ciências Sociais (Licenciatura e Bacharelado). O PPGS  fará uma exposição sobre os cursos de Mestrado e Doutorado em Sociologia, e serão apresentados os projetos de pesquisa que integram as três linhas de pesquisa do Programa.</p>
<p style="font-weight: 400">A palestra acontecerá no dia 04 de junho de 2019 – às 18hs30min – sala 206.</p>

<p>O PPGSociologia participará da Semana de Acolhida/Integração dos cursos de graduação em Ciências Sociais/UFPel &#8211; Licenciatura e Bacharelado, objetivando manter a integração com a graduação em Ciências Sociais (Licenciatura e Bacharelado). O PPGS  fará uma exposição sobre os cursos de Mestrado e Doutorado em Sociologia, e serão apresentados os projetos de pesquisa que integram as três [&hellip;]</p>
